000
CDUS45 KPUB 150023
CLIPUB


CLIMATE REPORT
NATIONAL WEATHER SERVICE PUEBLO
622 PM MDT THU MAY 14 2015


...................................

...THE PUEBLO CO CLIMATE SUMMARY FOR MAY 14 2015...
VALID TODAY AS OF 0500 PM LOCAL TIME.

CLIMATE NORMAL PERIOD 1981 TO 2010
CLIMATE RECORD PERIOD 1888 TO 2015


WEATHER ITEM   OBSERVED TIME   RECORD YEAR NORMAL DEPARTURE LAST
                VALUE   (LST)  VALUE       VALUE  FROM      YEAR
                                                  NORMAL
..................................................................
TEMPERATURE (F)
 TODAY
  MAXIMUM         74    411 PM  95    1996  76     -2       64
  MINIMUM         45    452 AM  29    2014  44      1       29
  AVERAGE         60                        60      0       47

PRECIPITATION (IN)
  TODAY            0.00          0.81 2005   0.05  -0.05      T
  MONTH TO DATE    2.85                      0.70   2.15     0.24
  SINCE MAR 1      4.84                      3.03   1.81     3.06
  SINCE JAN 1      6.22                      3.68   2.54     3.79

SNOWFALL (IN)
  TODAY            0.0           T    1912   0.0    0.0      0.0
  MONTH TO DATE    T                         0.5   -0.5       T
  SINCE MAR 1      1.7                      10.0   -8.3     10.7
  SINCE JUL 1     42.8                      31.8   11.0     29.3
  SNOW DEPTH       0

DEGREE DAYS
 HEATING
  TODAY            5                         6     -1       18
  MONTH TO DATE  114                       107      7      132
  SINCE MAR 1   1102                      1244   -142     1184
  SINCE JUL 1   5124                      5547   -423     5389

 COOLING
  TODAY            0                         1     -1        0
  MONTH TO DATE    1                         5     -4        7
  SINCE MAR 1      1                         7     -6        9
  SINCE JAN 1      1                         7     -6        9
..................................................................


WIND (MPH)
  HIGHEST WIND SPEED    24   HIGHEST WIND DIRECTION    SE (130)
  HIGHEST GUST SPEED    30   HIGHEST GUST DIRECTION    SE (130)
  AVERAGE WIND SPEED     4.7


SKY COVER
  POSSIBLE SUNSHINE  MM
  AVERAGE SKY COVER 0.1


WEATHER CONDITIONS
 THE FOLLOWING WEATHER WAS RECORDED TODAY.
  FOG


RELATIVE HUMIDITY (PERCENT)
 HIGHEST   100           200 AM
 LOWEST     29           400 PM
 AVERAGE    65

..........................................................


THE PUEBLO CO CLIMATE NORMALS FOR TOMORROW
                         NORMAL    RECORD    YEAR
 MAXIMUM TEMPERATURE (F)   77        96      1996
 MINIMUM TEMPERATURE (F)   44        32      1924
                                             1916


SUNRISE AND SUNSET
MAY 14 2015...........SUNRISE   548 AM MDT   SUNSET   801 PM MDT
MAY 15 2015...........SUNRISE   547 AM MDT   SUNSET   802 PM MDT


-  INDICATES NEGATIVE NUMBERS.
R  INDICATES RECORD WAS SET OR TIED.
MM INDICATES DATA IS MISSING.
T  INDICATES TRACE AMOUNT.




$$
