000
CDUS45 KPUB 211037
CLIPUB


CLIMATE REPORT
NATIONAL WEATHER SERVICE PUEBLO
437 AM MDT SAT MAR 21 2015


...................................

...THE PUEBLO CO CLIMATE SUMMARY FOR MARCH 20 2015...

CLIMATE NORMAL PERIOD 1981 TO 2010
CLIMATE RECORD PERIOD 1888 TO 2015


WEATHER ITEM   OBSERVED TIME   RECORD YEAR NORMAL DEPARTURE LAST
                VALUE   (LST)  VALUE       VALUE  FROM      YEAR
                                                  NORMAL
..................................................................
TEMPERATURE (F)
 YESTERDAY
  MAXIMUM         65    320 PM  83    1997  60      5       73
  MINIMUM         31    624 AM  -7    1965  27      4       22
  AVERAGE         48                        44      4       48

PRECIPITATION (IN)
  YESTERDAY        0.00          0.45 2005   0.04  -0.04     0.00
  MONTH TO DATE    0.49                      0.56  -0.07     0.64
  SINCE MAR 1      0.49                      0.56  -0.07     0.64
  SINCE JAN 1      1.87                      1.21   0.66     1.37

SNOWFALL (IN)
  YESTERDAY        0.0           1.6  2006   0.2   -0.2      0.0
  MONTH TO DATE    1.7                       3.5   -1.8      1.0
  SINCE MAR 1      1.7                       3.5   -1.8      1.0
  SINCE JUL 1     42.8                      25.3   17.5     19.6
  SNOW DEPTH       0

DEGREE DAYS
 HEATING
  YESTERDAY       17                        21     -4       17
  MONTH TO DATE  463                       481    -18      451
  SINCE MAR 1    463                       481    -18      451
  SINCE JUL 1   4485                      4784   -299     4656

 COOLING
  YESTERDAY        0                         0      0        0
  MONTH TO DATE    0                         0      0        0
  SINCE MAR 1      0                         0      0        0
  SINCE JAN 1      0                         0      0        0
..................................................................


WIND (MPH)
  HIGHEST WIND SPEED    12   HIGHEST WIND DIRECTION    SE (140)
  HIGHEST GUST SPEED    16   HIGHEST GUST DIRECTION    SE (130)
  AVERAGE WIND SPEED     3.9


SKY COVER
  POSSIBLE SUNSHINE  MM
  AVERAGE SKY COVER 0.0


WEATHER CONDITIONS
 THE FOLLOWING WEATHER WAS RECORDED YESTERDAY.
  FOG


RELATIVE HUMIDITY (PERCENT)
 HIGHEST   100           100 AM
 LOWEST     25           500 PM
 AVERAGE    63

..........................................................


THE PUEBLO CO CLIMATE NORMALS FOR TODAY
                         NORMAL    RECORD    YEAR
 MAXIMUM TEMPERATURE (F)   61        81      1999
 MINIMUM TEMPERATURE (F)   27         9      1965


SUNRISE AND SUNSET
MARCH 21 2015.........SUNRISE   700 AM MDT   SUNSET   711 PM MDT
MARCH 22 2015.........SUNRISE   659 AM MDT   SUNSET   712 PM MDT


-  INDICATES NEGATIVE NUMBERS.
R  INDICATES RECORD WAS SET OR TIED.
MM INDICATES DATA IS MISSING.
T  INDICATES TRACE AMOUNT.




$$
