000
CDUS45 KPUB 111048
CLIPUB


CLIMATE REPORT
NATIONAL WEATHER SERVICE PUEBLO
448 AM MDT SUN SEP 11 2016


...................................

...THE PUEBLO CO CLIMATE SUMMARY FOR SEPTEMBER 10 2016...

CLIMATE NORMAL PERIOD 1981 TO 2010
CLIMATE RECORD PERIOD 1888 TO 2016


WEATHER ITEM   OBSERVED TIME   RECORD YEAR NORMAL DEPARTURE LAST
                VALUE   (LST)  VALUE       VALUE  FROM      YEAR
                                                  NORMAL
..................................................................
TEMPERATURE (F)
 YESTERDAY
  MAXIMUM         84    439 PM  99    1979  84      0       94
  MINIMUM         45    600 AM  33    1898  50     -5       53
  AVERAGE         65                        67     -2       74

PRECIPITATION (IN)
  YESTERDAY        0.00          0.46 1940   0.03  -0.03     0.00
  MONTH TO DATE    T                         0.34  -0.34     0.02
  SINCE SEP 1      T                         0.34  -0.34     0.02
  SINCE JAN 1     10.32                     10.57  -0.25    15.04

SNOWFALL (IN)
  YESTERDAY        0.0           T    1898   0.0    0.0      0.0
  MONTH TO DATE    0.0                       0.0    0.0      0.0
  SINCE SEP 1      0.0                       0.0    0.0      0.0
  SINCE JUL 1      T                         0.0    0.0      0.0
  SNOW DEPTH       0

DEGREE DAYS
 HEATING
  YESTERDAY        0                         1     -1        0
  MONTH TO DATE    0                        10    -10        0
  SINCE SEP 1      0                        10    -10        0
  SINCE JUL 1      0                        15    -15        0

 COOLING
  YESTERDAY        0                         4     -4        9
  MONTH TO DATE   94                        48     46      110
  SINCE SEP 1     94                        48     46      110
  SINCE JAN 1   1259                       859    400     1156
..................................................................


WIND (MPH)
  HIGHEST WIND SPEED    18   HIGHEST WIND DIRECTION    SE (140)
  HIGHEST GUST SPEED    22   HIGHEST GUST DIRECTION    SE (120)
  AVERAGE WIND SPEED     6.8


SKY COVER
  POSSIBLE SUNSHINE  MM
  AVERAGE SKY COVER 0.1


WEATHER CONDITIONS
 THE FOLLOWING WEATHER WAS RECORDED YESTERDAY.
  NO SIGNIFICANT WEATHER WAS OBSERVED.


RELATIVE HUMIDITY (PERCENT)
 HIGHEST    65           600 AM
 LOWEST     23          1200 PM
 AVERAGE    44

..........................................................


THE PUEBLO CO CLIMATE NORMALS FOR TODAY
                         NORMAL    RECORD    YEAR
 MAXIMUM TEMPERATURE (F)   84        97      1970
 MINIMUM TEMPERATURE (F)   50        35      1898


SUNRISE AND SUNSET
SEPTEMBER 11 2016.....SUNRISE   637 AM MDT   SUNSET   712 PM MDT
SEPTEMBER 12 2016.....SUNRISE   638 AM MDT   SUNSET   710 PM MDT


-  INDICATES NEGATIVE NUMBERS.
R  INDICATES RECORD WAS SET OR TIED.
MM INDICATES DATA IS MISSING.
T  INDICATES TRACE AMOUNT.




$$
