000
CDUS45 KPUB 120028
CLIPUB


CLIMATE REPORT
NATIONAL WEATHER SERVICE PUEBLO
528 PM MST WED JAN 11 2017


...................................

...THE PUEBLO CO CLIMATE SUMMARY FOR JANUARY 11 2017...
VALID TODAY AS OF 0500 PM LOCAL TIME.

CLIMATE NORMAL PERIOD 1981 TO 2010
CLIMATE RECORD PERIOD 1888 TO 2017


WEATHER ITEM   OBSERVED TIME   RECORD YEAR NORMAL DEPARTURE LAST
                VALUE   (LST)  VALUE       VALUE  FROM      YEAR
                                                  NORMAL
..................................................................
TEMPERATURE (F)
 TODAY
  MAXIMUM         62    132 PM  73    1999  47     15       39
  MINIMUM         36   1216 AM -25    1962  14     22        2
  AVERAGE         49                        30     19       21

PRECIPITATION (IN)
  TODAY            0.00          0.22 1926   0.01  -0.01     0.00
  MONTH TO DATE    0.41                      0.12   0.29     0.41
  SINCE DEC 1      1.17                      0.50   0.67     0.81
  SINCE JAN 1      0.41                      0.12   0.29     0.41

SNOWFALL (IN)
  TODAY            0.0           3.9  1989   0.2   -0.2      0.0
  MONTH TO DATE    6.5                       2.2    4.3      5.0
  SINCE DEC 1     10.9                       7.7    3.2     10.5
  SINCE JUL 1     10.9                      13.7   -2.8     16.9
  SNOW DEPTH       0

DEGREE DAYS
 HEATING
  TODAY           16                        35    -19       44
  MONTH TO DATE  419                       385     34      416
  SINCE DEC 1   1494                      1467     27     1363
  SINCE JUL 1   2276                      2748   -472     2237

 COOLING
  TODAY            0                         0      0        0
  MONTH TO DATE    0                         0      0        0
  SINCE DEC 1      0                         0      0        0
  SINCE JAN 1      0                         0      0        0
..................................................................


WIND (MPH)
  HIGHEST WIND SPEED    37   HIGHEST WIND DIRECTION     W (280)
  HIGHEST GUST SPEED    47   HIGHEST GUST DIRECTION     W (290)
  AVERAGE WIND SPEED    19.6


SKY COVER
  POSSIBLE SUNSHINE  MM
  AVERAGE SKY COVER 0.0


WEATHER CONDITIONS
 THE FOLLOWING WEATHER WAS RECORDED TODAY.
  NO SIGNIFICANT WEATHER WAS OBSERVED.


RELATIVE HUMIDITY (PERCENT)
 HIGHEST    54          1200 AM
 LOWEST     20          1200 PM
 AVERAGE    37

..........................................................


THE PUEBLO CO CLIMATE NORMALS FOR TOMORROW
                         NORMAL    RECORD    YEAR
 MAXIMUM TEMPERATURE (F)   47        71      1953
                                             1928
 MINIMUM TEMPERATURE (F)   14       -26      1963


SUNRISE AND SUNSET
JANUARY 11 2017.......SUNRISE   715 AM MST   SUNSET   458 PM MST
JANUARY 12 2017.......SUNRISE   714 AM MST   SUNSET   459 PM MST


-  INDICATES NEGATIVE NUMBERS.
R  INDICATES RECORD WAS SET OR TIED.
MM INDICATES DATA IS MISSING.
T  INDICATES TRACE AMOUNT.




$$
