000
CDUS45 KPUB 122336
CLIPUB


CLIMATE REPORT
NATIONAL WEATHER SERVICE PUEBLO
536 PM MDT SUN MAR 12 2017


...................................

...THE PUEBLO CO CLIMATE SUMMARY FOR MARCH 12 2017...
VALID TODAY AS OF 0500 PM LOCAL TIME.

CLIMATE NORMAL PERIOD 1981 TO 2010
CLIMATE RECORD PERIOD 1888 TO 2017


WEATHER ITEM   OBSERVED TIME   RECORD YEAR NORMAL DEPARTURE LAST
                VALUE   (LST)  VALUE       VALUE  FROM      YEAR
                                                  NORMAL
..................................................................
TEMPERATURE (F)
 TODAY
  MAXIMUM         74    141 PM  78    2005  58     16       72
                                      2002
                                      1997
  MINIMUM         25    415 AM  -6    1948  25      0       33
                                      1909
  AVERAGE         50                        41      9       53

PRECIPITATION (IN)
  TODAY            0.00          0.36 1985   0.03  -0.03     0.00
  MONTH TO DATE    0.00                      0.30  -0.30     0.00
  SINCE MAR 1      0.00                      0.30  -0.30     0.00
  SINCE JAN 1      0.92                      0.95  -0.03     0.86

SNOWFALL (IN)
  TODAY            0.0           3.9  1999   0.2   -0.2      0.0
  MONTH TO DATE    0.0                       1.9   -1.9      0.0
  SINCE MAR 1      0.0                       1.9   -1.9      0.0
  SINCE JUL 1     14.2                      23.7   -9.5     24.2
  SNOW DEPTH       0

DEGREE DAYS
 HEATING
  TODAY           15                        24     -9       12
  MONTH TO DATE  240                       303    -63      197
  SINCE MAR 1    240                       303    -63      197
  SINCE JUL 1   3740                      4606   -866     3706

 COOLING
  TODAY            0                         0      0        0
  MONTH TO DATE    0                         0      0        0
  SINCE MAR 1      0                         0      0        0
  SINCE JAN 1      0                         0      0        0
..................................................................


WIND (MPH)
  HIGHEST WIND SPEED    29   HIGHEST WIND DIRECTION     N (340)
  HIGHEST GUST SPEED    36   HIGHEST GUST DIRECTION    NW (320)
  AVERAGE WIND SPEED     9.7


SKY COVER
  POSSIBLE SUNSHINE  MM
  AVERAGE SKY COVER 0.1


WEATHER CONDITIONS
 THE FOLLOWING WEATHER WAS RECORDED TODAY.
  NO SIGNIFICANT WEATHER WAS OBSERVED.


RELATIVE HUMIDITY (PERCENT)
 HIGHEST    75           300 AM
 LOWEST     10           300 PM
 AVERAGE    43

..........................................................


THE PUEBLO CO CLIMATE NORMALS FOR TOMORROW
                         NORMAL    RECORD    YEAR
 MAXIMUM TEMPERATURE (F)   59        80      2003
                                             1989
 MINIMUM TEMPERATURE (F)   25        -3      1950


SUNRISE AND SUNSET
MARCH 12 2017.........SUNRISE   713 AM MDT   SUNSET   703 PM MDT
MARCH 13 2017.........SUNRISE   712 AM MDT   SUNSET   704 PM MDT


-  INDICATES NEGATIVE NUMBERS.
R  INDICATES RECORD WAS SET OR TIED.
MM INDICATES DATA IS MISSING.
T  INDICATES TRACE AMOUNT.




$$
