000
CDUS45 KPUB 081038
CLIPUB


CLIMATE REPORT
NATIONAL WEATHER SERVICE PUEBLO
437 AM MDT TUE APR 8 2014


...................................

...THE PUEBLO CO CLIMATE SUMMARY FOR APRIL 7 2014...

CLIMATE NORMAL PERIOD 1981 TO 2010
CLIMATE RECORD PERIOD 1888 TO 2014


WEATHER ITEM   OBSERVED TIME   RECORD YEAR NORMAL DEPARTURE LAST
                VALUE   (LST)  VALUE       VALUE  FROM      YEAR
                                                  NORMAL
..................................................................
TEMPERATURE (F)
 YESTERDAY
  MAXIMUM         58    413 PM  89    1989  65     -7       75
  MINIMUM         35   1158 PM  10    1957  31      4       38
  AVERAGE         47                        48     -1       57

PRECIPITATION (IN)
  YESTERDAY        0.01          0.59 1942   0.04  -0.03     0.00
  MONTH TO DATE    0.60                      0.24   0.36     0.01
  SINCE MAR 1      1.36                      1.17   0.19     0.22
  SINCE JAN 1      2.09                      1.82   0.27     0.91

SNOWFALL (IN)
  YESTERDAY        0.0           4.4  1942   0.1   -0.1      0.0
  MONTH TO DATE    3.1                       1.1    2.0      0.1
  SINCE MAR 1      5.5                       6.8   -1.3      5.8
  SINCE JUL 1     24.1                      28.6   -4.5     20.5
  SNOW DEPTH       0

DEGREE DAYS
 HEATING
  YESTERDAY       18                        17      1        8
  MONTH TO DATE  135                       125     10      111
  SINCE MAR 1    807                       827    -20      846
  SINCE JUL 1   5012                      5130   -118     5083

 COOLING
  YESTERDAY        0                         0      0        0
  MONTH TO DATE    0                         0      0        0
  SINCE MAR 1      0                         0      0        0
  SINCE JAN 1      0                         0      0        0
..................................................................


WIND (MPH)
  HIGHEST WIND SPEED    31   HIGHEST WIND DIRECTION     N (360)
  HIGHEST GUST SPEED    40   HIGHEST GUST DIRECTION     N (10)
  AVERAGE WIND SPEED    13.9


SKY COVER
  POSSIBLE SUNSHINE  MM
  AVERAGE SKY COVER 0.4


WEATHER CONDITIONS
 THE FOLLOWING WEATHER WAS RECORDED YESTERDAY.
  LIGHT RAIN


RELATIVE HUMIDITY (PERCENT)
 HIGHEST    79           100 AM
 LOWEST     21           400 PM
 AVERAGE    50

..........................................................


THE PUEBLO CO CLIMATE NORMALS FOR TODAY
                         NORMAL    RECORD    YEAR
 MAXIMUM TEMPERATURE (F)   65        85      1963
                                             1930
 MINIMUM TEMPERATURE (F)   32         2      1957


SUNRISE AND SUNSET
APRIL  8 2014.........SUNRISE   633 AM MDT   SUNSET   728 PM MDT
APRIL  9 2014.........SUNRISE   631 AM MDT   SUNSET   729 PM MDT


-  INDICATES NEGATIVE NUMBERS.
R  INDICATES RECORD WAS SET OR TIED.
MM INDICATES DATA IS MISSING.
T  INDICATES TRACE AMOUNT.




$$
