000
CDUS45 KPUB 020031
CLIPUB


CLIMATE REPORT
NATIONAL WEATHER SERVICE PUEBLO
631 PM MDT TUE APR 1 2014


...................................

...THE PUEBLO CO CLIMATE SUMMARY FOR APRIL 1 2014...
VALID TODAY AS OF 0500 PM LOCAL TIME.

CLIMATE NORMAL PERIOD 1981 TO 2010
CLIMATE RECORD PERIOD 1888 TO 2014


WEATHER ITEM   OBSERVED TIME   RECORD YEAR NORMAL DEPARTURE LAST
                VALUE   (LST)  VALUE       VALUE  FROM      YEAR
                                                  NORMAL
..................................................................
TEMPERATURE (F)
 TODAY
  MAXIMUM         69    459 PM  87    2012  63      6       52
  MINIMUM         32    631 AM  12    1936  30      2       33
  AVERAGE         51                        46      5       43

PRECIPITATION (IN)
  TODAY            0.00          1.10 1905   0.03  -0.03     0.00
  MONTH TO DATE    0.00                      0.03  -0.03     0.00
  SINCE MAR 1      0.76                      0.96  -0.20     0.21
  SINCE JAN 1      1.49                      1.61  -0.12     0.90

SNOWFALL (IN)
  TODAY            0.0           8.9  1988   0.2   -0.2      0.0
  MONTH TO DATE    0.0                       0.2   -0.2      0.0
  SINCE MAR 1      2.4                       5.9   -3.5      5.7
  SINCE JUL 1     21.0                      27.7   -6.7     20.4
  SNOW DEPTH       0

DEGREE DAYS
 HEATING
  TODAY           14                        19     -5       22
  MONTH TO DATE   14                        19     -5       22
  SINCE MAR 1    686                       721    -35      757
  SINCE JUL 1   4891                      5024   -133     4994

 COOLING
  TODAY            0                         0      0        0
  MONTH TO DATE    0                         0      0        0
  SINCE MAR 1      0                         0      0        0
  SINCE JAN 1      0                         0      0        0
..................................................................


WIND (MPH)
  HIGHEST WIND SPEED    14   HIGHEST WIND DIRECTION     E (110)
  HIGHEST GUST SPEED    16   HIGHEST GUST DIRECTION     E (110)
  AVERAGE WIND SPEED     6.2


SKY COVER
  POSSIBLE SUNSHINE  MM
  AVERAGE SKY COVER 0.2


WEATHER CONDITIONS
 THE FOLLOWING WEATHER WAS RECORDED TODAY.
  NO SIGNIFICANT WEATHER WAS OBSERVED.


RELATIVE HUMIDITY (PERCENT)
 HIGHEST    59           600 AM
 LOWEST     13           400 PM
 AVERAGE    36

..........................................................


THE PUEBLO CO CLIMATE NORMALS FOR TOMORROW
                         NORMAL    RECORD    YEAR
 MAXIMUM TEMPERATURE (F)   63        87      2011
 MINIMUM TEMPERATURE (F)   30         2      1975


SUNRISE AND SUNSET
APRIL  1 2014.........SUNRISE   643 AM MDT   SUNSET   721 PM MDT
APRIL  2 2014.........SUNRISE   642 AM MDT   SUNSET   722 PM MDT


-  INDICATES NEGATIVE NUMBERS.
R  INDICATES RECORD WAS SET OR TIED.
MM INDICATES DATA IS MISSING.
T  INDICATES TRACE AMOUNT.




$$
