000
CDUS45 KPUB 212323
CLIPUB


CLIMATE REPORT
NATIONAL WEATHER SERVICE PUEBLO
523 PM MDT TUE JUL 21 2015


...................................

...THE PUEBLO CO CLIMATE SUMMARY FOR JULY 21 2015...
VALID TODAY AS OF 0500 PM LOCAL TIME.

CLIMATE NORMAL PERIOD 1981 TO 2010
CLIMATE RECORD PERIOD 1888 TO 2015


WEATHER ITEM   OBSERVED TIME   RECORD YEAR NORMAL DEPARTURE LAST
                VALUE   (LST)  VALUE       VALUE  FROM      YEAR
                                                  NORMAL
..................................................................
TEMPERATURE (F)
 TODAY
  MAXIMUM         86    258 PM 106    2005  93     -7       96
                                      1981
  MINIMUM         61    519 AM  48    1897  59      2       63
  AVERAGE         74                        76     -2       80

PRECIPITATION (IN)
  TODAY            T             0.97 1930   0.07  -0.07     0.00
  MONTH TO DATE    0.57                      1.30  -0.73     2.10
  SINCE JUN 1      1.79                      2.66  -0.87     2.96
  SINCE JAN 1     10.71                      7.15   3.56     7.16

SNOWFALL (IN)
  TODAY            0.0           0.0  2002   0.0    0.0      0.0
                                      2001
  MONTH TO DATE    0.0                       0.0    0.0      0.0
  SINCE JUN 1      0.0                       0.0    0.0       T
  SINCE JUL 1      0.0                       0.0    0.0      0.0
  SNOW DEPTH      MM

DEGREE DAYS
 HEATING
  TODAY            0                         0      0        0
  MONTH TO DATE    0                         0      0        0
  SINCE JUN 1      0                        25    -25        3
  SINCE JUL 1      0                         0      0        0

 COOLING
  TODAY            9                        11     -2       15
  MONTH TO DATE  244                       226     18      217
  SINCE JUN 1    487                       401     86      457
  SINCE JAN 1    491                       435     56      509
..................................................................


WIND (MPH)
  HIGHEST WIND SPEED    26   HIGHEST WIND DIRECTION    SE (140)
  HIGHEST GUST SPEED    34   HIGHEST GUST DIRECTION    SE (140)
  AVERAGE WIND SPEED     9.4


SKY COVER
  POSSIBLE SUNSHINE  MM
  AVERAGE SKY COVER 0.4


WEATHER CONDITIONS
 THE FOLLOWING WEATHER WAS RECORDED TODAY.
  LIGHT RAIN


RELATIVE HUMIDITY (PERCENT)
 HIGHEST    78           500 AM
 LOWEST     35           300 PM
 AVERAGE    57

..........................................................


THE PUEBLO CO CLIMATE NORMALS FOR TOMORROW
                         NORMAL    RECORD    YEAR
 MAXIMUM TEMPERATURE (F)   93       103      1963
                                             1931
 MINIMUM TEMPERATURE (F)   59        48      1988


SUNRISE AND SUNSET
JULY 21 2015..........SUNRISE   551 AM MDT   SUNSET   817 PM MDT
JULY 22 2015..........SUNRISE   552 AM MDT   SUNSET   817 PM MDT


-  INDICATES NEGATIVE NUMBERS.
R  INDICATES RECORD WAS SET OR TIED.
MM INDICATES DATA IS MISSING.
T  INDICATES TRACE AMOUNT.




$$
