000
CDUS45 KPUB 150040
CLIPUB


CLIMATE REPORT
NATIONAL WEATHER SERVICE PUEBLO
539 PM MST MON NOV 14 2016


...................................

...THE PUEBLO CO CLIMATE SUMMARY FOR NOVEMBER 14 2016...
VALID TODAY AS OF 0500 PM LOCAL TIME.

CLIMATE NORMAL PERIOD 1981 TO 2010
CLIMATE RECORD PERIOD 1888 TO 2016


WEATHER ITEM   OBSERVED TIME   RECORD YEAR NORMAL DEPARTURE LAST
                VALUE   (LST)  VALUE       VALUE  FROM      YEAR
                                                  NORMAL
..................................................................
TEMPERATURE (F)
 TODAY
  MAXIMUM         75    151 PM  82    1990  57     18       69
  MINIMUM         25    614 AM  -8    1916  23      2       19
  AVERAGE         50                        40     10       44

PRECIPITATION (IN)
  TODAY            0.00          0.68 1985   0.01  -0.01     0.00
  MONTH TO DATE    0.00                      0.23  -0.23     0.05
  SINCE SEP 1      0.05                      1.72  -1.67     0.72
  SINCE JAN 1     10.37                     11.95  -1.58    15.74

SNOWFALL (IN)
  TODAY            0.0          16.0  1985   0.1   -0.1      0.0
  MONTH TO DATE    0.0                       1.7   -1.7      0.0
  SINCE SEP 1      0.0                       3.3   -3.3      0.0
  SINCE JUL 1      T                         3.3   -3.3      0.0
  SNOW DEPTH       0

DEGREE DAYS
 HEATING
  TODAY           15                        25    -10       21
  MONTH TO DATE  207                       309   -102      245
  SINCE SEP 1    421                       814   -393      421
  SINCE JUL 1    421                       819   -398      421

 COOLING
  TODAY            0                         0      0        0
  MONTH TO DATE    0                         0      0        0
  SINCE SEP 1    193                        86    107      227
  SINCE JAN 1   1358                       897    461     1273
..................................................................


WIND (MPH)
  HIGHEST WIND SPEED    10   HIGHEST WIND DIRECTION     S (160)
  HIGHEST GUST SPEED    17   HIGHEST GUST DIRECTION    SE (140)
  AVERAGE WIND SPEED     4.3


SKY COVER
  POSSIBLE SUNSHINE  MM
  AVERAGE SKY COVER 0.0


WEATHER CONDITIONS
 THE FOLLOWING WEATHER WAS RECORDED TODAY.
  NO SIGNIFICANT WEATHER WAS OBSERVED.


RELATIVE HUMIDITY (PERCENT)
 HIGHEST    63           300 AM
 LOWEST     12           300 PM
 AVERAGE    38

..........................................................


THE PUEBLO CO CLIMATE NORMALS FOR TOMORROW
                         NORMAL    RECORD    YEAR
 MAXIMUM TEMPERATURE (F)   56        80      1998
                                             1990
                                             1894
 MINIMUM TEMPERATURE (F)   23        -4      1997
                                             1955


SUNRISE AND SUNSET
NOVEMBER 14 2016......SUNRISE   639 AM MST   SUNSET   446 PM MST
NOVEMBER 15 2016......SUNRISE   640 AM MST   SUNSET   445 PM MST


-  INDICATES NEGATIVE NUMBERS.
R  INDICATES RECORD WAS SET OR TIED.
MM INDICATES DATA IS MISSING.
T  INDICATES TRACE AMOUNT.




$$
