000
CDUS45 KPUB 141017
CLIPUB


CLIMATE REPORT
NATIONAL WEATHER SERVICE PUEBLO
416 AM MDT MON JUL 14 2014


...................................

...THE PUEBLO CO CLIMATE SUMMARY FOR JULY 13 2014...

CLIMATE NORMAL PERIOD 1981 TO 2010
CLIMATE RECORD PERIOD 1888 TO 2014


WEATHER ITEM   OBSERVED TIME   RECORD YEAR NORMAL DEPARTURE LAST
                VALUE   (LST)  VALUE       VALUE  FROM      YEAR
                                                  NORMAL
..................................................................
TEMPERATURE (F)
 YESTERDAY
  MAXIMUM         83    403 PM 109    2003  94    -11       97
  MINIMUM         63    605 AM  49    1895  59      4       71
  AVERAGE         73                        76     -3       84

PRECIPITATION (IN)
  YESTERDAY        0.04          1.08 2001   0.07  -0.03     0.00
  MONTH TO DATE    0.92                      0.74   0.18     0.13
  SINCE JUN 1      1.78                      2.10  -0.32     0.40
  SINCE JAN 1      5.98                      6.59  -0.61     2.33

SNOWFALL (IN)
  YESTERDAY        0.0           0.0  2002   0.0    0.0      0.0
                                      2001
  MONTH TO DATE    0.0                       0.0    0.0      0.0
  SINCE JUN 1      T                         0.0    0.0       T
  SINCE JUL 1      0.0                       0.0    0.0      0.0
  SNOW DEPTH       0

DEGREE DAYS
 HEATING
  YESTERDAY        0                         0      0        0
  MONTH TO DATE    0                         0      0        0
  SINCE JUN 1      3                        25    -22       17
  SINCE JUL 1      0                         0      0        0

 COOLING
  YESTERDAY        8                        11     -3       19
  MONTH TO DATE  152                       138     14      170
  SINCE JUN 1    392                       313     79      473
  SINCE JAN 1    444                       347     97      546
..................................................................


WIND (MPH)
  HIGHEST WIND SPEED    26   HIGHEST WIND DIRECTION     E (100)
  HIGHEST GUST SPEED    30   HIGHEST GUST DIRECTION     E (110)
  AVERAGE WIND SPEED     6.6


SKY COVER
  POSSIBLE SUNSHINE  MM
  AVERAGE SKY COVER 0.2


WEATHER CONDITIONS
 THE FOLLOWING WEATHER WAS RECORDED YESTERDAY.
  THUNDERSTORM
  LIGHT RAIN
  FOG


RELATIVE HUMIDITY (PERCENT)
 HIGHEST   100           100 AM
 LOWEST     43           400 PM
 AVERAGE    72

..........................................................


THE PUEBLO CO CLIMATE NORMALS FOR TODAY
                         NORMAL    RECORD    YEAR
 MAXIMUM TEMPERATURE (F)   94       107      2003
 MINIMUM TEMPERATURE (F)   59        50      1990


SUNRISE AND SUNSET
JULY 14 2014..........SUNRISE   546 AM MDT   SUNSET   821 PM MDT
JULY 15 2014..........SUNRISE   547 AM MDT   SUNSET   821 PM MDT


-  INDICATES NEGATIVE NUMBERS.
R  INDICATES RECORD WAS SET OR TIED.
MM INDICATES DATA IS MISSING.
T  INDICATES TRACE AMOUNT.




$$
