000
CDUS45 KPUB 291141
CLIPUB


CLIMATE REPORT
NATIONAL WEATHER SERVICE PUEBLO
441 AM MST SUN JAN 29 2017


...................................

...THE PUEBLO CO CLIMATE SUMMARY FOR JANUARY 28 2017...

CLIMATE NORMAL PERIOD 1981 TO 2010
CLIMATE RECORD PERIOD 1888 TO 2017


WEATHER ITEM   OBSERVED TIME   RECORD YEAR NORMAL DEPARTURE LAST
                VALUE   (LST)  VALUE       VALUE  FROM      YEAR
                                                  NORMAL
..................................................................
TEMPERATURE (F)
 YESTERDAY
  MAXIMUM         55    335 PM  73    1986  48      7       61
  MINIMUM         15    655 AM -29    1948  14      1       19
  AVERAGE         35                        31      4       40

PRECIPITATION (IN)
  YESTERDAY        0.00          0.30 1891   0.01  -0.01     0.00
  MONTH TO DATE    0.75                      0.32   0.43     0.41
  SINCE DEC 1      1.51                      0.70   0.81     0.81
  SINCE JAN 1      0.75                      0.32   0.43     0.41

SNOWFALL (IN)
  YESTERDAY        0.0           4.5  1891   0.2   -0.2      0.0
  MONTH TO DATE    9.8                       5.9    3.9      5.0
  SINCE DEC 1     14.2                      11.4    2.8     10.5
  SINCE JUL 1     14.2                      17.4   -3.2     16.9
  SNOW DEPTH       0

DEGREE DAYS
 HEATING
  YESTERDAY       30                        34     -4       25
  MONTH TO DATE  958                       966     -8      921
  SINCE DEC 1   2033                      2048    -15     1868
  SINCE JUL 1   2815                      3329   -514     2742

 COOLING
  YESTERDAY        0                         0      0        0
  MONTH TO DATE    0                         0      0        0
  SINCE DEC 1      0                         0      0        0
  SINCE JAN 1      0                         0      0        0
..................................................................


WIND (MPH)
  HIGHEST WIND SPEED    15   HIGHEST WIND DIRECTION     E (80)
  HIGHEST GUST SPEED    21   HIGHEST GUST DIRECTION     E (80)
  AVERAGE WIND SPEED     4.7


SKY COVER
  POSSIBLE SUNSHINE  MM
  AVERAGE SKY COVER 0.2


WEATHER CONDITIONS
 THE FOLLOWING WEATHER WAS RECORDED YESTERDAY.
  NO SIGNIFICANT WEATHER WAS OBSERVED.


RELATIVE HUMIDITY (PERCENT)
 HIGHEST    74           200 AM
 LOWEST     15           200 PM
 AVERAGE    45

..........................................................


THE PUEBLO CO CLIMATE NORMALS FOR TODAY
                         NORMAL    RECORD    YEAR
 MAXIMUM TEMPERATURE (F)   48        73      1976
 MINIMUM TEMPERATURE (F)   15       -10      1949


SUNRISE AND SUNSET
JANUARY 29 2017.......SUNRISE   705 AM MST   SUNSET   518 PM MST
JANUARY 30 2017.......SUNRISE   704 AM MST   SUNSET   519 PM MST


-  INDICATES NEGATIVE NUMBERS.
R  INDICATES RECORD WAS SET OR TIED.
MM INDICATES DATA IS MISSING.
T  INDICATES TRACE AMOUNT.




$$
