000
CDUS45 KPUB 291132
CLIPUB


CLIMATE REPORT
NATIONAL WEATHER SERVICE PUEBLO
432 AM MST FRI DEC 29 2017


...................................

...THE PUEBLO CO CLIMATE SUMMARY FOR DECEMBER 28 2017...

CLIMATE NORMAL PERIOD 1981 TO 2010
CLIMATE RECORD PERIOD 1888 TO 2017


WEATHER ITEM   OBSERVED TIME   RECORD YEAR NORMAL DEPARTURE LAST
                VALUE   (LST)  VALUE       VALUE  FROM      YEAR
                                                  NORMAL
..................................................................
TEMPERATURE (F)
 YESTERDAY
  MAXIMUM         61    131 PM  68    1999  46     15       62
  MINIMUM         12    347 AM -15    1983  13     -1       24
  AVERAGE         37                        30      7       43

PRECIPITATION (IN)
  YESTERDAY        0.00          0.12 1891   0.01  -0.01     0.00
  MONTH TO DATE    0.01                      0.35  -0.34     0.76
  SINCE DEC 1      0.01                      0.35  -0.34     0.76
  SINCE JAN 1     15.99                     12.54   3.45    11.91

SNOWFALL (IN)
  YESTERDAY        0.0           1.3  1939   0.2   -0.2      0.0
  MONTH TO DATE    0.6                       5.0   -4.4      4.4
  SINCE DEC 1      0.6                       5.0   -4.4      4.4
  SINCE JUL 1      2.0                      11.0   -9.0      4.4
  SNOW DEPTH       0

DEGREE DAYS
 HEATING
  YESTERDAY       28                        35     -7       22
  MONTH TO DATE  868                       978   -110      986
  SINCE DEC 1    868                       978   -110      986
  SINCE JUL 1   1889                      2259   -370     1768

 COOLING
  YESTERDAY        0                         0      0        0
  MONTH TO DATE    0                         0      0        0
  SINCE DEC 1      0                         0      0        0
  SINCE JAN 1   1027                       897    130     1358
..................................................................


WIND (MPH)
  HIGHEST WIND SPEED    22   HIGHEST WIND DIRECTION    SE (130)
  HIGHEST GUST SPEED    25   HIGHEST GUST DIRECTION    SE (120)
  AVERAGE WIND SPEED     7.4


SKY COVER
  POSSIBLE SUNSHINE  MM
  AVERAGE SKY COVER 0.0


WEATHER CONDITIONS
 THE FOLLOWING WEATHER WAS RECORDED YESTERDAY.
  NO SIGNIFICANT WEATHER WAS OBSERVED.


RELATIVE HUMIDITY (PERCENT)
 HIGHEST    76           400 AM
 LOWEST     14           300 PM
 AVERAGE    45

..........................................................


THE PUEBLO CO CLIMATE NORMALS FOR TODAY
                         NORMAL    RECORD    YEAR
 MAXIMUM TEMPERATURE (F)   46        71      1999
 MINIMUM TEMPERATURE (F)   14       -20      1983


SUNRISE AND SUNSET
DECEMBER 29 2017......SUNRISE   714 AM MST   SUNSET   446 PM MST
DECEMBER 30 2017......SUNRISE   715 AM MST   SUNSET   447 PM MST


-  INDICATES NEGATIVE NUMBERS.
R  INDICATES RECORD WAS SET OR TIED.
MM INDICATES DATA IS MISSING.
T  INDICATES TRACE AMOUNT.




$$
