000
CDUS45 KPUB 150027
CLIPUB


CLIMATE REPORT
NATIONAL WEATHER SERVICE PUEBLO
527 PM MST SUN DEC 14 2014


...................................

...THE PUEBLO CO CLIMATE SUMMARY FOR DECEMBER 14 2014...
VALID TODAY AS OF 0500 PM LOCAL TIME.

CLIMATE NORMAL PERIOD 1981 TO 2010
CLIMATE RECORD PERIOD 1888 TO 2014


WEATHER ITEM   OBSERVED TIME   RECORD YEAR NORMAL DEPARTURE LAST
                VALUE   (LST)  VALUE       VALUE  FROM      YEAR
                                                  NORMAL
..................................................................
TEMPERATURE (F)
 TODAY
  MAXIMUM         44    831 AM  73    1924  45     -1       46
  MINIMUM         24   1248 AM -18    1940  14     10       17
  AVERAGE         34                        30      4       32

PRECIPITATION (IN)
  TODAY            0.04          0.44 1892   0.01   0.03     0.00
  MONTH TO DATE    0.04                      0.19  -0.15     0.02
  SINCE DEC 1      0.04                      0.19  -0.15     0.02
  SINCE JAN 1     11.63                     12.38  -0.75     9.67

SNOWFALL (IN)
  TODAY            T             5.2  1892   0.1   -0.1      0.0
  MONTH TO DATE    T                         2.5   -2.5      2.0
  SINCE DEC 1      T                         2.5   -2.5      2.0
  SINCE JUL 1      9.9                       8.5    1.4      5.7
  SNOW DEPTH       0

DEGREE DAYS
 HEATING
  TODAY           31                        35     -4       33
  MONTH TO DATE  398                       477    -79      552
  SINCE DEC 1    398                       477    -79      552
  SINCE JUL 1   1560                      1758   -198     1735

 COOLING
  TODAY            0                         0      0        0
  MONTH TO DATE    0                         0      0        0
  SINCE DEC 1      0                         0      0        0
  SINCE JAN 1   1002                       897    105     1230
..................................................................


WIND (MPH)
  HIGHEST WIND SPEED    33   HIGHEST WIND DIRECTION     N (360)
  HIGHEST GUST SPEED    43   HIGHEST GUST DIRECTION     N (360)
  AVERAGE WIND SPEED    11.6


SKY COVER
  POSSIBLE SUNSHINE  MM
  AVERAGE SKY COVER 0.9


WEATHER CONDITIONS
 THE FOLLOWING WEATHER WAS RECORDED TODAY.
  MIXED PRECIP
  LIGHT RAIN
  LIGHT SNOW
  FOG


RELATIVE HUMIDITY (PERCENT)
 HIGHEST    81          1200 AM
 LOWEST     55           600 AM
 AVERAGE    68

..........................................................


THE PUEBLO CO CLIMATE NORMALS FOR TOMORROW
                         NORMAL    RECORD    YEAR
 MAXIMUM TEMPERATURE (F)   45        73      1929
 MINIMUM TEMPERATURE (F)   14       -18      1892


SUNRISE AND SUNSET
DECEMBER 14 2014......SUNRISE   707 AM MST   SUNSET   439 PM MST
DECEMBER 15 2014......SUNRISE   708 AM MST   SUNSET   439 PM MST


-  INDICATES NEGATIVE NUMBERS.
R  INDICATES RECORD WAS SET OR TIED.
MM INDICATES DATA IS MISSING.
T  INDICATES TRACE AMOUNT.




$$
