000
CDUS45 KPUB 061045
CLIPUB


CLIMATE REPORT
NATIONAL WEATHER SERVICE PUEBLO
445 AM MDT WED SEP 6 2017


...................................

...THE PUEBLO CO CLIMATE SUMMARY FOR SEPTEMBER 5 2017...

CLIMATE NORMAL PERIOD 1981 TO 2010
CLIMATE RECORD PERIOD 1888 TO 2017


WEATHER ITEM   OBSERVED TIME   RECORD YEAR NORMAL DEPARTURE LAST
                VALUE   (LST)  VALUE       VALUE  FROM      YEAR
                                                  NORMAL
..................................................................
TEMPERATURE (F)
 YESTERDAY
  MAXIMUM         76    425 PM 101    1995  86    -10       98
  MINIMUM         57   1159 PM  38    1889  53      4       51
  AVERAGE         67                        69     -2       75

PRECIPITATION (IN)
  YESTERDAY        0.00          0.92 1918   0.03  -0.03     0.00
  MONTH TO DATE    T                         0.19  -0.19      T
  SINCE SEP 1      T                         0.19  -0.19      T
  SINCE JAN 1     14.26                     10.42   3.84    10.32

SNOWFALL (IN)
  YESTERDAY        0.0           0.0  2002   0.0    0.0      0.0
  MONTH TO DATE    0.0                       0.0    0.0      0.0
  SINCE SEP 1      0.0                       0.0    0.0      0.0
  SINCE JUL 1      0.0                       0.0    0.0       T
  SNOW DEPTH       0

DEGREE DAYS
 HEATING
  YESTERDAY        0                         1     -1        0
  MONTH TO DATE    0                         5     -5        0
  SINCE SEP 1      0                         5     -5        0
  SINCE JUL 1      0                        10    -10        0

 COOLING
  YESTERDAY        2                         5     -3       10
  MONTH TO DATE   44                        27     17       55
  SINCE SEP 1     44                        27     17       55
  SINCE JAN 1    925                       838     87     1220
..................................................................


WIND (MPH)
  HIGHEST WIND SPEED    16   HIGHEST WIND DIRECTION     E (80)
  HIGHEST GUST SPEED    20   HIGHEST GUST DIRECTION     E (80)
  AVERAGE WIND SPEED     8.7


SKY COVER
  POSSIBLE SUNSHINE  MM
  AVERAGE SKY COVER 0.5


WEATHER CONDITIONS
 THE FOLLOWING WEATHER WAS RECORDED YESTERDAY.
  NO SIGNIFICANT WEATHER WAS OBSERVED.


RELATIVE HUMIDITY (PERCENT)
 HIGHEST    64           600 AM
 LOWEST     35           500 PM
 AVERAGE    50

..........................................................


THE PUEBLO CO CLIMATE NORMALS FOR TODAY
                         NORMAL    RECORD    YEAR
 MAXIMUM TEMPERATURE (F)   85       100      1933
 MINIMUM TEMPERATURE (F)   52        40      1943


SUNRISE AND SUNSET
SEPTEMBER  6 2017.....SUNRISE   632 AM MDT   SUNSET   720 PM MDT
SEPTEMBER  7 2017.....SUNRISE   633 AM MDT   SUNSET   718 PM MDT


-  INDICATES NEGATIVE NUMBERS.
R  INDICATES RECORD WAS SET OR TIED.
MM INDICATES DATA IS MISSING.
T  INDICATES TRACE AMOUNT.




$$
