000
CDUS45 KPUB 180027
CLIPUB


CLIMATE REPORT
NATIONAL WEATHER SERVICE PUEBLO
627 PM MDT SUN APR 17 2016


...................................

...THE PUEBLO CO CLIMATE SUMMARY FOR APRIL 17 2016...
VALID TODAY AS OF 0500 PM LOCAL TIME.

CLIMATE NORMAL PERIOD 1981 TO 2010
CLIMATE RECORD PERIOD 1888 TO 2016


WEATHER ITEM   OBSERVED TIME   RECORD YEAR NORMAL DEPARTURE LAST
                VALUE   (LST)  VALUE       VALUE  FROM      YEAR
                                                  NORMAL
..................................................................
TEMPERATURE (F)
 TODAY
  MAXIMUM         49    320 PM  88    2006  68    -19       57
                                      1954
  MINIMUM         38    558 AM  17    1901  34      4       38
  AVERAGE         44                        51     -7       48

PRECIPITATION (IN)
  TODAY            0.00          0.88 1970   0.05  -0.05     0.22
  MONTH TO DATE    1.48                      0.70   0.78     0.61
  SINCE MAR 1      2.06                      1.63   0.43     1.18
  SINCE JAN 1      2.92                      2.28   0.64     2.56

SNOWFALL (IN)
  TODAY            0.0           4.3  1968   0.1   -0.1      0.0
  MONTH TO DATE    0.2                       2.5   -2.3      0.0
  SINCE MAR 1      4.1                       8.2   -4.1      1.7
  SINCE JUL 1     28.3                      30.0   -1.7     42.8
  SNOW DEPTH       0

DEGREE DAYS
 HEATING
  TODAY           21                        14      7       17
  MONTH TO DATE  195                       280    -85      211
  SINCE MAR 1    793                       982   -189      819
  SINCE JUL 1   4302                      5285   -983     4841

 COOLING
  TODAY            0                         0      0        0
  MONTH TO DATE    0                         0      0        0
  SINCE MAR 1      0                         0      0        0
  SINCE JAN 1      0                         0      0        0
..................................................................


WIND (MPH)
  HIGHEST WIND SPEED    26   HIGHEST WIND DIRECTION     N (20)
  HIGHEST GUST SPEED    33   HIGHEST GUST DIRECTION     N (360)
  AVERAGE WIND SPEED    17.7


SKY COVER
  POSSIBLE SUNSHINE  MM
  AVERAGE SKY COVER 0.9


WEATHER CONDITIONS
 THE FOLLOWING WEATHER WAS RECORDED TODAY.
  NO SIGNIFICANT WEATHER WAS OBSERVED.


RELATIVE HUMIDITY (PERCENT)
 HIGHEST    70           100 AM
 LOWEST     42           100 PM
 AVERAGE    56

..........................................................


THE PUEBLO CO CLIMATE NORMALS FOR TOMORROW
                         NORMAL    RECORD    YEAR
 MAXIMUM TEMPERATURE (F)   68        88      2000
                                             1987
 MINIMUM TEMPERATURE (F)   35        20      1922


SUNRISE AND SUNSET
APRIL 17 2016.........SUNRISE   619 AM MDT   SUNSET   737 PM MDT
APRIL 18 2016.........SUNRISE   617 AM MDT   SUNSET   738 PM MDT


-  INDICATES NEGATIVE NUMBERS.
R  INDICATES RECORD WAS SET OR TIED.
MM INDICATES DATA IS MISSING.
T  INDICATES TRACE AMOUNT.




$$
