000
CDUS45 KPUB 121034
CLIPUB


CLIMATE REPORT
NATIONAL WEATHER SERVICE PUEBLO
434 AM MDT TUE AUG 12 2014


...................................

...THE PUEBLO CO CLIMATE SUMMARY FOR AUGUST 11 2014...

CLIMATE NORMAL PERIOD 1981 TO 2010
CLIMATE RECORD PERIOD 1888 TO 2014


WEATHER ITEM   OBSERVED TIME   RECORD YEAR NORMAL DEPARTURE LAST
                VALUE   (LST)  VALUE       VALUE  FROM      YEAR
                                                  NORMAL
..................................................................
TEMPERATURE (F)
 YESTERDAY
  MAXIMUM         84    309 PM 103    1995  90     -6       87
  MINIMUM         53    532 AM  50    1968  59     -6       57
  AVERAGE         69                        74     -5       72

PRECIPITATION (IN)
  YESTERDAY        0.00          2.37 1941   0.08  -0.08     0.01
  MONTH TO DATE    1.05                      0.91   0.14     3.02
  SINCE JUN 1      5.19                      4.33   0.86     4.97
  SINCE JAN 1      9.39                      8.82   0.57     6.90

SNOWFALL (IN)
  YESTERDAY        0.0           0.0  2002   0.0    0.0      0.0
  MONTH TO DATE    0.0                       0.0    0.0      0.0
  SINCE JUN 1      T                         0.0    0.0       T
  SINCE JUL 1      0.0                       0.0    0.0       T
  SNOW DEPTH       0

DEGREE DAYS
 HEATING
  YESTERDAY        0                         0      0        0
  MONTH TO DATE    0                         0      0        0
  SINCE JUN 1      4                        26    -22       17
  SINCE JUL 1      1                         1      0        0

 COOLING
  YESTERDAY        4                         9     -5        7
  MONTH TO DATE   87                       108    -21      102
  SINCE JUN 1    648                       619     29      768
  SINCE JAN 1    700                       653     47      841
..................................................................


WIND (MPH)
  HIGHEST WIND SPEED    15   HIGHEST WIND DIRECTION    SE (130)
  HIGHEST GUST SPEED    17   HIGHEST GUST DIRECTION    SE (130)
  AVERAGE WIND SPEED     4.5


SKY COVER
  POSSIBLE SUNSHINE  MM
  AVERAGE SKY COVER 0.0


WEATHER CONDITIONS
 THE FOLLOWING WEATHER WAS RECORDED YESTERDAY.
  NO SIGNIFICANT WEATHER WAS OBSERVED.


RELATIVE HUMIDITY (PERCENT)
 HIGHEST   100           500 AM
 LOWEST     31           200 PM
 AVERAGE    66

..........................................................


THE PUEBLO CO CLIMATE NORMALS FOR TODAY
                         NORMAL    RECORD    YEAR
 MAXIMUM TEMPERATURE (F)   90       102      1969
 MINIMUM TEMPERATURE (F)   58        49      2004


SUNRISE AND SUNSET
AUGUST 12 2014........SUNRISE   610 AM MDT   SUNSET   755 PM MDT
AUGUST 13 2014........SUNRISE   611 AM MDT   SUNSET   754 PM MDT


-  INDICATES NEGATIVE NUMBERS.
R  INDICATES RECORD WAS SET OR TIED.
MM INDICATES DATA IS MISSING.
T  INDICATES TRACE AMOUNT.




$$
