000
CDUS45 KPUB 122323
CLIPUB


CLIMATE REPORT
NATIONAL WEATHER SERVICE PUEBLO
522 PM MDT SUN OCT 12 2014


...................................

...THE PUEBLO CO CLIMATE SUMMARY FOR OCTOBER 12 2014...
VALID TODAY AS OF 0500 PM LOCAL TIME.

CLIMATE NORMAL PERIOD 1981 TO 2010
CLIMATE RECORD PERIOD 1888 TO 2014


WEATHER ITEM   OBSERVED TIME   RECORD YEAR NORMAL DEPARTURE LAST
                VALUE   (LST)  VALUE       VALUE  FROM      YEAR
                                                  NORMAL
..................................................................
TEMPERATURE (F)
 TODAY
  MAXIMUM         66   1241 PM  92    1991  71     -5       66
  MINIMUM         47    632 AM  20    1977  36     11       37
  AVERAGE         57                        53      4       52

PRECIPITATION (IN)
  TODAY            0.02          1.40 1892   0.02   0.00      T
  MONTH TO DATE    0.91                      0.29   0.62      T
  SINCE SEP 1      1.53                      1.06   0.47     1.27
  SINCE JAN 1     11.13                     11.29  -0.16     9.07

SNOWFALL (IN)
  TODAY            0.0           1.3  1969   0.0    0.0      0.0
  MONTH TO DATE    0.0                       0.2   -0.2      0.0
  SINCE SEP 1      0.0                       0.5   -0.5      0.0
  SINCE JUL 1      T                         0.5   -0.5       T
  SNOW DEPTH       0

DEGREE DAYS
 HEATING
  TODAY            8                        12     -4       13
  MONTH TO DATE  102                       118    -16       97
  SINCE SEP 1    155                       211    -56      122
  SINCE JUL 1    156                       216    -60      122

 COOLING
  TODAY            0                         0      0        0
  MONTH TO DATE    0                         0      0        3
  SINCE SEP 1    127                        83     44      170
  SINCE JAN 1   1002                       894    108     1230
..................................................................


WIND (MPH)
  HIGHEST WIND SPEED    38   HIGHEST WIND DIRECTION     N (350)
  HIGHEST GUST SPEED    46   HIGHEST GUST DIRECTION     N (350)
  AVERAGE WIND SPEED    10.0


SKY COVER
  POSSIBLE SUNSHINE  MM
  AVERAGE SKY COVER 0.4


WEATHER CONDITIONS
 THE FOLLOWING WEATHER WAS RECORDED TODAY.
  LIGHT RAIN


RELATIVE HUMIDITY (PERCENT)
 HIGHEST    93           100 AM
 LOWEST     43          1200 PM
 AVERAGE    68

..........................................................


THE PUEBLO CO CLIMATE NORMALS FOR TOMORROW
                         NORMAL    RECORD    YEAR
 MAXIMUM TEMPERATURE (F)   70        90      1950
 MINIMUM TEMPERATURE (F)   35        22      1997


SUNRISE AND SUNSET
OCTOBER 12 2014.......SUNRISE   704 AM MDT   SUNSET   624 PM MDT
OCTOBER 13 2014.......SUNRISE   705 AM MDT   SUNSET   623 PM MDT


-  INDICATES NEGATIVE NUMBERS.
R  INDICATES RECORD WAS SET OR TIED.
MM INDICATES DATA IS MISSING.
T  INDICATES TRACE AMOUNT.




$$
