000
CDUS45 KPUB 251053
CLIPUB


CLIMATE REPORT
NATIONAL WEATHER SERVICE PUEBLO
453 AM MDT MON MAY 25 2015


...................................

...THE PUEBLO CO CLIMATE SUMMARY FOR MAY 24 2015...

CLIMATE NORMAL PERIOD 1981 TO 2010
CLIMATE RECORD PERIOD 1888 TO 2015


WEATHER ITEM   OBSERVED TIME   RECORD YEAR NORMAL DEPARTURE LAST
                VALUE   (LST)  VALUE       VALUE  FROM      YEAR
                                                  NORMAL
..................................................................
TEMPERATURE (F)
 YESTERDAY
  MAXIMUM         62    101 PM  97    1984  79    -17       78
  MINIMUM         43    441 AM  36    2008  47     -4       51
                                      2007
                                      2002
  AVERAGE         53                        63    -10       65

PRECIPITATION (IN)
  YESTERDAY        0.02          0.85 1974   0.05  -0.03     0.17
  MONTH TO DATE    4.87                      1.17   3.70     0.42
  SINCE MAR 1      6.86                      3.50   3.36     3.24
  SINCE JAN 1      8.24                      4.15   4.09     3.97

SNOWFALL (IN)
  YESTERDAY        0.0           0.0  2002   0.0    0.0      0.0
                                      2001
  MONTH TO DATE    T                         0.5   -0.5       T
  SINCE MAR 1      1.7                      10.0   -8.3     10.7
  SINCE JUL 1     42.8                      31.8   11.0     29.3
  SNOW DEPTH       0

DEGREE DAYS
 HEATING
  YESTERDAY       12                         4      8        0
  MONTH TO DATE  219                       153     66      153
  SINCE MAR 1   1207                      1290    -83     1205
  SINCE JUL 1   5229                      5593   -364     5410

 COOLING
  YESTERDAY        0                         2     -2        0
  MONTH TO DATE    1                        16    -15       19
  SINCE MAR 1      1                        18    -17       21
  SINCE JAN 1      1                        18    -17       21
..................................................................


WIND (MPH)
  HIGHEST WIND SPEED    23   HIGHEST WIND DIRECTION     W (260)
  HIGHEST GUST SPEED    29   HIGHEST GUST DIRECTION     W (260)
  AVERAGE WIND SPEED     5.0


SKY COVER
  POSSIBLE SUNSHINE  MM
  AVERAGE SKY COVER 0.3


WEATHER CONDITIONS
 THE FOLLOWING WEATHER WAS RECORDED YESTERDAY.
  THUNDERSTORM
  LIGHT RAIN


RELATIVE HUMIDITY (PERCENT)
 HIGHEST    93           200 AM
 LOWEST     51           200 PM
 AVERAGE    72

..........................................................


THE PUEBLO CO CLIMATE NORMALS FOR TODAY
                         NORMAL    RECORD    YEAR
 MAXIMUM TEMPERATURE (F)   80        94      1964
 MINIMUM TEMPERATURE (F)   47        32      2002


SUNRISE AND SUNSET
MAY 25 2015...........SUNRISE   540 AM MDT   SUNSET   810 PM MDT
MAY 26 2015...........SUNRISE   539 AM MDT   SUNSET   811 PM MDT


-  INDICATES NEGATIVE NUMBERS.
R  INDICATES RECORD WAS SET OR TIED.
MM INDICATES DATA IS MISSING.
T  INDICATES TRACE AMOUNT.




$$
