000
CDUS45 KPUB 131139
CLIPUB


CLIMATE REPORT
NATIONAL WEATHER SERVICE PUEBLO
438 AM MST MON NOV 13 2017


...................................

...THE PUEBLO CO CLIMATE SUMMARY FOR NOVEMBER 12 2017...

CLIMATE NORMAL PERIOD 1981 TO 2010
CLIMATE RECORD PERIOD 1888 TO 2017


WEATHER ITEM   OBSERVED TIME   RECORD YEAR NORMAL DEPARTURE LAST
                VALUE   (LST)  VALUE       VALUE  FROM      YEAR
                                                  NORMAL
..................................................................
TEMPERATURE (F)
 YESTERDAY
  MAXIMUM         57    331 PM  82    1989  58     -1       63
  MINIMUM         25    536 AM  -8    1940  24      1       25
  AVERAGE         41                        41      0       44

PRECIPITATION (IN)
  YESTERDAY        0.00          0.54 1909   0.01  -0.01     0.00
  MONTH TO DATE    0.22                      0.20   0.02     0.00
  SINCE SEP 1      1.63                      1.69  -0.06     0.05
  SINCE JAN 1     15.89                     11.92   3.97    10.37

SNOWFALL (IN)
  YESTERDAY        0.0           4.3  1961   0.2   -0.2      0.0
  MONTH TO DATE    1.4                       1.5   -0.1      0.0
  SINCE SEP 1      1.4                       3.1   -1.7      0.0
  SINCE JUL 1      1.4                       3.1   -1.7       T
  SNOW DEPTH       0

DEGREE DAYS
 HEATING
  YESTERDAY       24                        24      0       21
  MONTH TO DATE  250                       259     -9      177
  SINCE SEP 1    707                       764    -57      391
  SINCE JUL 1    707                       769    -62      391

 COOLING
  YESTERDAY        0                         0      0        0
  MONTH TO DATE    0                         0      0        0
  SINCE SEP 1    146                        86     60      193
  SINCE JAN 1   1027                       897    130     1358
..................................................................


WIND (MPH)
  HIGHEST WIND SPEED    16   HIGHEST WIND DIRECTION     E (80)
  HIGHEST GUST SPEED    27   HIGHEST GUST DIRECTION    NE (50)
  AVERAGE WIND SPEED     4.9


SKY COVER
  POSSIBLE SUNSHINE  MM
  AVERAGE SKY COVER 0.0


WEATHER CONDITIONS
 THE FOLLOWING WEATHER WAS RECORDED YESTERDAY.
  FOG


RELATIVE HUMIDITY (PERCENT)
 HIGHEST   100          1200 AM
 LOWEST     33           300 PM
 AVERAGE    67

..........................................................


THE PUEBLO CO CLIMATE NORMALS FOR TODAY
                         NORMAL    RECORD    YEAR
 MAXIMUM TEMPERATURE (F)   58        81      1999
 MINIMUM TEMPERATURE (F)   24       -12      1940


SUNRISE AND SUNSET
NOVEMBER 13 2017......SUNRISE   637 AM MST   SUNSET   447 PM MST
NOVEMBER 14 2017......SUNRISE   639 AM MST   SUNSET   446 PM MST


-  INDICATES NEGATIVE NUMBERS.
R  INDICATES RECORD WAS SET OR TIED.
MM INDICATES DATA IS MISSING.
T  INDICATES TRACE AMOUNT.




$$
