000
CDUS45 KPUB 050021
CLIPUB


CLIMATE REPORT
NATIONAL WEATHER SERVICE PUEBLO
521 PM MST SAT MAR 4 2017


...................................

...THE PUEBLO CO CLIMATE SUMMARY FOR MARCH 4 2017...
VALID TODAY AS OF 0500 PM LOCAL TIME.

CLIMATE NORMAL PERIOD 1981 TO 2010
CLIMATE RECORD PERIOD 1888 TO 2017


WEATHER ITEM   OBSERVED TIME   RECORD YEAR NORMAL DEPARTURE LAST
                VALUE   (LST)  VALUE       VALUE  FROM      YEAR
                                                  NORMAL
..................................................................
TEMPERATURE (F)
 TODAY
  MAXIMUM         74    319 PM  77    2009  56     18       74
  MINIMUM         23    646 AM  -8    1948  22      1       30
  AVERAGE         49                        39     10       52

PRECIPITATION (IN)
  TODAY            0.00          0.77 1992   0.02  -0.02     0.00
  MONTH TO DATE    0.00                      0.09  -0.09     0.00
  SINCE MAR 1      0.00                      0.09  -0.09     0.00
  SINCE JAN 1      0.92                      0.74   0.18     0.86

SNOWFALL (IN)
  TODAY            0.0           3.5  2013   0.2   -0.2      0.0
  MONTH TO DATE    0.0                       0.6   -0.6      0.0
  SINCE MAR 1      0.0                       0.6   -0.6      0.0
  SINCE JUL 1     14.2                      22.4   -8.2     24.2
  SNOW DEPTH       0

DEGREE DAYS
 HEATING
  TODAY           16                        26    -10       13
  MONTH TO DATE  103                       106     -3       67
  SINCE MAR 1    103                       106     -3       67
  SINCE JUL 1   3603                      4409   -806     3576

 COOLING
  TODAY            0                         0      0        0
  MONTH TO DATE    0                         0      0        0
  SINCE MAR 1      0                         0      0        0
  SINCE JAN 1      0                         0      0        0
..................................................................


WIND (MPH)
  HIGHEST WIND SPEED    24   HIGHEST WIND DIRECTION    SW (220)
  HIGHEST GUST SPEED    35   HIGHEST GUST DIRECTION    SW (220)
  AVERAGE WIND SPEED     7.0


SKY COVER
  POSSIBLE SUNSHINE  MM
  AVERAGE SKY COVER 0.0


WEATHER CONDITIONS
 THE FOLLOWING WEATHER WAS RECORDED TODAY.
  NO SIGNIFICANT WEATHER WAS OBSERVED.


RELATIVE HUMIDITY (PERCENT)
 HIGHEST    46           600 AM
 LOWEST      8           200 PM
 AVERAGE    27

..........................................................


THE PUEBLO CO CLIMATE NORMALS FOR TOMORROW
                         NORMAL    RECORD    YEAR
 MAXIMUM TEMPERATURE (F)   56        78      1910
 MINIMUM TEMPERATURE (F)   23       -20      1948


SUNRISE AND SUNSET
MARCH  4 2017.........SUNRISE   625 AM MST   SUNSET   555 PM MST
MARCH  5 2017.........SUNRISE   624 AM MST   SUNSET   556 PM MST


-  INDICATES NEGATIVE NUMBERS.
R  INDICATES RECORD WAS SET OR TIED.
MM INDICATES DATA IS MISSING.
T  INDICATES TRACE AMOUNT.




$$
