000
CDUS45 KPUB 221046
CLIPUB


CLIMATE REPORT
NATIONAL WEATHER SERVICE PUEBLO
445 AM MDT MON AUG 22 2016


...................................

...THE PUEBLO CO CLIMATE SUMMARY FOR AUGUST 21 2016...

CLIMATE NORMAL PERIOD 1981 TO 2010
CLIMATE RECORD PERIOD 1888 TO 2016


WEATHER ITEM   OBSERVED TIME   RECORD YEAR NORMAL DEPARTURE LAST
                VALUE   (LST)  VALUE       VALUE  FROM      YEAR
                                                  NORMAL
..................................................................
TEMPERATURE (F)
 YESTERDAY
  MAXIMUM         89    407 PM 101    2003  89      0       97
  MINIMUM         56    557 AM  46    1964  57     -1       56
  AVERAGE         73                        73      0       77

PRECIPITATION (IN)
  YESTERDAY        0.00          1.47 1986   0.07  -0.07     0.00
  MONTH TO DATE    1.17                      1.70  -0.53     4.23
  SINCE JUN 1      3.00                      5.12  -2.12     6.09
  SINCE JAN 1     10.17                      9.61   0.56    15.01

SNOWFALL (IN)
  YESTERDAY        0.0           0.0  2002   0.0    0.0      0.0
  MONTH TO DATE    T                         0.0    0.0      0.0
  SINCE JUN 1      T                         0.0    0.0      0.0
  SINCE JUL 1      T                         0.0    0.0      0.0
  SNOW DEPTH       0

DEGREE DAYS
 HEATING
  YESTERDAY        0                         0      0        0
  MONTH TO DATE    0                         0      0        0
  SINCE JUN 1      1                        26    -25        0
  SINCE JUL 1      0                         1     -1        0

 COOLING
  YESTERDAY        8                         8      0       12
  MONTH TO DATE  244                       194     50      288
  SINCE JUN 1   1067                       705    362      931
  SINCE JAN 1   1097                       739    358      935
..................................................................


WIND (MPH)
  HIGHEST WIND SPEED    16   HIGHEST WIND DIRECTION    SE (130)
  HIGHEST GUST SPEED    21   HIGHEST GUST DIRECTION     E (100)
  AVERAGE WIND SPEED     5.6


SKY COVER
  POSSIBLE SUNSHINE  MM
  AVERAGE SKY COVER 0.0


WEATHER CONDITIONS
 THE FOLLOWING WEATHER WAS RECORDED YESTERDAY.
  NO SIGNIFICANT WEATHER WAS OBSERVED.


RELATIVE HUMIDITY (PERCENT)
 HIGHEST    86           500 AM
 LOWEST     24           300 PM
 AVERAGE    55

..........................................................


THE PUEBLO CO CLIMATE NORMALS FOR TODAY
                         NORMAL    RECORD    YEAR
 MAXIMUM TEMPERATURE (F)   89       100      2015
                                             2003
 MINIMUM TEMPERATURE (F)   57        47      1920


SUNRISE AND SUNSET
AUGUST 22 2016........SUNRISE   619 AM MDT   SUNSET   742 PM MDT
AUGUST 23 2016........SUNRISE   620 AM MDT   SUNSET   740 PM MDT


-  INDICATES NEGATIVE NUMBERS.
R  INDICATES RECORD WAS SET OR TIED.
MM INDICATES DATA IS MISSING.
T  INDICATES TRACE AMOUNT.




$$
