000
CDUS45 KPUB 170037
CLIPUB


CLIMATE REPORT
NATIONAL WEATHER SERVICE PUEBLO
534 PM MST WED NOV 16 2016


...................................

...THE PUEBLO CO CLIMATE SUMMARY FOR NOVEMBER 16 2016...
VALID TODAY AS OF 0500 PM LOCAL TIME.

CLIMATE NORMAL PERIOD 1981 TO 2010
CLIMATE RECORD PERIOD 1888 TO 2016


WEATHER ITEM   OBSERVED TIME   RECORD YEAR NORMAL DEPARTURE LAST
                VALUE   (LST)  VALUE       VALUE  FROM      YEAR
                                                  NORMAL
..................................................................
TEMPERATURE (F)
 TODAY
  MAXIMUM         82R   225 PM  81    1896  56     26       65
  MINIMUM         30    632 AM -11    1955  22      8       25
  AVERAGE         56                        39     17       45

PRECIPITATION (IN)
  TODAY            0.00          0.78 1991   0.01  -0.01     0.03
  MONTH TO DATE    0.00                      0.26  -0.26     0.08
  SINCE SEP 1      0.05                      1.75  -1.70     0.75
  SINCE JAN 1     10.37                     11.98  -1.61    15.77

SNOWFALL (IN)
  TODAY            0.0           8.0  1991   0.1   -0.1      0.0
  MONTH TO DATE    0.0                       2.0   -2.0      0.0
  SINCE SEP 1      0.0                       3.6   -3.6      0.0
  SINCE JUL 1      T                         3.6   -3.6      0.0
  SNOW DEPTH       0

DEGREE DAYS
 HEATING
  TODAY            9                        26    -17       20
  MONTH TO DATE  224                       360   -136      285
  SINCE SEP 1    438                       865   -427      461
  SINCE JUL 1    438                       870   -432      461

 COOLING
  TODAY            0                         0      0        0
  MONTH TO DATE    0                         0      0        0
  SINCE SEP 1    193                        86    107      227
  SINCE JAN 1   1358                       897    461     1273
..................................................................


WIND (MPH)
  HIGHEST WIND SPEED    21   HIGHEST WIND DIRECTION    SW (240)
  HIGHEST GUST SPEED    25   HIGHEST GUST DIRECTION    SW (240)
  AVERAGE WIND SPEED     4.7


SKY COVER
  POSSIBLE SUNSHINE  MM
  AVERAGE SKY COVER 0.0


WEATHER CONDITIONS
 THE FOLLOWING WEATHER WAS RECORDED TODAY.
  NO SIGNIFICANT WEATHER WAS OBSERVED.


RELATIVE HUMIDITY (PERCENT)
 HIGHEST    49           700 AM
 LOWEST      9           200 PM
 AVERAGE    29

..........................................................


THE PUEBLO CO CLIMATE NORMALS FOR TOMORROW
                         NORMAL    RECORD    YEAR
 MAXIMUM TEMPERATURE (F)   55        80      1999
 MINIMUM TEMPERATURE (F)   22         0      2014


SUNRISE AND SUNSET
NOVEMBER 16 2016......SUNRISE   641 AM MST   SUNSET   445 PM MST
NOVEMBER 17 2016......SUNRISE   642 AM MST   SUNSET   444 PM MST


-  INDICATES NEGATIVE NUMBERS.
R  INDICATES RECORD WAS SET OR TIED.
MM INDICATES DATA IS MISSING.
T  INDICATES TRACE AMOUNT.




$$
