000
CDUS45 KPUB 150025
CLIPUB


CLIMATE REPORT
NATIONAL WEATHER SERVICE PUEBLO
625 PM MDT WED SEP 14 2016


...................................

...THE PUEBLO CO CLIMATE SUMMARY FOR SEPTEMBER 14 2016...
VALID TODAY AS OF 0500 PM LOCAL TIME.

CLIMATE NORMAL PERIOD 1981 TO 2010
CLIMATE RECORD PERIOD 1888 TO 2016


WEATHER ITEM   OBSERVED TIME   RECORD YEAR NORMAL DEPARTURE LAST
                VALUE   (LST)  VALUE       VALUE  FROM      YEAR
                                                  NORMAL
..................................................................
TEMPERATURE (F)
 TODAY
  MAXIMUM         80    437 PM  97    1956  83     -3       96
  MINIMUM         53    404 AM  31    1993  49      4       57
  AVERAGE         67                        66      1       77

PRECIPITATION (IN)
  TODAY            0.04          0.55 1917   0.02   0.02     0.00
  MONTH TO DATE    0.05                      0.43  -0.38     0.02
  SINCE SEP 1      0.05                      0.43  -0.38     0.02
  SINCE JAN 1     10.37                     10.66  -0.29    15.04

SNOWFALL (IN)
  TODAY            0.0           0.0  2002   0.1   -0.1      0.0
  MONTH TO DATE    0.0                       0.1   -0.1      0.0
  SINCE SEP 1      0.0                       0.1   -0.1      0.0
  SINCE JUL 1      T                         0.1   -0.1      0.0
  SNOW DEPTH       0

DEGREE DAYS
 HEATING
  TODAY            0                         2     -2        0
  MONTH TO DATE    2                        18    -16        0
  SINCE SEP 1      2                        18    -16        0
  SINCE JUL 1      2                        23    -21        0

 COOLING
  TODAY            2                         3     -1       12
  MONTH TO DATE  113                        60     53      142
  SINCE SEP 1    113                        60     53      142
  SINCE JAN 1   1278                       871    407     1188
..................................................................


WIND (MPH)
  HIGHEST WIND SPEED    17   HIGHEST WIND DIRECTION    SE (120)
  HIGHEST GUST SPEED    20   HIGHEST GUST DIRECTION    SE (120)
  AVERAGE WIND SPEED     4.5


SKY COVER
  POSSIBLE SUNSHINE  MM
  AVERAGE SKY COVER 0.7


WEATHER CONDITIONS
 THE FOLLOWING WEATHER WAS RECORDED TODAY.
  THUNDERSTORM
  LIGHT RAIN


RELATIVE HUMIDITY (PERCENT)
 HIGHEST    93           700 AM
 LOWEST     35           400 PM
 AVERAGE    64

..........................................................


THE PUEBLO CO CLIMATE NORMALS FOR TOMORROW
                         NORMAL    RECORD    YEAR
 MAXIMUM TEMPERATURE (F)   82        99      1990
 MINIMUM TEMPERATURE (F)   48        32      1993


SUNRISE AND SUNSET
SEPTEMBER 14 2016.....SUNRISE   639 AM MDT   SUNSET   707 PM MDT
SEPTEMBER 15 2016.....SUNRISE   640 AM MDT   SUNSET   705 PM MDT


-  INDICATES NEGATIVE NUMBERS.
R  INDICATES RECORD WAS SET OR TIED.
MM INDICATES DATA IS MISSING.
T  INDICATES TRACE AMOUNT.




$$
