000
CDUS45 KPUB 271040
CLIPUB


CLIMATE REPORT
NATIONAL WEATHER SERVICE PUEBLO
440 AM MDT TUE JUN 27 2017


...................................

...THE PUEBLO CO CLIMATE SUMMARY FOR JUNE 26 2017...

CLIMATE NORMAL PERIOD 1981 TO 2010
CLIMATE RECORD PERIOD 1888 TO 2017


WEATHER ITEM   OBSERVED TIME   RECORD YEAR NORMAL DEPARTURE LAST
                VALUE   (LST)  VALUE       VALUE  FROM      YEAR
                                                  NORMAL
..................................................................
TEMPERATURE (F)
 YESTERDAY
  MAXIMUM         90    321 PM 106    2012  91     -1       95
                                      1980
  MINIMUM         62    532 AM  45    1968  56      6       59
  AVERAGE         76                        73      3       77

PRECIPITATION (IN)
  YESTERDAY        T             0.47 1988   0.04  -0.04      T
  MONTH TO DATE    1.57                      1.16   0.41     0.67
  SINCE JUN 1      1.57                      1.16   0.41     0.67
  SINCE JAN 1     10.63                      5.65   4.98     7.84

SNOWFALL (IN)
  YESTERDAY        0.0           0.0  2002   0.0    0.0      0.0
                                      2001
  MONTH TO DATE    0.0                       0.0    0.0       T
  SINCE JUN 1      0.0                       0.0    0.0       T
  SINCE JUL 1     28.2                      31.8   -3.6     31.4
  SNOW DEPTH       0

DEGREE DAYS
 HEATING
  YESTERDAY        0                         0      0        0
  MONTH TO DATE    5                        22    -17        1
  SINCE JUN 1      5                        22    -17        1
  SINCE JUL 1   4543                      5635  -1092     4624

 COOLING
  YESTERDAY       11                         9      2       12
  MONTH TO DATE  192                       139     53      282
  SINCE JUN 1    192                       139     53      282
  SINCE JAN 1    202                       173     29      312
..................................................................


WIND (MPH)
  HIGHEST WIND SPEED    39   HIGHEST WIND DIRECTION     W (270)
  HIGHEST GUST SPEED    48   HIGHEST GUST DIRECTION     S (200)
  AVERAGE WIND SPEED     6.3


SKY COVER
  POSSIBLE SUNSHINE  MM
  AVERAGE SKY COVER 0.4


WEATHER CONDITIONS
 THE FOLLOWING WEATHER WAS RECORDED YESTERDAY.
  THUNDERSTORM
  LIGHT RAIN
  FOG


RELATIVE HUMIDITY (PERCENT)
 HIGHEST    93           100 AM
 LOWEST     23           300 PM
 AVERAGE    58

..........................................................


THE PUEBLO CO CLIMATE NORMALS FOR TODAY
                         NORMAL    RECORD    YEAR
 MAXIMUM TEMPERATURE (F)   91       105      2012
                                             1990
 MINIMUM TEMPERATURE (F)   56        41      1985


SUNRISE AND SUNSET
JUNE 27 2017..........SUNRISE   537 AM MDT   SUNSET   826 PM MDT
JUNE 28 2017..........SUNRISE   537 AM MDT   SUNSET   826 PM MDT


-  INDICATES NEGATIVE NUMBERS.
R  INDICATES RECORD WAS SET OR TIED.
MM INDICATES DATA IS MISSING.
T  INDICATES TRACE AMOUNT.




$$
