000
CDUS45 KPUB 201129
CLIPUB


CLIMATE REPORT
NATIONAL WEATHER SERVICE PUEBLO
428 AM MST MON FEB 20 2017


...................................

...THE PUEBLO CO CLIMATE SUMMARY FOR FEBRUARY 19 2017...

CLIMATE NORMAL PERIOD 1981 TO 2010
CLIMATE RECORD PERIOD 1888 TO 2017


WEATHER ITEM   OBSERVED TIME   RECORD YEAR NORMAL DEPARTURE LAST
                VALUE   (LST)  VALUE       VALUE  FROM      YEAR
                                                  NORMAL
..................................................................
TEMPERATURE (F)
 YESTERDAY
  MAXIMUM         67    150 PM  78    1981  51     16       71
  MINIMUM         29    501 AM  -5    1942  18     11       40
  AVERAGE         48                        35     13       56

PRECIPITATION (IN)
  YESTERDAY        0.00          0.43 2004   0.02  -0.02     0.00
                                      1919
  MONTH TO DATE    0.17                      0.18  -0.01     0.33
  SINCE DEC 1      1.68                      0.91   0.77     1.26
  SINCE JAN 1      0.92                      0.53   0.39     0.86

SNOWFALL (IN)
  YESTERDAY        0.0           4.3  1987   0.1   -0.1      0.0
  MONTH TO DATE    0.0                       2.7   -2.7      5.8
  SINCE DEC 1     14.2                      14.7   -0.5     17.8
  SINCE JUL 1     14.2                      20.7   -6.5     24.2
  SNOW DEPTH       0

DEGREE DAYS
 HEATING
  YESTERDAY       17                        30    -13        9
  MONTH TO DATE  401                       613   -212      487
  SINCE DEC 1   2485                      2764   -279     2418
  SINCE JUL 1   3267                      4045   -778     3292

 COOLING
  YESTERDAY        0                         0      0        0
  MONTH TO DATE    0                         0      0        0
  SINCE DEC 1      0                         0      0        0
  SINCE JAN 1      0                         0      0        0
..................................................................


WIND (MPH)
  HIGHEST WIND SPEED    31   HIGHEST WIND DIRECTION     S (200)
  HIGHEST GUST SPEED    39   HIGHEST GUST DIRECTION     S (200)
  AVERAGE WIND SPEED     9.7


SKY COVER
  POSSIBLE SUNSHINE  MM
  AVERAGE SKY COVER 0.0


WEATHER CONDITIONS
 THE FOLLOWING WEATHER WAS RECORDED YESTERDAY.
  NO SIGNIFICANT WEATHER WAS OBSERVED.


RELATIVE HUMIDITY (PERCENT)
 HIGHEST    75           400 AM
 LOWEST     18           400 PM
 AVERAGE    47

..........................................................


THE PUEBLO CO CLIMATE NORMALS FOR TODAY
                         NORMAL    RECORD    YEAR
 MAXIMUM TEMPERATURE (F)   52        81      1981
 MINIMUM TEMPERATURE (F)   19        -6      1889


SUNRISE AND SUNSET
FEBRUARY 20 2017......SUNRISE   642 AM MST   SUNSET   542 PM MST
FEBRUARY 21 2017......SUNRISE   640 AM MST   SUNSET   543 PM MST


-  INDICATES NEGATIVE NUMBERS.
R  INDICATES RECORD WAS SET OR TIED.
MM INDICATES DATA IS MISSING.
T  INDICATES TRACE AMOUNT.




$$
