000
CDUS45 KPUB 241037
CLIPUB


CLIMATE REPORT
NATIONAL WEATHER SERVICE PUEBLO
431 AM MDT TUE MAY 24 2016


...................................

...THE PUEBLO CO CLIMATE SUMMARY FOR MAY 23 2016...

CLIMATE NORMAL PERIOD 1981 TO 2010
CLIMATE RECORD PERIOD 1888 TO 2016


WEATHER ITEM   OBSERVED TIME   RECORD YEAR NORMAL DEPARTURE LAST
                VALUE   (LST)  VALUE       VALUE  FROM      YEAR
                                                  NORMAL
..................................................................
TEMPERATURE (F)
 YESTERDAY
  MAXIMUM         80    534 PM 100    2000  79      1       66
  MINIMUM         47    443 AM  32    1893  46      1       48
  AVERAGE         64                        63      1       57

PRECIPITATION (IN)
  YESTERDAY        0.00          1.00 1936   0.05  -0.05     0.06
  MONTH TO DATE    0.78                      1.12  -0.34     4.90
  SINCE MAR 1      4.33                      3.45   0.88     6.89
  SINCE JAN 1      5.19                      4.10   1.09     8.27

SNOWFALL (IN)
  YESTERDAY        0.0           0.0  2015   0.0    0.0       T
  MONTH TO DATE    0.0                       0.5   -0.5       T
  SINCE MAR 1      7.2                      10.0   -2.8      1.7
  SINCE JUL 1     31.4                      31.8   -0.4     42.8
  SNOW DEPTH       0

DEGREE DAYS
 HEATING
  YESTERDAY        1                         4     -3        8
  MONTH TO DATE  133                       149    -16      207
  SINCE MAR 1   1097                      1286   -189     1195
  SINCE JUL 1   4606                      5589   -983     5217

 COOLING
  YESTERDAY        0                         1     -1        0
  MONTH TO DATE   22                        14      8        1
  SINCE MAR 1     22                        16      6        1
  SINCE JAN 1     22                        16      6        1
..................................................................


WIND (MPH)
  HIGHEST WIND SPEED    21   HIGHEST WIND DIRECTION     N (360)
  HIGHEST GUST SPEED    26   HIGHEST GUST DIRECTION     E (90)
  AVERAGE WIND SPEED    10.0


SKY COVER
  POSSIBLE SUNSHINE  MM
  AVERAGE SKY COVER 0.0


WEATHER CONDITIONS
 THE FOLLOWING WEATHER WAS RECORDED YESTERDAY.
  NO SIGNIFICANT WEATHER WAS OBSERVED.


RELATIVE HUMIDITY (PERCENT)
 HIGHEST    66           500 AM
 LOWEST     20           100 PM
 AVERAGE    43

..........................................................


THE PUEBLO CO CLIMATE NORMALS FOR TODAY
                         NORMAL    RECORD    YEAR
 MAXIMUM TEMPERATURE (F)   79        97      1984
 MINIMUM TEMPERATURE (F)   47        36      2008
                                             2007
                                             2002


SUNRISE AND SUNSET
MAY 24 2016...........SUNRISE   540 AM MDT   SUNSET   810 PM MDT
MAY 25 2016...........SUNRISE   539 AM MDT   SUNSET   811 PM MDT


-  INDICATES NEGATIVE NUMBERS.
R  INDICATES RECORD WAS SET OR TIED.
MM INDICATES DATA IS MISSING.
T  INDICATES TRACE AMOUNT.




$$
