000
CDUS45 KPUB 311037
CLIPUB


CLIMATE REPORT
NATIONAL WEATHER SERVICE PUEBLO
437 AM MDT THU JUL 31 2014


...................................

...THE PUEBLO CO CLIMATE SUMMARY FOR JULY 30 2014...

CLIMATE NORMAL PERIOD 1981 TO 2010
CLIMATE RECORD PERIOD 1888 TO 2014


WEATHER ITEM   OBSERVED TIME   RECORD YEAR NORMAL DEPARTURE LAST
                VALUE   (LST)  VALUE       VALUE  FROM      YEAR
                                                  NORMAL
..................................................................
TEMPERATURE (F)
 YESTERDAY
  MAXIMUM         66    535 PM 102    1987  92    -26       94
  MINIMUM         61    909 PM  50    1994  59      2       58
  AVERAGE         64                        76    -12       76

PRECIPITATION (IN)
  YESTERDAY        0.29          1.45 1951   0.08   0.21     0.00
  MONTH TO DATE    3.28                      1.98   1.30     1.68
  SINCE JUN 1      4.14                      3.34   0.80     1.95
  SINCE JAN 1      8.34                      7.83   0.51     3.88

SNOWFALL (IN)
  YESTERDAY        0.0           0.0  2002   0.0    0.0      0.0
                                      2001
  MONTH TO DATE    0.0                       0.0    0.0       T
  SINCE JUN 1      T                         0.0    0.0       T
  SINCE JUL 1      0.0                       0.0    0.0       T
  SNOW DEPTH       0

DEGREE DAYS
 HEATING
  YESTERDAY        1                         0      1        0
  MONTH TO DATE    1                         0      1        0
  SINCE JUN 1      4                        25    -21       17
  SINCE JUL 1      1                         0      1        0

 COOLING
  YESTERDAY        0                        11    -11       11
  MONTH TO DATE  319                       325     -6      350
  SINCE JUN 1    559                       500     59      653
  SINCE JAN 1    611                       534     77      726
..................................................................


WIND (MPH)
  HIGHEST WIND SPEED    15   HIGHEST WIND DIRECTION     E (110)
  HIGHEST GUST SPEED    18   HIGHEST GUST DIRECTION    NE (50)
  AVERAGE WIND SPEED     6.8


SKY COVER
  POSSIBLE SUNSHINE  MM
  AVERAGE SKY COVER 0.9


WEATHER CONDITIONS
 THE FOLLOWING WEATHER WAS RECORDED YESTERDAY.
  HEAVY RAIN
  RAIN
  LIGHT RAIN
  FOG


RELATIVE HUMIDITY (PERCENT)
 HIGHEST    93           400 AM
 LOWEST     78           500 PM
 AVERAGE    86

..........................................................


THE PUEBLO CO CLIMATE NORMALS FOR TODAY
                         NORMAL    RECORD    YEAR
 MAXIMUM TEMPERATURE (F)   92       104      2002
 MINIMUM TEMPERATURE (F)   59        49      2004


SUNRISE AND SUNSET
JULY 31 2014..........SUNRISE   600 AM MDT   SUNSET   809 PM MDT
AUGUST  1 2014........SUNRISE   600 AM MDT   SUNSET   808 PM MDT


-  INDICATES NEGATIVE NUMBERS.
R  INDICATES RECORD WAS SET OR TIED.
MM INDICATES DATA IS MISSING.
T  INDICATES TRACE AMOUNT.




$$
