627
CDUS45 KPUB 262039 CCA
CLIPUB

CLIMATE REPORT...COR WEATHER CONDITIONS
NATIONAL WEATHER SERVICE PUEBLO
446 AM MDT WED APR 26 2017


...................................

...THE PUEBLO CO CLIMATE SUMMARY FOR APRIL 25 2017...

CLIMATE NORMAL PERIOD 1981 TO 2010
CLIMATE RECORD PERIOD 1888 TO 2017


WEATHER ITEM   OBSERVED TIME   RECORD YEAR NORMAL DEPARTURE LAST
                VALUE   (LST)  VALUE       VALUE  FROM      YEAR
                                                  NORMAL
..................................................................
TEMPERATURE (F)
 YESTERDAY
  MAXIMUM         56   1057 AM  88    2012  70    -14       80
                                      1981
                                      1949
  MINIMUM         42   1117 PM  22    1950  37      5       39
  AVERAGE         49                        54     -5       60

PRECIPITATION (IN)
  YESTERDAY        0.38          0.68 1890   0.06   0.32     0.00
  MONTH TO DATE    2.72                      1.13   1.59     1.71
  SINCE MAR 1      3.67                      2.06   1.61     2.29
  SINCE JAN 1      4.59                      2.71   1.88     3.15

SNOWFALL (IN)
  YESTERDAY        0.0           4.0  1891   0.1   -0.1      0.0
  MONTH TO DATE    5.6                       3.4    2.2      0.2
  SINCE MAR 1      5.6                       9.1   -3.5      4.1
  SINCE JUL 1     19.8                      30.9  -11.1     28.3
  SNOW DEPTH       0

DEGREE DAYS
 HEATING
  YESTERDAY       16                        12      4        5
  MONTH TO DATE  271                       383   -112      271
  SINCE MAR 1    747                      1085   -338      869
  SINCE JUL 1   4247                      5388  -1141     4378

 COOLING
  YESTERDAY        0                         0      0        0
  MONTH TO DATE    0                         0      0        0
  SINCE MAR 1      0                         0      0        0
  SINCE JAN 1      0                         0      0        0
..................................................................


WIND (MPH)
  HIGHEST WIND SPEED    23   HIGHEST WIND DIRECTION     N (10)
  HIGHEST GUST SPEED    29   HIGHEST GUST DIRECTION     N (20)
  AVERAGE WIND SPEED     9.6


SKY COVER
  POSSIBLE SUNSHINE  MM
  AVERAGE SKY COVER 0.6


WEATHER CONDITIONS
 THE FOLLOWING WEATHER WAS RECORDED YESTERDAY.
  HEAVY RAIN
  RAIN
  LIGHT RAIN
  FOG


RELATIVE HUMIDITY (PERCENT)
 HIGHEST    89           700 PM
 LOWEST     55          1100 AM
 AVERAGE    72

..........................................................


THE PUEBLO CO CLIMATE NORMALS FOR TODAY
                         NORMAL    RECORD    YEAR
 MAXIMUM TEMPERATURE (F)   71        90      1981
 MINIMUM TEMPERATURE (F)   37        25      1924


SUNRISE AND SUNSET
APRIL 26 2017.........SUNRISE   607 AM MDT   SUNSET   745 PM MDT
APRIL 27 2017.........SUNRISE   606 AM MDT   SUNSET   746 PM MDT


-  INDICATES NEGATIVE NUMBERS.
R  INDICATES RECORD WAS SET OR TIED.
MM INDICATES DATA IS MISSING.
T  INDICATES TRACE AMOUNT.




$$
