000
CDUS45 KPUB 131141
CLIPUB


CLIMATE REPORT
NATIONAL WEATHER SERVICE PUEBLO
440 AM MST WED DEC 13 2017


...................................

...THE PUEBLO CO CLIMATE SUMMARY FOR DECEMBER 12 2017...

CLIMATE NORMAL PERIOD 1981 TO 2010
CLIMATE RECORD PERIOD 1888 TO 2017


WEATHER ITEM   OBSERVED TIME   RECORD YEAR NORMAL DEPARTURE LAST
                VALUE   (LST)  VALUE       VALUE  FROM      YEAR
                                                  NORMAL
..................................................................
TEMPERATURE (F)
 YESTERDAY
  MAXIMUM         66    326 PM  71    1924  46     20       60
  MINIMUM         13    412 AM -28    1961  14     -1       12
  AVERAGE         40                        30     10       36

PRECIPITATION (IN)
  YESTERDAY        0.00          0.34 1967   0.01  -0.01     0.00
  MONTH TO DATE    0.00                      0.16  -0.16      T
  SINCE DEC 1      0.00                      0.16  -0.16      T
  SINCE JAN 1     15.98                     12.35   3.63    11.15

SNOWFALL (IN)
  YESTERDAY        0.0           6.8  1967   0.2   -0.2      0.0
  MONTH TO DATE    0.0                       2.2   -2.2      0.3
  SINCE DEC 1      0.0                       2.2   -2.2      0.3
  SINCE JUL 1      1.4                       8.2   -6.8      0.3
  SNOW DEPTH       0

DEGREE DAYS
 HEATING
  YESTERDAY       25                        35    -10       29
  MONTH TO DATE  314                       407    -93      426
  SINCE DEC 1    314                       407    -93      426
  SINCE JUL 1   1335                      1688   -353     1208

 COOLING
  YESTERDAY        0                         0      0        0
  MONTH TO DATE    0                         0      0        0
  SINCE DEC 1      0                         0      0        0
  SINCE JAN 1   1027                       897    130     1358
..................................................................


WIND (MPH)
  HIGHEST WIND SPEED    12   HIGHEST WIND DIRECTION     E (70)
  HIGHEST GUST SPEED    13   HIGHEST GUST DIRECTION    NE (40)
  AVERAGE WIND SPEED     5.1


SKY COVER
  POSSIBLE SUNSHINE  MM
  AVERAGE SKY COVER 0.0


WEATHER CONDITIONS
 THE FOLLOWING WEATHER WAS RECORDED YESTERDAY.
  NO SIGNIFICANT WEATHER WAS OBSERVED.


RELATIVE HUMIDITY (PERCENT)
 HIGHEST    61           700 AM
 LOWEST     11           300 PM
 AVERAGE    36

..........................................................


THE PUEBLO CO CLIMATE NORMALS FOR TODAY
                         NORMAL    RECORD    YEAR
 MAXIMUM TEMPERATURE (F)   46        73      2010
                                             1988
 MINIMUM TEMPERATURE (F)   14       -22      1961


SUNRISE AND SUNSET
DECEMBER 13 2017......SUNRISE   706 AM MST   SUNSET   438 PM MST
DECEMBER 14 2017......SUNRISE   707 AM MST   SUNSET   439 PM MST


-  INDICATES NEGATIVE NUMBERS.
R  INDICATES RECORD WAS SET OR TIED.
MM INDICATES DATA IS MISSING.
T  INDICATES TRACE AMOUNT.




$$
