000
CDUS45 KPUB 120024
CLIPUB


CLIMATE REPORT
NATIONAL WEATHER SERVICE PUEBLO
624 PM MDT WED MAY 11 2016


...................................

...THE PUEBLO CO CLIMATE SUMMARY FOR MAY 11 2016...
VALID TODAY AS OF 0500 PM LOCAL TIME.

CLIMATE NORMAL PERIOD 1981 TO 2010
CLIMATE RECORD PERIOD 1888 TO 2016


WEATHER ITEM   OBSERVED TIME   RECORD YEAR NORMAL DEPARTURE LAST
                VALUE   (LST)  VALUE       VALUE  FROM      YEAR
                                                  NORMAL
..................................................................
TEMPERATURE (F)
 TODAY
  MAXIMUM         68   1159 AM  95    1962  75     -7       58
  MINIMUM         46    359 AM  29    2008  43      3       34
                                      1946
  AVERAGE         57                        59     -2       46

PRECIPITATION (IN)
  TODAY            T             1.09 1928   0.05  -0.05     0.01
  MONTH TO DATE    0.01                      0.55  -0.54     2.84
  SINCE MAR 1      3.56                      2.88   0.68     4.83
  SINCE JAN 1      4.42                      3.53   0.89     6.21

SNOWFALL (IN)
  TODAY            0.0           3.1  1946   0.0    0.0      0.0
  MONTH TO DATE    0.0                       0.4   -0.4       T
  SINCE MAR 1      7.2                       9.9   -2.7      1.7
  SINCE JUL 1     31.4                      31.7   -0.3     42.8
  SNOW DEPTH       0

DEGREE DAYS
 HEATING
  TODAY            8                         7      1       19
  MONTH TO DATE   75                        89    -14       95
  SINCE MAR 1   1039                      1226   -187     1083
  SINCE JUL 1   4548                      5529   -981     5105

 COOLING
  TODAY            0                         1     -1        0
  MONTH TO DATE    3                         2      1        1
  SINCE MAR 1      3                         4     -1        1
  SINCE JAN 1      3                         4     -1        1
..................................................................


WIND (MPH)
  HIGHEST WIND SPEED    25   HIGHEST WIND DIRECTION    SW (230)
  HIGHEST GUST SPEED    31   HIGHEST GUST DIRECTION    SE (140)
  AVERAGE WIND SPEED     6.6


SKY COVER
  POSSIBLE SUNSHINE  MM
  AVERAGE SKY COVER 0.4


WEATHER CONDITIONS
 THE FOLLOWING WEATHER WAS RECORDED TODAY.
  THUNDERSTORM
  LIGHT RAIN


RELATIVE HUMIDITY (PERCENT)
 HIGHEST    80           600 AM
 LOWEST     34          1200 PM
 AVERAGE    57

..........................................................


THE PUEBLO CO CLIMATE NORMALS FOR TOMORROW
                         NORMAL    RECORD    YEAR
 MAXIMUM TEMPERATURE (F)   76        95      1962
 MINIMUM TEMPERATURE (F)   43        29      1953


SUNRISE AND SUNSET
MAY 11 2016...........SUNRISE   550 AM MDT   SUNSET   759 PM MDT
MAY 12 2016...........SUNRISE   549 AM MDT   SUNSET   800 PM MDT


-  INDICATES NEGATIVE NUMBERS.
R  INDICATES RECORD WAS SET OR TIED.
MM INDICATES DATA IS MISSING.
T  INDICATES TRACE AMOUNT.




$$
