775
CDUS45 KPUB 171043
CLIPUB


CLIMATE REPORT
NATIONAL WEATHER SERVICE PUEBLO
443 AM MDT WED MAY 17 2017


...................................

...THE PUEBLO CO CLIMATE SUMMARY FOR MAY 16 2017...

CLIMATE NORMAL PERIOD 1981 TO 2010
CLIMATE RECORD PERIOD 1888 TO 2017


WEATHER ITEM   OBSERVED TIME   RECORD YEAR NORMAL DEPARTURE LAST
                VALUE   (LST)  VALUE       VALUE  FROM      YEAR
                                                  NORMAL
..................................................................
TEMPERATURE (F)
 YESTERDAY
  MAXIMUM         77   1213 PM  98    1996  77      0       63
  MINIMUM         49    453 AM  31    2011  44      5       47
                                      1916
  AVERAGE         63                        60      3       55

PRECIPITATION (IN)
  YESTERDAY        0.07          0.92 1968   0.04   0.03     0.76
  MONTH TO DATE    2.34                      0.79   1.55     0.77
  SINCE MAR 1      7.48                      3.12   4.36     4.32
  SINCE JAN 1      8.40                      3.77   4.63     5.18

SNOWFALL (IN)
  YESTERDAY        0.0           T    1968   0.0    0.0      0.0
  MONTH TO DATE    0.0                       0.5   -0.5      0.0
  SINCE MAR 1     14.0                      10.0    4.0      7.2
  SINCE JUL 1     28.2                      31.8   -3.6     31.4
  SNOW DEPTH       0

DEGREE DAYS
 HEATING
  YESTERDAY        2                         5     -3       10
  MONTH TO DATE  104                       118    -14      102
  SINCE MAR 1    948                      1255   -307     1066
  SINCE JUL 1   4448                      5558  -1110     4575

 COOLING
  YESTERDAY        0                         1     -1        0
  MONTH TO DATE    4                         7     -3        3
  SINCE MAR 1      4                         9     -5        3
  SINCE JAN 1      4                         9     -5        3
..................................................................


WIND (MPH)
  HIGHEST WIND SPEED    31   HIGHEST WIND DIRECTION    SW (210)
  HIGHEST GUST SPEED    54   HIGHEST GUST DIRECTION    SW (220)
  AVERAGE WIND SPEED    10.3


SKY COVER
  POSSIBLE SUNSHINE  MM
  AVERAGE SKY COVER 0.3


WEATHER CONDITIONS
 THE FOLLOWING WEATHER WAS RECORDED YESTERDAY.
  RAIN
  LIGHT RAIN


RELATIVE HUMIDITY (PERCENT)
 HIGHEST    61           500 AM
 LOWEST     17           100 PM
 AVERAGE    39

..........................................................


THE PUEBLO CO CLIMATE NORMALS FOR TODAY
                         NORMAL    RECORD    YEAR
 MAXIMUM TEMPERATURE (F)   77        94      1964
 MINIMUM TEMPERATURE (F)   45        33      1910


SUNRISE AND SUNSET
MAY 17 2017...........SUNRISE   545 AM MDT   SUNSET   804 PM MDT
MAY 18 2017...........SUNRISE   544 AM MDT   SUNSET   805 PM MDT


-  INDICATES NEGATIVE NUMBERS.
R  INDICATES RECORD WAS SET OR TIED.
MM INDICATES DATA IS MISSING.
T  INDICATES TRACE AMOUNT.




$$
