000
CDUS45 KPUB 101150
CLIPUB


CLIMATE REPORT
NATIONAL WEATHER SERVICE PUEBLO
449 AM MST THU NOV 10 2016


...................................

...THE PUEBLO CO CLIMATE SUMMARY FOR NOVEMBER 9 2016...

CLIMATE NORMAL PERIOD 1981 TO 2010
CLIMATE RECORD PERIOD 1888 TO 2016


WEATHER ITEM   OBSERVED TIME   RECORD YEAR NORMAL DEPARTURE LAST
                VALUE   (LST)  VALUE       VALUE  FROM      YEAR
                                                  NORMAL
..................................................................
TEMPERATURE (F)
 YESTERDAY
  MAXIMUM         68    349 PM  82    1978  60      8       68
  MINIMUM         23    546 AM   1    1950  25     -2       19
  AVERAGE         46                        42      4       44

PRECIPITATION (IN)
  YESTERDAY        0.00          0.47 1939   0.01  -0.01     0.00
  MONTH TO DATE    0.00                      0.15  -0.15     0.05
  SINCE SEP 1      0.05                      1.64  -1.59     0.72
  SINCE JAN 1     10.37                     11.87  -1.50    15.74

SNOWFALL (IN)
  YESTERDAY        0.0           4.8  1952   0.2   -0.2      0.0
  MONTH TO DATE    0.0                       1.1   -1.1      0.0
  SINCE SEP 1      0.0                       2.7   -2.7      0.0
  SINCE JUL 1      T                         2.7   -2.7      0.0
  SNOW DEPTH       0

DEGREE DAYS
 HEATING
  YESTERDAY       19                        23     -4       21
  MONTH TO DATE  121                       188    -67      138
  SINCE SEP 1    335                       693   -358      314
  SINCE JUL 1    335                       698   -363      314

 COOLING
  YESTERDAY        0                         0      0        0
  MONTH TO DATE    0                         0      0        0
  SINCE SEP 1    193                        86    107      227
  SINCE JAN 1   1358                       897    461     1273
..................................................................


WIND (MPH)
  HIGHEST WIND SPEED    13   HIGHEST WIND DIRECTION     E (100)
  HIGHEST GUST SPEED    17   HIGHEST GUST DIRECTION     E (110)
  AVERAGE WIND SPEED     3.8


SKY COVER
  POSSIBLE SUNSHINE  MM
  AVERAGE SKY COVER 0.0


WEATHER CONDITIONS
 THE FOLLOWING WEATHER WAS RECORDED YESTERDAY.
  NO SIGNIFICANT WEATHER WAS OBSERVED.


RELATIVE HUMIDITY (PERCENT)
 HIGHEST    68           400 AM
 LOWEST     16           400 PM
 AVERAGE    42

..........................................................


THE PUEBLO CO CLIMATE NORMALS FOR TODAY
                         NORMAL    RECORD    YEAR
 MAXIMUM TEMPERATURE (F)   59        80      1973
 MINIMUM TEMPERATURE (F)   25        -9      1950


SUNRISE AND SUNSET
NOVEMBER 10 2016......SUNRISE   634 AM MST   SUNSET   449 PM MST
NOVEMBER 11 2016......SUNRISE   636 AM MST   SUNSET   448 PM MST


-  INDICATES NEGATIVE NUMBERS.
R  INDICATES RECORD WAS SET OR TIED.
MM INDICATES DATA IS MISSING.
T  INDICATES TRACE AMOUNT.




$$
