000
CDUS45 KPUB 041141
CLIPUB


CLIMATE REPORT
NATIONAL WEATHER SERVICE PUEBLO
440 AM MST TUE NOV 4 2014


...................................

...THE PUEBLO CO CLIMATE SUMMARY FOR NOVEMBER 3 2014...

CLIMATE NORMAL PERIOD 1981 TO 2010
CLIMATE RECORD PERIOD 1888 TO 2014


WEATHER ITEM   OBSERVED TIME   RECORD YEAR NORMAL DEPARTURE LAST
                VALUE   (LST)  VALUE       VALUE  FROM      YEAR
                                                  NORMAL
..................................................................
TEMPERATURE (F)
 YESTERDAY
  MAXIMUM         64    210 PM  78    1910  63      1       72
  MINIMUM         36    600 AM -17    1991  28      8       31
  AVERAGE         50                        45      5       52

PRECIPITATION (IN)
  YESTERDAY        0.00          0.68 1946   0.02  -0.02     0.00
  MONTH TO DATE    T                         0.05  -0.05     0.00
  SINCE SEP 1      1.53                      1.54  -0.01     1.51
  SINCE JAN 1     11.13                     11.77  -0.64     9.31

SNOWFALL (IN)
  YESTERDAY        0.0          14.0  1946   0.1   -0.1      0.0
  MONTH TO DATE    0.0                       0.3   -0.3      0.0
  SINCE SEP 1      0.0                       1.9   -1.9      0.1
  SINCE JUL 1      T                         1.9   -1.9      0.1
  SNOW DEPTH       0

DEGREE DAYS
 HEATING
  YESTERDAY       15                        20     -5       13
  MONTH TO DATE   36                        59    -23       56
  SINCE SEP 1    361                       564   -203      510
  SINCE JUL 1    362                       569   -207      510

 COOLING
  YESTERDAY        0                         0      0        0
  MONTH TO DATE    0                         0      0        0
  SINCE SEP 1    127                        86     41      170
  SINCE JAN 1   1002                       897    105     1230
..................................................................


WIND (MPH)
  HIGHEST WIND SPEED    30   HIGHEST WIND DIRECTION    NE (30)
  HIGHEST GUST SPEED    35   HIGHEST GUST DIRECTION     N (20)
  AVERAGE WIND SPEED     9.7


SKY COVER
  POSSIBLE SUNSHINE  MM
  AVERAGE SKY COVER 0.3


WEATHER CONDITIONS
 THE FOLLOWING WEATHER WAS RECORDED YESTERDAY.
  NO SIGNIFICANT WEATHER WAS OBSERVED.


RELATIVE HUMIDITY (PERCENT)
 HIGHEST    76           200 AM
 LOWEST     17           200 PM
 AVERAGE    47

..........................................................


THE PUEBLO CO CLIMATE NORMALS FOR TODAY
                         NORMAL    RECORD    YEAR
 MAXIMUM TEMPERATURE (F)   62        82      2007
                                             1999
 MINIMUM TEMPERATURE (F)   27         3      1991


SUNRISE AND SUNSET
NOVEMBER  4 2014......SUNRISE   627 AM MST   SUNSET   455 PM MST
NOVEMBER  5 2014......SUNRISE   629 AM MST   SUNSET   454 PM MST


-  INDICATES NEGATIVE NUMBERS.
R  INDICATES RECORD WAS SET OR TIED.
MM INDICATES DATA IS MISSING.
T  INDICATES TRACE AMOUNT.




$$
