000
CDUS45 KPUB 240021
CLIPUB


CLIMATE REPORT
NATIONAL WEATHER SERVICE PUEBLO
621 PM MDT SAT AUG 23 2014


...................................

...THE PUEBLO CO CLIMATE SUMMARY FOR AUGUST 23 2014...
VALID TODAY AS OF 0500 PM LOCAL TIME.

CLIMATE NORMAL PERIOD 1981 TO 2010
CLIMATE RECORD PERIOD 1888 TO 2014


WEATHER ITEM   OBSERVED TIME   RECORD YEAR NORMAL DEPARTURE LAST
                VALUE   (LST)  VALUE       VALUE  FROM      YEAR
                                                  NORMAL
..................................................................
TEMPERATURE (F)
 TODAY
  MAXIMUM         90    319 PM 101    2009  89      1       91
  MINIMUM         51    540 AM  47    1993  57     -6       63
                                      1891
                                      1888
  AVERAGE         71                        72     -1       77

PRECIPITATION (IN)
  TODAY            0.00          0.95 1915   0.07  -0.07     0.04
  MONTH TO DATE    1.25                      1.84  -0.59     3.92
  SINCE JUN 1      5.39                      5.26   0.13     5.87
  SINCE JAN 1      9.59                      9.75  -0.16     7.80

SNOWFALL (IN)
  TODAY            0.0           T    2007   0.0    0.0      0.0
  MONTH TO DATE    0.0                       0.0    0.0      0.0
  SINCE JUN 1      T                         0.0    0.0       T
  SINCE JUL 1      0.0                       0.0    0.0       T
  SNOW DEPTH       0

DEGREE DAYS
 HEATING
  TODAY            0                         0      0        0
  MONTH TO DATE    0                         0      0        0
  SINCE JUN 1      4                        26    -22       17
  SINCE JUL 1      1                         1      0        0

 COOLING
  TODAY            6                         8     -2       12
  MONTH TO DATE  215                       210      5      214
  SINCE JUN 1    776                       721     55      880
  SINCE JAN 1    828                       755     73      953
..................................................................


WIND (MPH)
  HIGHEST WIND SPEED    20   HIGHEST WIND DIRECTION     S (160)
  HIGHEST GUST SPEED    22   HIGHEST GUST DIRECTION     S (160)
  AVERAGE WIND SPEED     6.4


SKY COVER
  POSSIBLE SUNSHINE  MM
  AVERAGE SKY COVER 0.0


WEATHER CONDITIONS
 THE FOLLOWING WEATHER WAS RECORDED TODAY.
  NO SIGNIFICANT WEATHER WAS OBSERVED.


RELATIVE HUMIDITY (PERCENT)
 HIGHEST    93           200 AM
 LOWEST     21           100 PM
 AVERAGE    57

..........................................................


THE PUEBLO CO CLIMATE NORMALS FOR TOMORROW
                         NORMAL    RECORD    YEAR
 MAXIMUM TEMPERATURE (F)   88       101      2011
 MINIMUM TEMPERATURE (F)   56        40      1968


SUNRISE AND SUNSET
AUGUST 23 2014........SUNRISE   620 AM MDT   SUNSET   741 PM MDT
AUGUST 24 2014........SUNRISE   621 AM MDT   SUNSET   739 PM MDT


-  INDICATES NEGATIVE NUMBERS.
R  INDICATES RECORD WAS SET OR TIED.
MM INDICATES DATA IS MISSING.
T  INDICATES TRACE AMOUNT.




$$
