972
CDUS45 KPUB 281146
CLIPUB


CLIMATE REPORT
NATIONAL WEATHER SERVICE PUEBLO
446 AM MST THU JAN 28 2016


...................................

...THE PUEBLO CO CLIMATE SUMMARY FOR JANUARY 27 2016...

CLIMATE NORMAL PERIOD 1981 TO 2010
CLIMATE RECORD PERIOD 1888 TO 2016


WEATHER ITEM   OBSERVED TIME   RECORD YEAR NORMAL DEPARTURE LAST
                VALUE   (LST)  VALUE       VALUE  FROM      YEAR
                                                  NORMAL
..................................................................
TEMPERATURE (F)
 YESTERDAY
  MAXIMUM         61    331 PM  73    2015  47     14       73
                                      2003
  MINIMUM         17    226 AM -24    1948  14      3       28
  AVERAGE         39                        31      8       51

PRECIPITATION (IN)
  YESTERDAY        0.00          0.30 2001   0.02  -0.02     0.00
  MONTH TO DATE    0.41                      0.31   0.10     0.19
  SINCE DEC 1      0.81                      0.69   0.12     0.43
  SINCE JAN 1      0.41                      0.31   0.10     0.19

SNOWFALL (IN)
  YESTERDAY        0.0           5.8  2001   0.2   -0.2      0.0
  MONTH TO DATE    5.0                       5.7   -0.7      4.5
  SINCE DEC 1     10.5                      11.2   -0.7      7.7
  SINCE JUL 1     16.9                      17.2   -0.3     17.6
  SNOW DEPTH       0

DEGREE DAYS
 HEATING
  YESTERDAY       26                        34     -8       14
  MONTH TO DATE  896                       932    -36      874
  SINCE DEC 1   1843                      2014   -171     1943
  SINCE JUL 1   2717                      3295   -578     3105

 COOLING
  YESTERDAY        0                         0      0        0
  MONTH TO DATE    0                         0      0        0
  SINCE DEC 1      0                         0      0        0
  SINCE JAN 1      0                         0      0        0
..................................................................


WIND (MPH)
  HIGHEST WIND SPEED    16   HIGHEST WIND DIRECTION     E (90)
  HIGHEST GUST SPEED    20   HIGHEST GUST DIRECTION     E (80)
  AVERAGE WIND SPEED     5.2


SKY COVER
  POSSIBLE SUNSHINE  MM
  AVERAGE SKY COVER 0.0


WEATHER CONDITIONS
 THE FOLLOWING WEATHER WAS RECORDED YESTERDAY.
  NO SIGNIFICANT WEATHER WAS OBSERVED.


RELATIVE HUMIDITY (PERCENT)
 HIGHEST    80           700 AM
 LOWEST     17           100 PM
 AVERAGE    49

..........................................................


THE PUEBLO CO CLIMATE NORMALS FOR TODAY
                         NORMAL    RECORD    YEAR
 MAXIMUM TEMPERATURE (F)   48        73      1986
 MINIMUM TEMPERATURE (F)   14       -29      1948


SUNRISE AND SUNSET
JANUARY 28 2016.......SUNRISE   707 AM MST   SUNSET   516 PM MST
JANUARY 29 2016.......SUNRISE   706 AM MST   SUNSET   517 PM MST


-  INDICATES NEGATIVE NUMBERS.
R  INDICATES RECORD WAS SET OR TIED.
MM INDICATES DATA IS MISSING.
T  INDICATES TRACE AMOUNT.




$$
