000
CDUS45 KPUB 062317
CLIPUB


CLIMATE REPORT
NATIONAL WEATHER SERVICE PUEBLO
517 PM MDT SUN AUG 6 2017


...................................

...THE PUEBLO CO CLIMATE SUMMARY FOR AUGUST 6 2017...
VALID TODAY AS OF 0500 PM LOCAL TIME.

CLIMATE NORMAL PERIOD 1981 TO 2010
CLIMATE RECORD PERIOD 1888 TO 2017


WEATHER ITEM   OBSERVED TIME   RECORD YEAR NORMAL DEPARTURE LAST
                VALUE   (LST)  VALUE       VALUE  FROM      YEAR
                                                  NORMAL
..................................................................
TEMPERATURE (F)
 TODAY
  MAXIMUM         81    200 PM 104    1969  91    -10       93
  MINIMUM         57        MM  50    1996  59     -2       65
                                      1995
  AVERAGE         69                        75     -6       79

PRECIPITATION (IN)
  TODAY            0.00          1.20 1929   0.08  -0.08     0.14
  MONTH TO DATE    0.02                      0.48  -0.46     0.22
  SINCE JUN 1      4.67                      3.90   0.77     2.05
  SINCE JAN 1     13.73                      8.39   5.34     9.22

SNOWFALL (IN)
  TODAY            0.0           0.0  2002   0.0    0.0      0.0
  MONTH TO DATE    0.0                       0.0    0.0      0.0
  SINCE JUN 1      0.0                       0.0    0.0       T
  SINCE JUL 1      0.0                       0.0    0.0       T
  SNOW DEPTH       0

DEGREE DAYS
 HEATING
  TODAY            0                         0      0        0
  MONTH TO DATE    0                         0      0        0
  SINCE JUN 1      5                        26    -21        1
  SINCE JUL 1      0                         1     -1        0

 COOLING
  TODAY            4                        10     -6       14
  MONTH TO DATE   45                        60    -15       84
  SINCE JUN 1    680                       571    109      907
  SINCE JAN 1    690                       605     85      937
..................................................................


WIND (MPH)
  HIGHEST WIND SPEED    16   HIGHEST WIND DIRECTION    SE (120)
  HIGHEST GUST SPEED    MM   HIGHEST GUST DIRECTION    MM
  AVERAGE WIND SPEED     5.1


SKY COVER
  POSSIBLE SUNSHINE  MM
  AVERAGE SKY COVER 0.1


WEATHER CONDITIONS
 THE FOLLOWING WEATHER WAS RECORDED TODAY.
  NO SIGNIFICANT WEATHER WAS OBSERVED.


RELATIVE HUMIDITY (PERCENT)
 HIGHEST    86           500 AM
 LOWEST     39           100 PM
 AVERAGE    63

..........................................................


THE PUEBLO CO CLIMATE NORMALS FOR TOMORROW
                         NORMAL    RECORD    YEAR
 MAXIMUM TEMPERATURE (F)   91       104      1995
                                             1980
 MINIMUM TEMPERATURE (F)   59        50      1990


SUNRISE AND SUNSET
AUGUST  6 2017........SUNRISE   605 AM MDT   SUNSET   802 PM MDT
AUGUST  7 2017........SUNRISE   606 AM MDT   SUNSET   801 PM MDT


-  INDICATES NEGATIVE NUMBERS.
R  INDICATES RECORD WAS SET OR TIED.
MM INDICATES DATA IS MISSING.
T  INDICATES TRACE AMOUNT.




$$
