516
CDUS45 KPUB 041155
CLIPUB


CLIMATE REPORT
NATIONAL WEATHER SERVICE PUEBLO
453 AM MST WED JAN 4 2017


...................................

...THE PUEBLO CO CLIMATE SUMMARY FOR JANUARY 3 2017...

CLIMATE NORMAL PERIOD 1981 TO 2010
CLIMATE RECORD PERIOD 1888 TO 2017


WEATHER ITEM   OBSERVED TIME   RECORD YEAR NORMAL DEPARTURE LAST
                VALUE   (LST)  VALUE       VALUE  FROM      YEAR
                                                  NORMAL
..................................................................
TEMPERATURE (F)
 YESTERDAY
  MAXIMUM         30    351 PM  71    1997  46    -16       49
  MINIMUM         13   1134 PM -22    1959  14     -1        8
  AVERAGE         22                        30     -8       29

PRECIPITATION (IN)
  YESTERDAY        0.00          0.12 1910   0.01  -0.01     0.00
  MONTH TO DATE    0.00                      0.03  -0.03     0.00
  SINCE DEC 1      0.76                      0.41   0.35     0.40
  SINCE JAN 1      0.00                      0.03  -0.03     0.00

SNOWFALL (IN)
  YESTERDAY        0.0           1.9  1972   0.2   -0.2      0.0
  MONTH TO DATE    0.0                       0.6   -0.6      0.0
  SINCE DEC 1      4.4                       6.1   -1.7      5.5
  SINCE JUL 1      4.4                      12.1   -7.7     11.9
  SNOW DEPTH       0

DEGREE DAYS
 HEATING
  YESTERDAY       43                        35      8       36
  MONTH TO DATE   96                       105     -9      117
  SINCE DEC 1   1171                      1187    -16     1064
  SINCE JUL 1   1953                      2468   -515     1938

 COOLING
  YESTERDAY        0                         0      0        0
  MONTH TO DATE    0                         0      0        0
  SINCE DEC 1      0                         0      0        0
  SINCE JAN 1      0                         0      0        0
..................................................................


WIND (MPH)
  HIGHEST WIND SPEED    13   HIGHEST WIND DIRECTION    SE (120)
  HIGHEST GUST SPEED    14   HIGHEST GUST DIRECTION    SE (130)
  AVERAGE WIND SPEED     5.6


SKY COVER
  POSSIBLE SUNSHINE  MM
  AVERAGE SKY COVER 0.4


WEATHER CONDITIONS
 THE FOLLOWING WEATHER WAS RECORDED YESTERDAY.
  NO SIGNIFICANT WEATHER WAS OBSERVED.


RELATIVE HUMIDITY (PERCENT)
 HIGHEST    84           100 AM
 LOWEST     39           300 PM
 AVERAGE    62

..........................................................


THE PUEBLO CO CLIMATE NORMALS FOR TODAY
                         NORMAL    RECORD    YEAR
 MAXIMUM TEMPERATURE (F)   46        74      2001
 MINIMUM TEMPERATURE (F)   14       -28      1959


SUNRISE AND SUNSET
JANUARY  4 2017.......SUNRISE   715 AM MST   SUNSET   451 PM MST
JANUARY  5 2017.......SUNRISE   715 AM MST   SUNSET   452 PM MST


-  INDICATES NEGATIVE NUMBERS.
R  INDICATES RECORD WAS SET OR TIED.
MM INDICATES DATA IS MISSING.
T  INDICATES TRACE AMOUNT.




$$
