000
CDUS45 KPUB 090027
CLIPUB


CLIMATE REPORT
NATIONAL WEATHER SERVICE PUEBLO
627 PM MDT FRI JUL 8 2016


...................................

...THE PUEBLO CO CLIMATE SUMMARY FOR JULY 8 2016...
VALID TODAY AS OF 0500 PM LOCAL TIME.

CLIMATE NORMAL PERIOD 1981 TO 2010
CLIMATE RECORD PERIOD 1888 TO 2016


WEATHER ITEM   OBSERVED TIME   RECORD YEAR NORMAL DEPARTURE LAST
                VALUE   (LST)  VALUE       VALUE  FROM      YEAR
                                                  NORMAL
..................................................................
TEMPERATURE (F)
 TODAY
  MAXIMUM         94    323 PM 105    2003  93      1       81
                                      1989
  MINIMUM         62    322 AM  44    1994  58      4       56
  AVERAGE         78                        76      2       69

PRECIPITATION (IN)
  TODAY            0.34          0.73 1893   0.06   0.28     0.05
  MONTH TO DATE    0.45                      0.44   0.01     0.42
  SINCE JUN 1      1.23                      1.80  -0.57     1.64
  SINCE JAN 1      8.40                      6.29   2.11    10.56

SNOWFALL (IN)
  TODAY            T   R         0.0  2011   0.0    0.0      0.0
                                      2007
  MONTH TO DATE    T                         0.0    0.0      0.0
  SINCE JUN 1      T                         0.0    0.0      0.0
  SINCE JUL 1      T                         0.0    0.0      0.0
  SNOW DEPTH       0

DEGREE DAYS
 HEATING
  TODAY            0                         0      0        0
  MONTH TO DATE    0                         0      0        0
  SINCE JUN 1      1                        25    -24        0
  SINCE JUL 1      0                         0      0        0

 COOLING
  TODAY           13                        11      2        4
  MONTH TO DATE  105                        83     22       80
  SINCE JUN 1    444                       258    186      323
  SINCE JAN 1    474                       292    182      327
..................................................................


WIND (MPH)
  HIGHEST WIND SPEED    29   HIGHEST WIND DIRECTION    SW (240)
  HIGHEST GUST SPEED    36   HIGHEST GUST DIRECTION    SW (230)
  AVERAGE WIND SPEED    11.3


SKY COVER
  POSSIBLE SUNSHINE  MM
  AVERAGE SKY COVER 0.1


WEATHER CONDITIONS
 THE FOLLOWING WEATHER WAS RECORDED TODAY.
  THUNDERSTORM
  LIGHT RAIN
  HAIL
  FOG


RELATIVE HUMIDITY (PERCENT)
 HIGHEST    69           100 AM
 LOWEST     26           300 PM
 AVERAGE    48

..........................................................


THE PUEBLO CO CLIMATE NORMALS FOR TOMORROW
                         NORMAL    RECORD    YEAR
 MAXIMUM TEMPERATURE (F)   93       101      2002
                                             1987
                                             1983
 MINIMUM TEMPERATURE (F)   58        51      1997
                                             1905


SUNRISE AND SUNSET
JULY  8 2016..........SUNRISE   542 AM MDT   SUNSET   824 PM MDT
JULY  9 2016..........SUNRISE   543 AM MDT   SUNSET   823 PM MDT


-  INDICATES NEGATIVE NUMBERS.
R  INDICATES RECORD WAS SET OR TIED.
MM INDICATES DATA IS MISSING.
T  INDICATES TRACE AMOUNT.




$$
