000
CDUS45 KPUB 162338
CLIPUB


CLIMATE REPORT
NATIONAL WEATHER SERVICE PUEBLO
438 PM MST THU NOV 16 2017


...................................

...THE PUEBLO CO CLIMATE SUMMARY FOR NOVEMBER 16 2017...
VALID TODAY AS OF 0400 PM LOCAL TIME.

CLIMATE NORMAL PERIOD 1981 TO 2010
CLIMATE RECORD PERIOD 1888 TO 2017


WEATHER ITEM   OBSERVED TIME   RECORD YEAR NORMAL DEPARTURE LAST
                VALUE   (LST)  VALUE       VALUE  FROM      YEAR
                                                  NORMAL
..................................................................
TEMPERATURE (F)
 TODAY
  MAXIMUM         76    330 PM  82    2016  56     20       82
  MINIMUM         23    408 AM -11    1955  22      1       30
  AVERAGE         50                        39     11       56

PRECIPITATION (IN)
  TODAY            0.00          0.78 1991   0.01  -0.01     0.00
  MONTH TO DATE    0.22                      0.26  -0.04     0.00
  SINCE SEP 1      1.63                      1.75  -0.12     0.05
  SINCE JAN 1     15.89                     11.98   3.91    10.37

SNOWFALL (IN)
  TODAY            0.0           8.0  1991   0.1   -0.1      0.0
  MONTH TO DATE    1.4                       2.0   -0.6      0.0
  SINCE SEP 1      1.4                       3.6   -2.2      0.0
  SINCE JUL 1      1.4                       3.6   -2.2       T
  SNOW DEPTH       0

DEGREE DAYS
 HEATING
  TODAY           15                        26    -11        9
  MONTH TO DATE  313                       360    -47      224
  SINCE SEP 1    770                       865    -95      438
  SINCE JUL 1    770                       870   -100      438

 COOLING
  TODAY            0                         0      0        0
  MONTH TO DATE    0                         0      0        0
  SINCE SEP 1    146                        86     60      193
  SINCE JAN 1   1027                       897    130     1358
..................................................................


WIND (MPH)
  HIGHEST WIND SPEED    15   HIGHEST WIND DIRECTION     W (260)
  HIGHEST GUST SPEED    20   HIGHEST GUST DIRECTION    SW (220)
  AVERAGE WIND SPEED     6.1


SKY COVER
  POSSIBLE SUNSHINE  MM
  AVERAGE SKY COVER 0.0


WEATHER CONDITIONS
 THE FOLLOWING WEATHER WAS RECORDED TODAY.
  NO SIGNIFICANT WEATHER WAS OBSERVED.


RELATIVE HUMIDITY (PERCENT)
 HIGHEST    88           200 AM
 LOWEST     12          1200 PM
 AVERAGE    50

..........................................................


THE PUEBLO CO CLIMATE NORMALS FOR TOMORROW
                         NORMAL    RECORD    YEAR
 MAXIMUM TEMPERATURE (F)   55        80      1999
 MINIMUM TEMPERATURE (F)   22         0      2014


SUNRISE AND SUNSET
NOVEMBER 16 2017......SUNRISE   641 AM MST   SUNSET   445 PM MST
NOVEMBER 17 2017......SUNRISE   642 AM MST   SUNSET   444 PM MST


-  INDICATES NEGATIVE NUMBERS.
R  INDICATES RECORD WAS SET OR TIED.
MM INDICATES DATA IS MISSING.
T  INDICATES TRACE AMOUNT.




$$
