000
CDUS45 KPUB 211048
CLIPUB


CLIMATE REPORT
NATIONAL WEATHER SERVICE PUEBLO
448 AM MDT TUE OCT 21 2014


...................................

...THE PUEBLO CO CLIMATE SUMMARY FOR OCTOBER 20 2014...

CLIMATE NORMAL PERIOD 1981 TO 2010
CLIMATE RECORD PERIOD 1888 TO 2014


WEATHER ITEM   OBSERVED TIME   RECORD YEAR NORMAL DEPARTURE LAST
                VALUE   (LST)  VALUE       VALUE  FROM      YEAR
                                                  NORMAL
..................................................................
TEMPERATURE (F)
 YESTERDAY
  MAXIMUM         75    335 PM  86    2007  68      7       59
                                      2003
  MINIMUM         42    640 AM  15    1995  33      9       35
  AVERAGE         59                        50      9       47

PRECIPITATION (IN)
  YESTERDAY        0.00          0.36 1990   0.03  -0.03      T
  MONTH TO DATE    0.91                      0.49   0.42     0.24
  SINCE SEP 1      1.53                      1.26   0.27     1.51
  SINCE JAN 1     11.13                     11.49  -0.36     9.31

SNOWFALL (IN)
  YESTERDAY        0.0           1.5  1911   0.1   -0.1      0.0
  MONTH TO DATE    0.0                       0.6   -0.6      0.1
  SINCE SEP 1      0.0                       0.9   -0.9      0.1
  SINCE JUL 1      T                         0.9   -0.9      0.1
  SNOW DEPTH       0

DEGREE DAYS
 HEATING
  YESTERDAY        6                        15     -9       18
  MONTH TO DATE  172                       226    -54      251
  SINCE SEP 1    225                       319    -94      276
  SINCE JUL 1    226                       324    -98      276

 COOLING
  YESTERDAY        0                         0      0        0
  MONTH TO DATE    0                         0      0        3
  SINCE SEP 1    127                        83     44      170
  SINCE JAN 1   1002                       894    108     1230
..................................................................


WIND (MPH)
  HIGHEST WIND SPEED    17   HIGHEST WIND DIRECTION    SE (150)
  HIGHEST GUST SPEED    24   HIGHEST GUST DIRECTION    SE (140)
  AVERAGE WIND SPEED     6.6


SKY COVER
  POSSIBLE SUNSHINE  MM
  AVERAGE SKY COVER 0.0


WEATHER CONDITIONS
 THE FOLLOWING WEATHER WAS RECORDED YESTERDAY.
  NO SIGNIFICANT WEATHER WAS OBSERVED.


RELATIVE HUMIDITY (PERCENT)
 HIGHEST    76           100 AM
 LOWEST     21           300 PM
 AVERAGE    49

..........................................................


THE PUEBLO CO CLIMATE NORMALS FOR TODAY
                         NORMAL    RECORD    YEAR
 MAXIMUM TEMPERATURE (F)   68        89      2003
 MINIMUM TEMPERATURE (F)   32        17      1996


SUNRISE AND SUNSET
OCTOBER 21 2014.......SUNRISE   713 AM MDT   SUNSET   612 PM MDT
OCTOBER 22 2014.......SUNRISE   714 AM MDT   SUNSET   611 PM MDT


-  INDICATES NEGATIVE NUMBERS.
R  INDICATES RECORD WAS SET OR TIED.
MM INDICATES DATA IS MISSING.
T  INDICATES TRACE AMOUNT.




$$
