000
CDUS45 KPUB 301041
CLIPUB


CLIMATE REPORT
NATIONAL WEATHER SERVICE PUEBLO
441 AM MDT WED JUL 30 2014


...................................

...THE PUEBLO CO CLIMATE SUMMARY FOR JULY 29 2014...

CLIMATE NORMAL PERIOD 1981 TO 2010
CLIMATE RECORD PERIOD 1888 TO 2014


WEATHER ITEM   OBSERVED TIME   RECORD YEAR NORMAL DEPARTURE LAST
                VALUE   (LST)  VALUE       VALUE  FROM      YEAR
                                                  NORMAL
..................................................................
TEMPERATURE (F)
 YESTERDAY
  MAXIMUM         82    241 PM 106    1980  92    -10       88
  MINIMUM         63   1124 PM  52    1990  59      4       63
  AVERAGE         73                        76     -3       76

PRECIPITATION (IN)
  YESTERDAY        0.23          1.68 1982   0.07   0.16     0.02
  MONTH TO DATE    2.99                      1.90   1.09     1.68
  SINCE JUN 1      3.85                      3.26   0.59     1.95
  SINCE JAN 1      8.05                      7.75   0.30     3.88

SNOWFALL (IN)
  YESTERDAY        0.0           0.0  2002   0.0    0.0       T
                                      2001
  MONTH TO DATE    0.0                       0.0    0.0       T
  SINCE JUN 1      T                         0.0    0.0       T
  SINCE JUL 1      0.0                       0.0    0.0       T
  SNOW DEPTH       0

DEGREE DAYS
 HEATING
  YESTERDAY        0                         0      0        0
  MONTH TO DATE    0                         0      0        0
  SINCE JUN 1      3                        25    -22       17
  SINCE JUL 1      0                         0      0        0

 COOLING
  YESTERDAY        8                        11     -3       11
  MONTH TO DATE  319                       314      5      339
  SINCE JUN 1    559                       489     70      642
  SINCE JAN 1    611                       523     88      715
..................................................................


WIND (MPH)
  HIGHEST WIND SPEED    30   HIGHEST WIND DIRECTION    NE (60)
  HIGHEST GUST SPEED    35   HIGHEST GUST DIRECTION    NE (60)
  AVERAGE WIND SPEED     7.3


SKY COVER
  POSSIBLE SUNSHINE  MM
  AVERAGE SKY COVER 0.5


WEATHER CONDITIONS
 THE FOLLOWING WEATHER WAS RECORDED YESTERDAY.
  THUNDERSTORM
  HEAVY RAIN
  RAIN
  LIGHT RAIN
  FOG


RELATIVE HUMIDITY (PERCENT)
 HIGHEST    93           300 AM
 LOWEST     45           300 PM
 AVERAGE    69

..........................................................


THE PUEBLO CO CLIMATE NORMALS FOR TODAY
                         NORMAL    RECORD    YEAR
 MAXIMUM TEMPERATURE (F)   92       102      1987
 MINIMUM TEMPERATURE (F)   59        50      1994


SUNRISE AND SUNSET
JULY 30 2014..........SUNRISE   559 AM MDT   SUNSET   810 PM MDT
JULY 31 2014..........SUNRISE   600 AM MDT   SUNSET   809 PM MDT


-  INDICATES NEGATIVE NUMBERS.
R  INDICATES RECORD WAS SET OR TIED.
MM INDICATES DATA IS MISSING.
T  INDICATES TRACE AMOUNT.




$$
