000
CDUS45 KPUB 281030
CLIPUB


CLIMATE REPORT
NATIONAL WEATHER SERVICE PUEBLO
430 AM MDT TUE JUL 28 2015


...................................

...THE PUEBLO CO CLIMATE SUMMARY FOR JULY 27 2015...

CLIMATE NORMAL PERIOD 1981 TO 2010
CLIMATE RECORD PERIOD 1888 TO 2015


WEATHER ITEM   OBSERVED TIME   RECORD YEAR NORMAL DEPARTURE LAST
                VALUE   (LST)  VALUE       VALUE  FROM      YEAR
                                                  NORMAL
..................................................................
TEMPERATURE (F)
 YESTERDAY
  MAXIMUM        100    129 PM 103    1960  92      8       87
  MINIMUM         66    424 AM  49    2004  60      6       60
  AVERAGE         83                        76      7       74

PRECIPITATION (IN)
  YESTERDAY        0.00          1.49 1921   0.07  -0.07     0.36
  MONTH TO DATE    0.64                      1.75  -1.11     2.70
  SINCE JUN 1      1.86                      3.11  -1.25     3.56
  SINCE JAN 1     10.78                      7.60   3.18     7.76

SNOWFALL (IN)
  YESTERDAY        0.0           0.0  2002   0.0    0.0      0.0
                                      2001
  MONTH TO DATE    0.0                       0.0    0.0      0.0
  SINCE JUN 1      0.0                       0.0    0.0       T
  SINCE JUL 1      0.0                       0.0    0.0      0.0
  SNOW DEPTH       0

DEGREE DAYS
 HEATING
  YESTERDAY        0                         0      0        0
  MONTH TO DATE    0                         0      0        0
  SINCE JUN 1      0                        25    -25        3
  SINCE JUL 1      0                         0      0        0

 COOLING
  YESTERDAY       18                        11      7        9
  MONTH TO DATE  348                       292     56      304
  SINCE JUN 1    591                       467    124      544
  SINCE JAN 1    595                       501     94      596
..................................................................


WIND (MPH)
  HIGHEST WIND SPEED    22   HIGHEST WIND DIRECTION    SW (220)
  HIGHEST GUST SPEED    25   HIGHEST GUST DIRECTION    SW (220)
  AVERAGE WIND SPEED     8.2


SKY COVER
  POSSIBLE SUNSHINE  MM
  AVERAGE SKY COVER 0.0


WEATHER CONDITIONS
 THE FOLLOWING WEATHER WAS RECORDED YESTERDAY.
  NO SIGNIFICANT WEATHER WAS OBSERVED.


RELATIVE HUMIDITY (PERCENT)
 HIGHEST    73           300 AM
 LOWEST     16           100 PM
 AVERAGE    45

..........................................................


THE PUEBLO CO CLIMATE NORMALS FOR TODAY
                         NORMAL    RECORD    YEAR
 MAXIMUM TEMPERATURE (F)   92       103      1978
 MINIMUM TEMPERATURE (F)   59        51      1913


SUNRISE AND SUNSET
JULY 28 2015..........SUNRISE   557 AM MDT   SUNSET   812 PM MDT
JULY 29 2015..........SUNRISE   558 AM MDT   SUNSET   811 PM MDT


-  INDICATES NEGATIVE NUMBERS.
R  INDICATES RECORD WAS SET OR TIED.
MM INDICATES DATA IS MISSING.
T  INDICATES TRACE AMOUNT.




$$
