787
CDUS45 KPUB 231038
CLIPUB


CLIMATE REPORT
NATIONAL WEATHER SERVICE PUEBLO
437 AM MDT THU MAR 23 2017


...................................

...THE PUEBLO CO CLIMATE SUMMARY FOR MARCH 22 2017...

CLIMATE NORMAL PERIOD 1981 TO 2010
CLIMATE RECORD PERIOD 1888 TO 2017


WEATHER ITEM   OBSERVED TIME   RECORD YEAR NORMAL DEPARTURE LAST
                VALUE   (LST)  VALUE       VALUE  FROM      YEAR
                                                  NORMAL
..................................................................
TEMPERATURE (F)
 YESTERDAY
  MAXIMUM         69    512 PM  81    1910  61      8       78
  MINIMUM         33    515 AM   8    1898  27      6       38
  AVERAGE         51                        44      7       58

PRECIPITATION (IN)
  YESTERDAY        0.00          0.90 1979   0.03  -0.03     0.00
  MONTH TO DATE    0.00                      0.62  -0.62     0.10
  SINCE MAR 1      0.00                      0.62  -0.62     0.10
  SINCE JAN 1      0.92                      1.27  -0.35     0.96

SNOWFALL (IN)
  YESTERDAY        0.0           3.7  1984   0.2   -0.2      0.0
  MONTH TO DATE    0.0                       3.9   -3.9      1.1
  SINCE MAR 1      0.0                       3.9   -3.9      1.1
  SINCE JUL 1     14.2                      25.7  -11.5     25.3
  SNOW DEPTH       0

DEGREE DAYS
 HEATING
  YESTERDAY       14                        21     -7        7
  MONTH TO DATE  328                       523   -195      394
  SINCE MAR 1    328                       523   -195      394
  SINCE JUL 1   3828                      4826   -998     3903

 COOLING
  YESTERDAY        0                         0      0        0
  MONTH TO DATE    0                         0      0        0
  SINCE MAR 1      0                         0      0        0
  SINCE JAN 1      0                         0      0        0
..................................................................


WIND (MPH)
  HIGHEST WIND SPEED    14   HIGHEST WIND DIRECTION    SE (130)
  HIGHEST GUST SPEED    16   HIGHEST GUST DIRECTION    SE (140)
  AVERAGE WIND SPEED     5.7


SKY COVER
  POSSIBLE SUNSHINE  MM
  AVERAGE SKY COVER 0.0


WEATHER CONDITIONS
 THE FOLLOWING WEATHER WAS RECORDED YESTERDAY.
  NO SIGNIFICANT WEATHER WAS OBSERVED.


RELATIVE HUMIDITY (PERCENT)
 HIGHEST    76           300 AM
 LOWEST     27           300 PM
 AVERAGE    52

..........................................................


THE PUEBLO CO CLIMATE NORMALS FOR TODAY
                         NORMAL    RECORD    YEAR
 MAXIMUM TEMPERATURE (F)   61        84      2004
 MINIMUM TEMPERATURE (F)   28        -5      1898


SUNRISE AND SUNSET
MARCH 23 2017.........SUNRISE   656 AM MDT   SUNSET   713 PM MDT
MARCH 24 2017.........SUNRISE   655 AM MDT   SUNSET   714 PM MDT


-  INDICATES NEGATIVE NUMBERS.
R  INDICATES RECORD WAS SET OR TIED.
MM INDICATES DATA IS MISSING.
T  INDICATES TRACE AMOUNT.




$$
