000
CDUS45 KPUB 161051
CLIPUB


CLIMATE REPORT
NATIONAL WEATHER SERVICE PUEBLO
451 AM MDT TUE SEP 16 2014


...................................

...THE PUEBLO CO CLIMATE SUMMARY FOR SEPTEMBER 15 2014...

CLIMATE NORMAL PERIOD 1981 TO 2010
CLIMATE RECORD PERIOD 1888 TO 2014


WEATHER ITEM   OBSERVED TIME   RECORD YEAR NORMAL DEPARTURE LAST
                VALUE   (LST)  VALUE       VALUE  FROM      YEAR
                                                  NORMAL
..................................................................
TEMPERATURE (F)
 YESTERDAY
  MAXIMUM         72    309 PM  99    1990  82    -10       75
  MINIMUM         53   1159 PM  32    1993  48      5       56
  AVERAGE         63                        65     -2       66

PRECIPITATION (IN)
  YESTERDAY        0.00          0.87 1964   0.02  -0.02     0.75
  MONTH TO DATE    0.13                      0.45  -0.32     1.00
  SINCE SEP 1      0.13                      0.45  -0.32     1.00
  SINCE JAN 1      9.73                     10.68  -0.95     8.80

SNOWFALL (IN)
  YESTERDAY        0.0           0.0  2002   0.0    0.0      0.0
  MONTH TO DATE    0.0                       0.1   -0.1      0.0
  SINCE SEP 1      0.0                       0.1   -0.1      0.0
  SINCE JUL 1      T                         0.1   -0.1       T
  SNOW DEPTH       0

DEGREE DAYS
 HEATING
  YESTERDAY        2                         3     -1        0
  MONTH TO DATE   46                        21     25        0
  SINCE SEP 1     46                        21     25        0
  SINCE JUL 1     47                        26     21        0

 COOLING
  YESTERDAY        0                         3     -3        1
  MONTH TO DATE   61                        63     -2      133
  SINCE SEP 1     61                        63     -2      133
  SINCE JAN 1    936                       874     62     1193
..................................................................


WIND (MPH)
  HIGHEST WIND SPEED    22   HIGHEST WIND DIRECTION     E (110)
  HIGHEST GUST SPEED    27   HIGHEST GUST DIRECTION    SE (130)
  AVERAGE WIND SPEED     8.8


SKY COVER
  POSSIBLE SUNSHINE  MM
  AVERAGE SKY COVER 0.2


WEATHER CONDITIONS
 THE FOLLOWING WEATHER WAS RECORDED YESTERDAY.
  NO SIGNIFICANT WEATHER WAS OBSERVED.


RELATIVE HUMIDITY (PERCENT)
 HIGHEST    93          1000 PM
 LOWEST     39          1200 AM
 AVERAGE    66

..........................................................


THE PUEBLO CO CLIMATE NORMALS FOR TODAY
                         NORMAL    RECORD    YEAR
 MAXIMUM TEMPERATURE (F)   82        97      2000
 MINIMUM TEMPERATURE (F)   48        31      1951


SUNRISE AND SUNSET
SEPTEMBER 16 2014.....SUNRISE   641 AM MDT   SUNSET   704 PM MDT
SEPTEMBER 17 2014.....SUNRISE   641 AM MDT   SUNSET   703 PM MDT


-  INDICATES NEGATIVE NUMBERS.
R  INDICATES RECORD WAS SET OR TIED.
MM INDICATES DATA IS MISSING.
T  INDICATES TRACE AMOUNT.




$$
