000
CDUS45 KPUB 221109
CLIPUB


CLIMATE REPORT
NATIONAL WEATHER SERVICE PUEBLO
509 AM MDT SAT APR 22 2017


...................................

...THE PUEBLO CO CLIMATE SUMMARY FOR APRIL 21 2017...

CLIMATE NORMAL PERIOD 1981 TO 2010
CLIMATE RECORD PERIOD 1888 TO 2017


WEATHER ITEM   OBSERVED TIME   RECORD YEAR NORMAL DEPARTURE LAST
                VALUE   (LST)  VALUE       VALUE  FROM      YEAR
                                                  NORMAL
..................................................................
TEMPERATURE (F)
 YESTERDAY
  MAXIMUM         61   1221 PM  93    1989  69     -8       72
  MINIMUM         41   1159 PM  12    1907  36      5       38
  AVERAGE         51                        52     -1       55

PRECIPITATION (IN)
  YESTERDAY        0.18          1.00 1952   0.06   0.12     0.00
  MONTH TO DATE    2.24                      0.91   1.33     1.71
  SINCE MAR 1      3.19                      1.84   1.35     2.29
  SINCE JAN 1      4.11                      2.49   1.62     3.15

SNOWFALL (IN)
  YESTERDAY        0.0           6.9  1995   0.1   -0.1      0.0
  MONTH TO DATE    5.6                       2.9    2.7      0.2
  SINCE MAR 1      5.6                       8.6   -3.0      4.1
  SINCE JUL 1     19.8                      30.4  -10.6     28.3
  SNOW DEPTH       0

DEGREE DAYS
 HEATING
  YESTERDAY       14                        13      1       10
  MONTH TO DATE  225                       334   -109      260
  SINCE MAR 1    701                      1036   -335      858
  SINCE JUL 1   4201                      5339  -1138     4367

 COOLING
  YESTERDAY        0                         0      0        0
  MONTH TO DATE    0                         0      0        0
  SINCE MAR 1      0                         0      0        0
  SINCE JAN 1      0                         0      0        0
..................................................................


WIND (MPH)
  HIGHEST WIND SPEED    31   HIGHEST WIND DIRECTION    NE (40)
  HIGHEST GUST SPEED    36   HIGHEST GUST DIRECTION    NE (40)
  AVERAGE WIND SPEED    10.5


SKY COVER
  POSSIBLE SUNSHINE  MM
  AVERAGE SKY COVER 0.7


WEATHER CONDITIONS
 THE FOLLOWING WEATHER WAS RECORDED YESTERDAY.
  LIGHT RAIN
  FOG


RELATIVE HUMIDITY (PERCENT)
 HIGHEST    89           400 AM
 LOWEST     47          1200 PM
 AVERAGE    68

..........................................................


THE PUEBLO CO CLIMATE NORMALS FOR TODAY
                         NORMAL    RECORD    YEAR
 MAXIMUM TEMPERATURE (F)   69        88      1965
 MINIMUM TEMPERATURE (F)   36        22      1982


SUNRISE AND SUNSET
APRIL 22 2017.........SUNRISE   612 AM MDT   SUNSET   741 PM MDT
APRIL 23 2017.........SUNRISE   611 AM MDT   SUNSET   742 PM MDT


-  INDICATES NEGATIVE NUMBERS.
R  INDICATES RECORD WAS SET OR TIED.
MM INDICATES DATA IS MISSING.
T  INDICATES TRACE AMOUNT.




$$
