246
CDUS45 KPUB 231039
CLIPUB


CLIMATE REPORT
NATIONAL WEATHER SERVICE PUEBLO
437 AM MDT MON MAY 23 2016


...................................

...THE PUEBLO CO CLIMATE SUMMARY FOR MAY 22 2016...

CLIMATE NORMAL PERIOD 1981 TO 2010
CLIMATE RECORD PERIOD 1888 TO 2016


WEATHER ITEM   OBSERVED TIME   RECORD YEAR NORMAL DEPARTURE LAST
                VALUE   (LST)  VALUE       VALUE  FROM      YEAR
                                                  NORMAL
..................................................................
TEMPERATURE (F)
 YESTERDAY
  MAXIMUM         88    306 PM  95    2012  79      9       72
  MINIMUM         59   1123 PM  32    1931  46     13       47
  AVERAGE         74                        62     12       60

PRECIPITATION (IN)
  YESTERDAY        0.00          0.92 1938   0.04  -0.04     0.09
  MONTH TO DATE    0.78                      1.07  -0.29     4.84
  SINCE MAR 1      4.33                      3.40   0.93     6.83
  SINCE JAN 1      5.19                      4.05   1.14     8.21

SNOWFALL (IN)
  YESTERDAY        0.0           0.0  2002   0.0    0.0      0.0
                                      2001
  MONTH TO DATE    0.0                       0.5   -0.5       T
  SINCE MAR 1      7.2                      10.0   -2.8      1.7
  SINCE JUL 1     31.4                      31.8   -0.4     42.8
  SNOW DEPTH       0

DEGREE DAYS
 HEATING
  YESTERDAY        0                         4     -4        5
  MONTH TO DATE  132                       145    -13      199
  SINCE MAR 1   1096                      1282   -186     1187
  SINCE JUL 1   4605                      5585   -980     5209

 COOLING
  YESTERDAY        9                         1      8        0
  MONTH TO DATE   22                        13      9        1
  SINCE MAR 1     22                        15      7        1
  SINCE JAN 1     22                        15      7        1
..................................................................


WIND (MPH)
  HIGHEST WIND SPEED    31   HIGHEST WIND DIRECTION     S (200)
  HIGHEST GUST SPEED    42   HIGHEST GUST DIRECTION     S (190)
  AVERAGE WIND SPEED    15.0


SKY COVER
  POSSIBLE SUNSHINE  MM
  AVERAGE SKY COVER 0.0


WEATHER CONDITIONS
 THE FOLLOWING WEATHER WAS RECORDED YESTERDAY.
  NO SIGNIFICANT WEATHER WAS OBSERVED.


RELATIVE HUMIDITY (PERCENT)
 HIGHEST    32          1100 PM
 LOWEST     11          1200 AM
 AVERAGE    22

..........................................................


THE PUEBLO CO CLIMATE NORMALS FOR TODAY
                         NORMAL    RECORD    YEAR
 MAXIMUM TEMPERATURE (F)   79       100      2000
 MINIMUM TEMPERATURE (F)   46        32      1893


SUNRISE AND SUNSET
MAY 23 2016...........SUNRISE   541 AM MDT   SUNSET   809 PM MDT
MAY 24 2016...........SUNRISE   540 AM MDT   SUNSET   810 PM MDT


-  INDICATES NEGATIVE NUMBERS.
R  INDICATES RECORD WAS SET OR TIED.
MM INDICATES DATA IS MISSING.
T  INDICATES TRACE AMOUNT.




$$
