000
CDUS45 KPUB 231206
CLIPUB


CLIMATE REPORT
NATIONAL WEATHER SERVICE PUEBLO
505 AM MST THU FEB 23 2017


...................................

...THE PUEBLO CO CLIMATE SUMMARY FOR FEBRUARY 22 2017...

CLIMATE NORMAL PERIOD 1981 TO 2010
CLIMATE RECORD PERIOD 1888 TO 2017


WEATHER ITEM   OBSERVED TIME   RECORD YEAR NORMAL DEPARTURE LAST
                VALUE   (LST)  VALUE       VALUE  FROM      YEAR
                                                  NORMAL
..................................................................
TEMPERATURE (F)
 YESTERDAY
  MAXIMUM         74R   137 PM  74    2017  52     22       57
  MINIMUM         38    643 AM -10    1911  19     19       22
  AVERAGE         56                        36     20       40

PRECIPITATION (IN)
  YESTERDAY        0.00          0.38 1894   0.01  -0.01     0.00
  MONTH TO DATE    0.17                      0.21  -0.04     0.33
  SINCE DEC 1      1.68                      0.94   0.74     1.26
  SINCE JAN 1      0.92                      0.56   0.36     0.86

SNOWFALL (IN)
  YESTERDAY        0.0           5.7  2015   0.2   -0.2      0.0
  MONTH TO DATE    0.0                       3.1   -3.1      5.8
  SINCE DEC 1     14.2                      15.1   -0.9     17.8
  SINCE JUL 1     14.2                      21.1   -6.9     24.2
  SNOW DEPTH       0

DEGREE DAYS
 HEATING
  YESTERDAY        9                        29    -20       25
  MONTH TO DATE  437                       702   -265      551
  SINCE DEC 1   2521                      2853   -332     2482
  SINCE JUL 1   3303                      4134   -831     3356

 COOLING
  YESTERDAY        0                         0      0        0
  MONTH TO DATE    0                         0      0        0
  SINCE DEC 1      0                         0      0        0
  SINCE JAN 1      0                         0      0        0
..................................................................


WIND (MPH)
  HIGHEST WIND SPEED    33   HIGHEST WIND DIRECTION    SW (210)
  HIGHEST GUST SPEED    42   HIGHEST GUST DIRECTION    SW (210)
  AVERAGE WIND SPEED    15.0


SKY COVER
  POSSIBLE SUNSHINE  MM
  AVERAGE SKY COVER 0.0


WEATHER CONDITIONS
 THE FOLLOWING WEATHER WAS RECORDED YESTERDAY.
  NO SIGNIFICANT WEATHER WAS OBSERVED.


RELATIVE HUMIDITY (PERCENT)
 HIGHEST    48           700 AM
 LOWEST      9           200 PM
 AVERAGE    29

..........................................................


THE PUEBLO CO CLIMATE NORMALS FOR TODAY
                         NORMAL    RECORD    YEAR
 MAXIMUM TEMPERATURE (F)   53        75      2009
 MINIMUM TEMPERATURE (F)   19        -8      1911


SUNRISE AND SUNSET
FEBRUARY 23 2017......SUNRISE   638 AM MST   SUNSET   545 PM MST
FEBRUARY 24 2017......SUNRISE   636 AM MST   SUNSET   546 PM MST


-  INDICATES NEGATIVE NUMBERS.
R  INDICATES RECORD WAS SET OR TIED.
MM INDICATES DATA IS MISSING.
T  INDICATES TRACE AMOUNT.




$$
