000
CDUS45 KPUB 190022
CLIPUB


CLIMATE REPORT
NATIONAL WEATHER SERVICE PUEBLO
622 PM MDT FRI APR 18 2014


...................................

...THE PUEBLO CO CLIMATE SUMMARY FOR APRIL 18 2014...
VALID TODAY AS OF 0500 PM LOCAL TIME.

CLIMATE NORMAL PERIOD 1981 TO 2010
CLIMATE RECORD PERIOD 1888 TO 2014


WEATHER ITEM   OBSERVED TIME   RECORD YEAR NORMAL DEPARTURE LAST
                VALUE   (LST)  VALUE       VALUE  FROM      YEAR
                                                  NORMAL
..................................................................
TEMPERATURE (F)
 TODAY
  MAXIMUM         82    237 PM  88    2000  68     14       38
                                      1987
  MINIMUM         34    526 AM  20    1922  35     -1       22
  AVERAGE         58                        51      7       30

PRECIPITATION (IN)
  TODAY            0.00          1.92 1942   0.05  -0.05      T
  MONTH TO DATE    1.09                      0.75   0.34     0.17
  SINCE MAR 1      1.85                      1.68   0.17     0.38
  SINCE JAN 1      2.58                      2.33   0.25     1.07

SNOWFALL (IN)
  TODAY            0.0           4.1  1975   0.1   -0.1      0.1
  MONTH TO DATE    8.3                       2.6    5.7      1.6
  SINCE MAR 1     10.7                       8.3    2.4      7.3
  SINCE JUL 1     29.3                      30.1   -0.8     22.0
  SNOW DEPTH       0

DEGREE DAYS
 HEATING
  TODAY            7                        14     -7       35
  MONTH TO DATE  278                       294    -16      363
  SINCE MAR 1    950                       996    -46     1098
  SINCE JUL 1   5155                      5299   -144     5335

 COOLING
  TODAY            0                         0      0        0
  MONTH TO DATE    2                         0      2        0
  SINCE MAR 1      2                         0      2        0
  SINCE JAN 1      2                         0      2        0
..................................................................


WIND (MPH)
  HIGHEST WIND SPEED    25   HIGHEST WIND DIRECTION    SW (210)
  HIGHEST GUST SPEED    36   HIGHEST GUST DIRECTION    SW (210)
  AVERAGE WIND SPEED     7.2


SKY COVER
  POSSIBLE SUNSHINE  MM
  AVERAGE SKY COVER 0.0


WEATHER CONDITIONS
 THE FOLLOWING WEATHER WAS RECORDED TODAY.
  NO SIGNIFICANT WEATHER WAS OBSERVED.


RELATIVE HUMIDITY (PERCENT)
 HIGHEST    92           300 AM
 LOWEST     11           400 PM
 AVERAGE    52

..........................................................


THE PUEBLO CO CLIMATE NORMALS FOR TOMORROW
                         NORMAL    RECORD    YEAR
 MAXIMUM TEMPERATURE (F)   68        86      1989
                                             1962
                                             1960
 MINIMUM TEMPERATURE (F)   35        20      2013


SUNRISE AND SUNSET
APRIL 18 2014.........SUNRISE   618 AM MDT   SUNSET   737 PM MDT
APRIL 19 2014.........SUNRISE   617 AM MDT   SUNSET   738 PM MDT


-  INDICATES NEGATIVE NUMBERS.
R  INDICATES RECORD WAS SET OR TIED.
MM INDICATES DATA IS MISSING.
T  INDICATES TRACE AMOUNT.




$$
