000
CDUS45 KPUB 011055
CLIPUB


CLIMATE REPORT
NATIONAL WEATHER SERVICE PUEBLO
454 AM MDT WED OCT 1 2014


...................................

...THE PUEBLO CO CLIMATE SUMMARY FOR SEPTEMBER 30 2014...

CLIMATE NORMAL PERIOD 1981 TO 2010
CLIMATE RECORD PERIOD 1888 TO 2014


WEATHER ITEM   OBSERVED TIME   RECORD YEAR NORMAL DEPARTURE LAST
                VALUE   (LST)  VALUE       VALUE  FROM      YEAR
                                                  NORMAL
..................................................................
TEMPERATURE (F)
 YESTERDAY
  MAXIMUM         76    315 PM  92    1989  76      0       86
  MINIMUM         40    611 AM  27    1984  41     -1       54
  AVERAGE         58                        58      0       70

PRECIPITATION (IN)
  YESTERDAY        0.00          1.00 1959   0.02  -0.02     0.00
  MONTH TO DATE    0.62                      0.77  -0.15     1.27
  SINCE SEP 1      0.62                      0.77  -0.15     1.27
  SINCE JAN 1     10.22                     11.00  -0.78     9.07

SNOWFALL (IN)
  YESTERDAY        0.0           4.5  1959   0.0    0.0      0.0
  MONTH TO DATE    0.0                       0.3   -0.3      0.0
  SINCE SEP 1      0.0                       0.3   -0.3      0.0
  SINCE JUL 1      T                         0.3   -0.3       T
  SNOW DEPTH       0

DEGREE DAYS
 HEATING
  YESTERDAY        7                         7      0        0
  MONTH TO DATE   53                        95    -42       25
  SINCE SEP 1     53                        93    -40       25
  SINCE JUL 1     54                        98    -44       25

 COOLING
  YESTERDAY        0                         0      0        5
  MONTH TO DATE  127                        83     44      167
  SINCE SEP 1    127                        83     44      167
  SINCE JAN 1   1002                       894    108     1227
..................................................................


WIND (MPH)
  HIGHEST WIND SPEED    25   HIGHEST WIND DIRECTION    NW (300)
  HIGHEST GUST SPEED    32   HIGHEST GUST DIRECTION     W (290)
  AVERAGE WIND SPEED    10.7


SKY COVER
  POSSIBLE SUNSHINE  MM
  AVERAGE SKY COVER 0.2


WEATHER CONDITIONS
 THE FOLLOWING WEATHER WAS RECORDED YESTERDAY.
  NO SIGNIFICANT WEATHER WAS OBSERVED.


RELATIVE HUMIDITY (PERCENT)
 HIGHEST    89           400 AM
 LOWEST     18           200 PM
 AVERAGE    54

..........................................................


THE PUEBLO CO CLIMATE NORMALS FOR TODAY
                         NORMAL    RECORD    YEAR
 MAXIMUM TEMPERATURE (F)   75        92      1964
 MINIMUM TEMPERATURE (F)   40        25      1985


SUNRISE AND SUNSET
OCTOBER  1 2014.......SUNRISE   654 AM MDT   SUNSET   641 PM MDT
OCTOBER  2 2014.......SUNRISE   655 AM MDT   SUNSET   639 PM MDT


-  INDICATES NEGATIVE NUMBERS.
R  INDICATES RECORD WAS SET OR TIED.
MM INDICATES DATA IS MISSING.
T  INDICATES TRACE AMOUNT.




$$
