000
CDUS45 KPUB 090021
CLIPUB


CLIMATE REPORT
NATIONAL WEATHER SERVICE PUEBLO
521 PM MST MON FEB 8 2016


...................................

...THE PUEBLO CO CLIMATE SUMMARY FOR FEBRUARY 8 2016...
VALID TODAY AS OF 0500 PM LOCAL TIME.

CLIMATE NORMAL PERIOD 1981 TO 2010
CLIMATE RECORD PERIOD 1888 TO 2016


WEATHER ITEM   OBSERVED TIME   RECORD YEAR NORMAL DEPARTURE LAST
                VALUE   (LST)  VALUE       VALUE  FROM      YEAR
                                                  NORMAL
..................................................................
TEMPERATURE (F)
 TODAY
  MAXIMUM         49    401 PM  76    1954  49      0       74
  MINIMUM         22    714 AM -24    1933  16      6       36
  AVERAGE         36                        32      4       55

PRECIPITATION (IN)
  TODAY            0.00          0.25 1927   0.01  -0.01     0.00
  MONTH TO DATE    0.35                      0.07   0.28      T
  SINCE DEC 1      1.28                      0.80   0.48     0.49
  SINCE JAN 1      0.88                      0.42   0.46     0.25

SNOWFALL (IN)
  TODAY            0.0           4.0  1956   0.1   -0.1      0.0
  MONTH TO DATE    5.8                       1.2    4.6       T
  SINCE DEC 1     17.8                      13.2    4.6      7.7
  SINCE JUL 1     24.2                      19.2    5.0     17.6
  SNOW DEPTH       0

DEGREE DAYS
 HEATING
  TODAY           29                        33     -4       10
  MONTH TO DATE  305                       267     38      162
  SINCE DEC 1   2236                      2418   -182     2198
  SINCE JUL 1   3110                      3699   -589     3360

 COOLING
  TODAY            0                         0      0        0
  MONTH TO DATE    0                         0      0        0
  SINCE DEC 1      0                         0      0        0
  SINCE JAN 1      0                         0      0        0
..................................................................


WIND (MPH)
  HIGHEST WIND SPEED     9   HIGHEST WIND DIRECTION     E (100)
  HIGHEST GUST SPEED    12   HIGHEST GUST DIRECTION    SE (130)
  AVERAGE WIND SPEED     2.3


SKY COVER
  POSSIBLE SUNSHINE  MM
  AVERAGE SKY COVER 0.3


WEATHER CONDITIONS
 THE FOLLOWING WEATHER WAS RECORDED TODAY.
  NO SIGNIFICANT WEATHER WAS OBSERVED.


RELATIVE HUMIDITY (PERCENT)
 HIGHEST    81           500 AM
 LOWEST     34           300 PM
 AVERAGE    58

..........................................................


THE PUEBLO CO CLIMATE NORMALS FOR TOMORROW
                         NORMAL    RECORD    YEAR
 MAXIMUM TEMPERATURE (F)   49        78      1996
 MINIMUM TEMPERATURE (F)   16       -17      2011
                                             1933


SUNRISE AND SUNSET
FEBRUARY  8 2016......SUNRISE   657 AM MST   SUNSET   528 PM MST
FEBRUARY  9 2016......SUNRISE   656 AM MST   SUNSET   529 PM MST


-  INDICATES NEGATIVE NUMBERS.
R  INDICATES RECORD WAS SET OR TIED.
MM INDICATES DATA IS MISSING.
T  INDICATES TRACE AMOUNT.




$$
