000
CDUS45 KPUB 261027
CLIPUB


CLIMATE REPORT
NATIONAL WEATHER SERVICE PUEBLO
427 AM MDT THU MAR 26 2015


...................................

...THE PUEBLO CO CLIMATE SUMMARY FOR MARCH 25 2015...

CLIMATE NORMAL PERIOD 1981 TO 2010
CLIMATE RECORD PERIOD 1888 TO 2015


WEATHER ITEM   OBSERVED TIME   RECORD YEAR NORMAL DEPARTURE LAST
                VALUE   (LST)  VALUE       VALUE  FROM      YEAR
                                                  NORMAL
..................................................................
TEMPERATURE (F)
 YESTERDAY
  MAXIMUM         51   1207 AM  81    2004  62    -11       57
  MINIMUM         29   1159 PM   3    1965  28      1       23
  AVERAGE         40                        45     -5       40

PRECIPITATION (IN)
  YESTERDAY        0.08          0.38 1942   0.03   0.05     0.00
  MONTH TO DATE    0.57                      0.72  -0.15     0.76
  SINCE MAR 1      0.57                      0.72  -0.15     0.76
  SINCE JAN 1      1.95                      1.37   0.58     1.49

SNOWFALL (IN)
  YESTERDAY        T             6.5  1941   0.2   -0.2      0.0
  MONTH TO DATE    1.7                       4.5   -2.8      2.4
  SINCE MAR 1      1.7                       4.5   -2.8      2.4
  SINCE JUL 1     42.8                      26.3   16.5     21.0
  SNOW DEPTH       0

DEGREE DAYS
 HEATING
  YESTERDAY       25                        20      5       25
  MONTH TO DATE  538                       584    -46      586
  SINCE MAR 1    538                       584    -46      586
  SINCE JUL 1   4560                      4887   -327     4791

 COOLING
  YESTERDAY        0                         0      0        0
  MONTH TO DATE    0                         0      0        0
  SINCE MAR 1      0                         0      0        0
  SINCE JAN 1      0                         0      0        0
..................................................................


WIND (MPH)
  HIGHEST WIND SPEED    32   HIGHEST WIND DIRECTION     N (10)
  HIGHEST GUST SPEED    39   HIGHEST GUST DIRECTION     N (20)
  AVERAGE WIND SPEED     8.6


SKY COVER
  POSSIBLE SUNSHINE  MM
  AVERAGE SKY COVER 0.4


WEATHER CONDITIONS
 THE FOLLOWING WEATHER WAS RECORDED YESTERDAY.
  RAIN
  LIGHT RAIN
  LIGHT SNOW
  FOG


RELATIVE HUMIDITY (PERCENT)
 HIGHEST    92          1000 PM
 LOWEST     42          1200 AM
 AVERAGE    67

..........................................................


THE PUEBLO CO CLIMATE NORMALS FOR TODAY
                         NORMAL    RECORD    YEAR
 MAXIMUM TEMPERATURE (F)   62        84      2004
 MINIMUM TEMPERATURE (F)   28        -6      1965


SUNRISE AND SUNSET
MARCH 26 2015.........SUNRISE   653 AM MDT   SUNSET   715 PM MDT
MARCH 27 2015.........SUNRISE   651 AM MDT   SUNSET   716 PM MDT


-  INDICATES NEGATIVE NUMBERS.
R  INDICATES RECORD WAS SET OR TIED.
MM INDICATES DATA IS MISSING.
T  INDICATES TRACE AMOUNT.




$$
