000
CDUS45 KPUB 241200
CLIPUB


CLIMATE REPORT
NATIONAL WEATHER SERVICE PUEBLO
500 AM MST FRI FEB 24 2017


...................................

...THE PUEBLO CO CLIMATE SUMMARY FOR FEBRUARY 23 2017...

CLIMATE NORMAL PERIOD 1981 TO 2010
CLIMATE RECORD PERIOD 1888 TO 2017


WEATHER ITEM   OBSERVED TIME   RECORD YEAR NORMAL DEPARTURE LAST
                VALUE   (LST)  VALUE       VALUE  FROM      YEAR
                                                  NORMAL
..................................................................
TEMPERATURE (F)
 YESTERDAY
  MAXIMUM         54    142 PM  75    2009  53      1       48
  MINIMUM         23   1159 PM  -8    1911  19      4       27
  AVERAGE         39                        36      3       38

PRECIPITATION (IN)
  YESTERDAY        T             0.23 2012   0.02  -0.02     0.00
  MONTH TO DATE    0.17                      0.23  -0.06     0.33
  SINCE DEC 1      1.68                      0.96   0.72     1.26
  SINCE JAN 1      0.92                      0.58   0.34     0.86

SNOWFALL (IN)
  YESTERDAY        0.0           3.5  2012   0.1   -0.1      0.0
  MONTH TO DATE    0.0                       3.2   -3.2      5.8
  SINCE DEC 1     14.2                      15.2   -1.0     17.8
  SINCE JUL 1     14.2                      21.2   -7.0     24.2
  SNOW DEPTH       0

DEGREE DAYS
 HEATING
  YESTERDAY       26                        29     -3       27
  MONTH TO DATE  463                       731   -268      578
  SINCE DEC 1   2547                      2882   -335     2509
  SINCE JUL 1   3329                      4163   -834     3383

 COOLING
  YESTERDAY        0                         0      0        0
  MONTH TO DATE    0                         0      0        0
  SINCE DEC 1      0                         0      0        0
  SINCE JAN 1      0                         0      0        0
..................................................................


WIND (MPH)
  HIGHEST WIND SPEED    35   HIGHEST WIND DIRECTION    NW (300)
  HIGHEST GUST SPEED    42   HIGHEST GUST DIRECTION    NW (310)
  AVERAGE WIND SPEED    15.2


SKY COVER
  POSSIBLE SUNSHINE  MM
  AVERAGE SKY COVER 0.2


WEATHER CONDITIONS
 THE FOLLOWING WEATHER WAS RECORDED YESTERDAY.
  NO SIGNIFICANT WEATHER WAS OBSERVED.


RELATIVE HUMIDITY (PERCENT)
 HIGHEST    63           700 AM
 LOWEST     11           500 PM
 AVERAGE    37

..........................................................


THE PUEBLO CO CLIMATE NORMALS FOR TODAY
                         NORMAL    RECORD    YEAR
 MAXIMUM TEMPERATURE (F)   53        79      1986
 MINIMUM TEMPERATURE (F)   20       -17      1894


SUNRISE AND SUNSET
FEBRUARY 24 2017......SUNRISE   636 AM MST   SUNSET   546 PM MST
FEBRUARY 25 2017......SUNRISE   635 AM MST   SUNSET   547 PM MST


-  INDICATES NEGATIVE NUMBERS.
R  INDICATES RECORD WAS SET OR TIED.
MM INDICATES DATA IS MISSING.
T  INDICATES TRACE AMOUNT.




$$
