406
CDUS45 KPUB 241037
CLIPUB


CLIMATE REPORT
NATIONAL WEATHER SERVICE PUEBLO
436 AM MDT MON APR 24 2017


...................................

...THE PUEBLO CO CLIMATE SUMMARY FOR APRIL 23 2017...

CLIMATE NORMAL PERIOD 1981 TO 2010
CLIMATE RECORD PERIOD 1888 TO 2017


WEATHER ITEM   OBSERVED TIME   RECORD YEAR NORMAL DEPARTURE LAST
                VALUE   (LST)  VALUE       VALUE  FROM      YEAR
                                                  NORMAL
..................................................................
TEMPERATURE (F)
 YESTERDAY
  MAXIMUM         78    451 PM  90    1989  70      8       84
  MINIMUM         34    406 AM  20    2013  36     -2       46
  AVERAGE         56                        53      3       65

PRECIPITATION (IN)
  YESTERDAY        0.00          1.63 1905   0.06  -0.06     0.00
  MONTH TO DATE    2.34                      1.02   1.32     1.71
  SINCE MAR 1      3.29                      1.95   1.34     2.29
  SINCE JAN 1      4.21                      2.60   1.61     3.15

SNOWFALL (IN)
  YESTERDAY        0.0           1.6  2013   0.1   -0.1      0.0
  MONTH TO DATE    5.6                       3.2    2.4      0.2
  SINCE MAR 1      5.6                       8.9   -3.3      4.1
  SINCE JUL 1     19.8                      30.7  -10.9     28.3
  SNOW DEPTH       0

DEGREE DAYS
 HEATING
  YESTERDAY        9                        12     -3        0
  MONTH TO DATE  251                       359   -108      264
  SINCE MAR 1    727                      1061   -334      862
  SINCE JUL 1   4227                      5364  -1137     4371

 COOLING
  YESTERDAY        0                         0      0        0
  MONTH TO DATE    0                         0      0        0
  SINCE MAR 1      0                         0      0        0
  SINCE JAN 1      0                         0      0        0
..................................................................


WIND (MPH)
  HIGHEST WIND SPEED    13   HIGHEST WIND DIRECTION    SE (130)
  HIGHEST GUST SPEED    20   HIGHEST GUST DIRECTION     E (100)
  AVERAGE WIND SPEED     3.1


SKY COVER
  POSSIBLE SUNSHINE  MM
  AVERAGE SKY COVER 0.0


WEATHER CONDITIONS
 THE FOLLOWING WEATHER WAS RECORDED YESTERDAY.
  NO SIGNIFICANT WEATHER WAS OBSERVED.


RELATIVE HUMIDITY (PERCENT)
 HIGHEST    92           400 AM
 LOWEST     22           500 PM
 AVERAGE    57

..........................................................


THE PUEBLO CO CLIMATE NORMALS FOR TODAY
                         NORMAL    RECORD    YEAR
 MAXIMUM TEMPERATURE (F)   70        92      2012
 MINIMUM TEMPERATURE (F)   37        19      2013


SUNRISE AND SUNSET
APRIL 24 2017.........SUNRISE   610 AM MDT   SUNSET   743 PM MDT
APRIL 25 2017.........SUNRISE   608 AM MDT   SUNSET   744 PM MDT


-  INDICATES NEGATIVE NUMBERS.
R  INDICATES RECORD WAS SET OR TIED.
MM INDICATES DATA IS MISSING.
T  INDICATES TRACE AMOUNT.




$$
