000
CDUS45 KPUB 290027
CLIPUB


CLIMATE REPORT
NATIONAL WEATHER SERVICE PUEBLO
627 PM MDT TUE OCT 28 2014


...................................

...THE PUEBLO CO CLIMATE SUMMARY FOR OCTOBER 28 2014...
VALID TODAY AS OF 0500 PM LOCAL TIME.

CLIMATE NORMAL PERIOD 1981 TO 2010
CLIMATE RECORD PERIOD 1888 TO 2014


WEATHER ITEM   OBSERVED TIME   RECORD YEAR NORMAL DEPARTURE LAST
                VALUE   (LST)  VALUE       VALUE  FROM      YEAR
                                                  NORMAL
..................................................................
TEMPERATURE (F)
 TODAY
  MAXIMUM         60    358 PM  85    1994  65     -5       58
  MINIMUM         34    734 AM  12    1917  30      4       33
  AVERAGE         47                        47      0       46

PRECIPITATION (IN)
  TODAY            0.00          0.58 1958   0.02  -0.02     0.00
  MONTH TO DATE    0.91                      0.66   0.25     0.24
  SINCE SEP 1      1.53                      1.43   0.10     1.51
  SINCE JAN 1     11.13                     11.66  -0.53     9.31

SNOWFALL (IN)
  TODAY            0.0           2.9  1917   0.1   -0.1      0.0
  MONTH TO DATE    0.0                       1.1   -1.1      0.1
  SINCE SEP 1      0.0                       1.4   -1.4      0.1
  SINCE JUL 1      T                         1.4   -1.4      0.1
  SNOW DEPTH       0

DEGREE DAYS
 HEATING
  TODAY           18                        18      0       19
  MONTH TO DATE  223                       357   -134      377
  SINCE SEP 1    276                       450   -174      402
  SINCE JUL 1    277                       455   -178      402

 COOLING
  TODAY            0                         0      0        0
  MONTH TO DATE    0                         0      0        3
  SINCE SEP 1    127                        83     44      170
  SINCE JAN 1   1002                       894    108     1230
..................................................................


WIND (MPH)
  HIGHEST WIND SPEED    12   HIGHEST WIND DIRECTION     E (100)
  HIGHEST GUST SPEED    17   HIGHEST GUST DIRECTION     E (90)
  AVERAGE WIND SPEED     3.3


SKY COVER
  POSSIBLE SUNSHINE  MM
  AVERAGE SKY COVER 0.0


WEATHER CONDITIONS
 THE FOLLOWING WEATHER WAS RECORDED TODAY.
  NO SIGNIFICANT WEATHER WAS OBSERVED.


RELATIVE HUMIDITY (PERCENT)
 HIGHEST    75          1200 AM
 LOWEST     23           300 PM
 AVERAGE    49

..........................................................


THE PUEBLO CO CLIMATE NORMALS FOR TOMORROW
                         NORMAL    RECORD    YEAR
 MAXIMUM TEMPERATURE (F)   65        87      2003
 MINIMUM TEMPERATURE (F)   29        -4      1917


SUNRISE AND SUNSET
OCTOBER 28 2014.......SUNRISE   720 AM MDT   SUNSET   603 PM MDT
OCTOBER 29 2014.......SUNRISE   721 AM MDT   SUNSET   602 PM MDT


-  INDICATES NEGATIVE NUMBERS.
R  INDICATES RECORD WAS SET OR TIED.
MM INDICATES DATA IS MISSING.
T  INDICATES TRACE AMOUNT.




$$
