000
CDUS45 KPUB 291027
CLIPUB


CLIMATE REPORT
NATIONAL WEATHER SERVICE PUEBLO
426 AM MDT SAT AUG 29 2015


...................................

...THE PUEBLO CO CLIMATE SUMMARY FOR AUGUST 28 2015...

CLIMATE NORMAL PERIOD 1981 TO 2010
CLIMATE RECORD PERIOD 1888 TO 2015


WEATHER ITEM   OBSERVED TIME   RECORD YEAR NORMAL DEPARTURE LAST
                VALUE   (LST)  VALUE       VALUE  FROM      YEAR
                                                  NORMAL
..................................................................
TEMPERATURE (F)
 YESTERDAY
  MAXIMUM         91    153 PM 100    1970  88      3       81
  MINIMUM         58    528 AM  42    1964  55      3       53
  AVERAGE         75                        72      3       67

PRECIPITATION (IN)
  YESTERDAY        0.00          0.94 1978   0.06  -0.06     0.01
  MONTH TO DATE    4.24                      2.15   2.09     1.26
  SINCE JUN 1      6.10                      5.57   0.53     5.40
  SINCE JAN 1     15.02                     10.06   4.96     9.60

SNOWFALL (IN)
  YESTERDAY        0.0           0.0  2002   0.0    0.0      0.0
  MONTH TO DATE    0.0                       0.0    0.0       T
  SINCE JUN 1      0.0                       0.0    0.0       T
  SINCE JUL 1      0.0                       0.0    0.0       T
  SNOW DEPTH       0

DEGREE DAYS
 HEATING
  YESTERDAY        0                         0      0        0
  MONTH TO DATE    0                         0      0        0
  SINCE JUN 1      0                        26    -26        4
  SINCE JUL 1      0                         1     -1        1

 COOLING
  YESTERDAY       10                         7      3        2
  MONTH TO DATE  364                       246    118      242
  SINCE JUN 1   1007                       757    250      803
  SINCE JAN 1   1011                       791    220      855
..................................................................


WIND (MPH)
  HIGHEST WIND SPEED    15   HIGHEST WIND DIRECTION    NE (60)
  HIGHEST GUST SPEED    22   HIGHEST GUST DIRECTION    NE (50)
  AVERAGE WIND SPEED     6.1


SKY COVER
  POSSIBLE SUNSHINE  MM
  AVERAGE SKY COVER 0.1


WEATHER CONDITIONS
 THE FOLLOWING WEATHER WAS RECORDED YESTERDAY.
  NO SIGNIFICANT WEATHER WAS OBSERVED.


RELATIVE HUMIDITY (PERCENT)
 HIGHEST    90           100 AM
 LOWEST     21           100 PM
 AVERAGE    56

..........................................................


THE PUEBLO CO CLIMATE NORMALS FOR TODAY
                         NORMAL    RECORD    YEAR
 MAXIMUM TEMPERATURE (F)   88       102      1970
 MINIMUM TEMPERATURE (F)   55        47      1917
                                             1911


SUNRISE AND SUNSET
AUGUST 29 2015........SUNRISE   625 AM MDT   SUNSET   733 PM MDT
AUGUST 30 2015........SUNRISE   626 AM MDT   SUNSET   731 PM MDT


-  INDICATES NEGATIVE NUMBERS.
R  INDICATES RECORD WAS SET OR TIED.
MM INDICATES DATA IS MISSING.
T  INDICATES TRACE AMOUNT.




$$
