000
CDUS45 KPUB 202329
CLIPUB


CLIMATE REPORT
NATIONAL WEATHER SERVICE PUEBLO
528 PM MDT TUE JUN 20 2017


...................................

...THE PUEBLO CO CLIMATE SUMMARY FOR JUNE 20 2017...
VALID TODAY AS OF 0500 PM LOCAL TIME.

CLIMATE NORMAL PERIOD 1981 TO 2010
CLIMATE RECORD PERIOD 1888 TO 2017


WEATHER ITEM   OBSERVED TIME   RECORD YEAR NORMAL DEPARTURE LAST
                VALUE   (LST)  VALUE       VALUE  FROM      YEAR
                                                  NORMAL
..................................................................
TEMPERATURE (F)
 TODAY
  MAXIMUM         99    345 PM 103    2006  89     10      100
                                      1974
  MINIMUM         57    508 AM  42    1979  54      3       66
  AVERAGE         78                        72      6       83

PRECIPITATION (IN)
  TODAY            0.00          0.80 2011   0.05  -0.05     0.00
  MONTH TO DATE    1.46                      0.91   0.55     0.33
  SINCE JUN 1      1.46                      0.91   0.55     0.33
  SINCE JAN 1     10.52                      5.40   5.12     7.50

SNOWFALL (IN)
  TODAY            0.0           0.0  2003   0.0    0.0      0.0
  MONTH TO DATE    0.0                       0.0    0.0       T
  SINCE JUN 1      0.0                       0.0    0.0       T
  SINCE JUL 1     28.2                      31.8   -3.6     31.4
  SNOW DEPTH       0

DEGREE DAYS
 HEATING
  TODAY            0                         0      0        0
  MONTH TO DATE    0                        22    -22        1
  SINCE JUN 1      0                        22    -22        1
  SINCE JUL 1   4538                      5635  -1097     4624

 COOLING
  TODAY           13                         7      6       18
  MONTH TO DATE  138                        92     46      191
  SINCE JUN 1    138                        92     46      191
  SINCE JAN 1    148                       126     22      221
..................................................................


WIND (MPH)
  HIGHEST WIND SPEED    13   HIGHEST WIND DIRECTION    SE (120)
  HIGHEST GUST SPEED    17   HIGHEST GUST DIRECTION    SE (120)
  AVERAGE WIND SPEED     6.0


SKY COVER
  POSSIBLE SUNSHINE  MM
  AVERAGE SKY COVER 0.0


WEATHER CONDITIONS
 THE FOLLOWING WEATHER WAS RECORDED TODAY.
  NO SIGNIFICANT WEATHER WAS OBSERVED.


RELATIVE HUMIDITY (PERCENT)
 HIGHEST    72           500 AM
 LOWEST     10           300 PM
 AVERAGE    41

..........................................................


THE PUEBLO CO CLIMATE NORMALS FOR TOMORROW
                         NORMAL    RECORD    YEAR
 MAXIMUM TEMPERATURE (F)   89       105      2016
 MINIMUM TEMPERATURE (F)   54        46      1982
                                             1906


SUNRISE AND SUNSET
JUNE 20 2017..........SUNRISE   535 AM MDT   SUNSET   825 PM MDT
JUNE 21 2017..........SUNRISE   535 AM MDT   SUNSET   825 PM MDT


-  INDICATES NEGATIVE NUMBERS.
R  INDICATES RECORD WAS SET OR TIED.
MM INDICATES DATA IS MISSING.
T  INDICATES TRACE AMOUNT.




$$
