000
CDUS45 KPUB 161046
CLIPUB


CLIMATE REPORT
NATIONAL WEATHER SERVICE PUEBLO
445 AM MDT WED APR 16 2014


...................................

...THE PUEBLO CO CLIMATE SUMMARY FOR APRIL 15 2014...

CLIMATE NORMAL PERIOD 1981 TO 2010
CLIMATE RECORD PERIOD 1888 TO 2014


WEATHER ITEM   OBSERVED TIME   RECORD YEAR NORMAL DEPARTURE LAST
                VALUE   (LST)  VALUE       VALUE  FROM      YEAR
                                                  NORMAL
..................................................................
TEMPERATURE (F)
 YESTERDAY
  MAXIMUM         70    406 PM  89    2002  67      3       72
  MINIMUM         26    550 AM  20    1996  34     -8       35
                                      1961
  AVERAGE         48                        50     -2       54

PRECIPITATION (IN)
  YESTERDAY        0.00          1.40 1900   0.05  -0.05     0.00
  MONTH TO DATE    1.00                      0.60   0.40     0.04
  SINCE MAR 1      1.76                      1.53   0.23     0.25
  SINCE JAN 1      2.49                      2.18   0.31     0.94

SNOWFALL (IN)
  YESTERDAY        0.0           3.0  1916   0.1   -0.1      0.0
  MONTH TO DATE    8.3                       2.2    6.1      0.8
  SINCE MAR 1     10.7                       7.9    2.8      6.5
  SINCE JUL 1     29.3                      29.7   -0.4     21.2
  SNOW DEPTH       0

DEGREE DAYS
 HEATING
  YESTERDAY       17                        15      2       11
  MONTH TO DATE  240                       252    -12      273
  SINCE MAR 1    912                       954    -42     1008
  SINCE JUL 1   5117                      5257   -140     5245

 COOLING
  YESTERDAY        0                         0      0        0
  MONTH TO DATE    2                         0      2        0
  SINCE MAR 1      2                         0      2        0
  SINCE JAN 1      2                         0      2        0
..................................................................


WIND (MPH)
  HIGHEST WIND SPEED    23   HIGHEST WIND DIRECTION    NW (300)
  HIGHEST GUST SPEED    27   HIGHEST GUST DIRECTION    NW (310)
  AVERAGE WIND SPEED     9.2


SKY COVER
  POSSIBLE SUNSHINE  MM
  AVERAGE SKY COVER 0.0


WEATHER CONDITIONS
 THE FOLLOWING WEATHER WAS RECORDED YESTERDAY.
  NO SIGNIFICANT WEATHER WAS OBSERVED.


RELATIVE HUMIDITY (PERCENT)
 HIGHEST    92           300 AM
 LOWEST     13           700 PM
 AVERAGE    53

..........................................................


THE PUEBLO CO CLIMATE NORMALS FOR TODAY
                         NORMAL    RECORD    YEAR
 MAXIMUM TEMPERATURE (F)   67        85      2006
                                             1985
                                             1964
 MINIMUM TEMPERATURE (F)   34        22      2011


SUNRISE AND SUNSET
APRIL 16 2014.........SUNRISE   621 AM MDT   SUNSET   735 PM MDT
APRIL 17 2014.........SUNRISE   620 AM MDT   SUNSET   736 PM MDT


-  INDICATES NEGATIVE NUMBERS.
R  INDICATES RECORD WAS SET OR TIED.
MM INDICATES DATA IS MISSING.
T  INDICATES TRACE AMOUNT.




$$
