000
CDUS45 KPUB 281124
CLIPUB


CLIMATE REPORT
NATIONAL WEATHER SERVICE PUEBLO
424 AM MST SUN DEC 28 2014


...................................

...THE PUEBLO CO CLIMATE SUMMARY FOR DECEMBER 27 2014...

CLIMATE NORMAL PERIOD 1981 TO 2010
CLIMATE RECORD PERIOD 1888 TO 2014


WEATHER ITEM   OBSERVED TIME   RECORD YEAR NORMAL DEPARTURE LAST
                VALUE   (LST)  VALUE       VALUE  FROM      YEAR
                                                  NORMAL
..................................................................
TEMPERATURE (F)
 YESTERDAY
  MAXIMUM         32    150 PM  75    1980  46    -14       58
  MINIMUM          3    721 AM -15    1911  13    -10       13
  AVERAGE         18                        30    -12       36

PRECIPITATION (IN)
  YESTERDAY        0.01          0.61 1979   0.01   0.00     0.00
  MONTH TO DATE    0.15                      0.34  -0.19     0.02
  SINCE DEC 1      0.15                      0.34  -0.19     0.02
  SINCE JAN 1     11.74                     12.53  -0.79     9.67

SNOWFALL (IN)
  YESTERDAY        0.3           6.6  1979   0.2    0.1      0.0
  MONTH TO DATE    0.9                       4.8   -3.9      2.0
  SINCE DEC 1      0.9                       4.8   -3.9      2.0
  SINCE JUL 1     10.8                      10.8    0.0      5.7
  SNOW DEPTH       T

DEGREE DAYS
 HEATING
  YESTERDAY       47                        35     12       29
  MONTH TO DATE  854                       943    -89      929
  SINCE DEC 1    854                       943    -89      929
  SINCE JUL 1   2016                      2224   -208     2112

 COOLING
  YESTERDAY        0                         0      0        0
  MONTH TO DATE    0                         0      0        0
  SINCE DEC 1      0                         0      0        0
  SINCE JAN 1   1002                       897    105     1230
..................................................................


WIND (MPH)
  HIGHEST WIND SPEED    12   HIGHEST WIND DIRECTION     S (160)
  HIGHEST GUST SPEED    15   HIGHEST GUST DIRECTION     S (160)
  AVERAGE WIND SPEED     4.3


SKY COVER
  POSSIBLE SUNSHINE  MM
  AVERAGE SKY COVER 0.1


WEATHER CONDITIONS
 THE FOLLOWING WEATHER WAS RECORDED YESTERDAY.
  LIGHT SNOW


RELATIVE HUMIDITY (PERCENT)
 HIGHEST    92           300 AM
 LOWEST     39           100 PM
 AVERAGE    66

..........................................................


THE PUEBLO CO CLIMATE NORMALS FOR TODAY
                         NORMAL    RECORD    YEAR
 MAXIMUM TEMPERATURE (F)   46        68      1999
 MINIMUM TEMPERATURE (F)   13       -15      1983


SUNRISE AND SUNSET
DECEMBER 28 2014......SUNRISE   714 AM MST   SUNSET   445 PM MST
DECEMBER 29 2014......SUNRISE   714 AM MST   SUNSET   446 PM MST


-  INDICATES NEGATIVE NUMBERS.
R  INDICATES RECORD WAS SET OR TIED.
MM INDICATES DATA IS MISSING.
T  INDICATES TRACE AMOUNT.




$$
