000
CDUS45 KPUB 311135
CLIPUB


CLIMATE REPORT
NATIONAL WEATHER SERVICE PUEBLO
435 AM MST SAT JAN 31 2015


...................................

...THE PUEBLO CO CLIMATE SUMMARY FOR JANUARY 30 2015...

CLIMATE NORMAL PERIOD 1981 TO 2010
CLIMATE RECORD PERIOD 1888 TO 2015


WEATHER ITEM   OBSERVED TIME   RECORD YEAR NORMAL DEPARTURE LAST
                VALUE   (LST)  VALUE       VALUE  FROM      YEAR
                                                  NORMAL
..................................................................
TEMPERATURE (F)
 YESTERDAY
  MAXIMUM         44    315 PM  76    1986  48     -4       58
  MINIMUM         27    442 AM -16    1956  15     12       28
  AVERAGE         36                        31      5       43

PRECIPITATION (IN)
  YESTERDAY        0.01          0.21 1901   0.01   0.00     0.00
  MONTH TO DATE    0.20                      0.34  -0.14     0.30
  SINCE DEC 1      0.44                      0.72  -0.28     0.33
  SINCE JAN 1      0.20                      0.34  -0.14     0.30

SNOWFALL (IN)
  YESTERDAY        0.0           3.3  2002   0.2   -0.2      0.0
  MONTH TO DATE    4.5                       6.3   -1.8      5.7
  SINCE DEC 1      7.7                      11.8   -4.1      7.9
  SINCE JUL 1     17.6                      17.8   -0.2     11.6
  SNOW DEPTH       0

DEGREE DAYS
 HEATING
  YESTERDAY       29                        34     -5       22
  MONTH TO DATE  941                      1034    -93     1007
  SINCE DEC 1   2010                      2116   -106     2062
  SINCE JUL 1   3172                      3397   -225     3245

 COOLING
  YESTERDAY        0                         0      0        0
  MONTH TO DATE    0                         0      0        0
  SINCE DEC 1      0                         0      0        0
  SINCE JAN 1      0                         0      0        0
..................................................................


WIND (MPH)
  HIGHEST WIND SPEED     8   HIGHEST WIND DIRECTION     N (360)
  HIGHEST GUST SPEED    10   HIGHEST GUST DIRECTION     N (350)
  AVERAGE WIND SPEED     1.6


SKY COVER
  POSSIBLE SUNSHINE  MM
  AVERAGE SKY COVER 0.8


WEATHER CONDITIONS
 THE FOLLOWING WEATHER WAS RECORDED YESTERDAY.
  LIGHT RAIN


RELATIVE HUMIDITY (PERCENT)
 HIGHEST    92           900 PM
 LOWEST     53           100 PM
 AVERAGE    73

..........................................................


THE PUEBLO CO CLIMATE NORMALS FOR TODAY
                         NORMAL    RECORD    YEAR
 MAXIMUM TEMPERATURE (F)   48        76      1997
 MINIMUM TEMPERATURE (F)   15       -22      1951


SUNRISE AND SUNSET
JANUARY 31 2015.......SUNRISE   704 AM MST   SUNSET   519 PM MST
FEBRUARY  1 2015......SUNRISE   703 AM MST   SUNSET   520 PM MST


-  INDICATES NEGATIVE NUMBERS.
R  INDICATES RECORD WAS SET OR TIED.
MM INDICATES DATA IS MISSING.
T  INDICATES TRACE AMOUNT.




$$
