370
CDUS45 KPUB 010025
CLIPUB


CLIMATE REPORT
NATIONAL WEATHER SERVICE PUEBLO
625 PM MDT SUN APR 30 2017


...................................

...THE PUEBLO CO CLIMATE SUMMARY FOR APRIL 30 2017...
VALID TODAY AS OF 0500 PM LOCAL TIME.

CLIMATE NORMAL PERIOD 1981 TO 2010
CLIMATE RECORD PERIOD 1888 TO 2017


WEATHER ITEM   OBSERVED TIME   RECORD YEAR NORMAL DEPARTURE LAST
                VALUE   (LST)  VALUE       VALUE  FROM      YEAR
                                                  NORMAL
..................................................................
TEMPERATURE (F)
 TODAY
  MAXIMUM         59    227 PM  93    1992  72    -13       48
  MINIMUM         32    409 AM  19    1903  39     -7       36
  AVERAGE         46                        55     -9       42

PRECIPITATION (IN)
  TODAY            0.00          2.00 1999   0.06  -0.06     0.00
  MONTH TO DATE    4.19                      1.40   2.79     2.97
  SINCE MAR 1      5.14                      2.33   2.81     3.55
  SINCE JAN 1      6.06                      2.98   3.08     4.41

SNOWFALL (IN)
  TODAY            0.0           4.8  1990   0.1   -0.1      0.0
  MONTH TO DATE   14.9                       3.8   11.1      3.3
  SINCE MAR 1     14.9                       9.5    5.4      7.2
  SINCE JUL 1     29.1                      31.3   -2.2     31.4
  SNOW DEPTH       0

DEGREE DAYS
 HEATING
  TODAY           19                        10      9       23
  MONTH TO DATE  368                       436    -68      366
  SINCE MAR 1    844                      1137   -293      964
  SINCE JUL 1   4344                      5440  -1096     4473

 COOLING
  TODAY            0                         0      0        0
  MONTH TO DATE    0                         2     -2        0
  SINCE MAR 1      0                         2     -2        0
  SINCE JAN 1      0                         2     -2        0
..................................................................


WIND (MPH)
  HIGHEST WIND SPEED    26   HIGHEST WIND DIRECTION     N (360)
  HIGHEST GUST SPEED    33   HIGHEST GUST DIRECTION     N (360)
  AVERAGE WIND SPEED    16.1


SKY COVER
  POSSIBLE SUNSHINE  MM
  AVERAGE SKY COVER 0.2


WEATHER CONDITIONS
 THE FOLLOWING WEATHER WAS RECORDED TODAY.
  NO SIGNIFICANT WEATHER WAS OBSERVED.


RELATIVE HUMIDITY (PERCENT)
 HIGHEST    70           100 AM
 LOWEST     35           200 PM
 AVERAGE    53

..........................................................


THE PUEBLO CO CLIMATE NORMALS FOR TOMORROW
                         NORMAL    RECORD    YEAR
 MAXIMUM TEMPERATURE (F)   72        94      1992
 MINIMUM TEMPERATURE (F)   39        23      1909


SUNRISE AND SUNSET
APRIL 30 2017.........SUNRISE   602 AM MDT   SUNSET   749 PM MDT
MAY  1 2017...........SUNRISE   601 AM MDT   SUNSET   750 PM MDT


-  INDICATES NEGATIVE NUMBERS.
R  INDICATES RECORD WAS SET OR TIED.
MM INDICATES DATA IS MISSING.
T  INDICATES TRACE AMOUNT.




$$
