000
CDUS45 KPUB 180026
CLIPUB


CLIMATE REPORT
NATIONAL WEATHER SERVICE PUEBLO
526 PM MST SAT FEB 17 2018


...................................

...THE PUEBLO CO CLIMATE SUMMARY FOR FEBRUARY 17 2018...
VALID TODAY AS OF 0500 PM LOCAL TIME.

CLIMATE NORMAL PERIOD 1981 TO 2010
CLIMATE RECORD PERIOD 1888 TO 2018


WEATHER ITEM   OBSERVED TIME   RECORD YEAR NORMAL DEPARTURE LAST
                VALUE   (LST)  VALUE       VALUE  FROM      YEAR
                                                  NORMAL
..................................................................
TEMPERATURE (F)
 TODAY
  MAXIMUM         60    411 PM  77    1970  51      9       68
  MINIMUM         33    717 AM -17    1910  18     15       31
  AVERAGE         47                        34     13       50

PRECIPITATION (IN)
  TODAY            0.00          0.41 1962   0.01  -0.01     0.00
  MONTH TO DATE    0.49                      0.15   0.34     0.17
  SINCE DEC 1      0.73                      0.88  -0.15     1.68
  SINCE JAN 1      0.72                      0.50   0.22     0.92

SNOWFALL (IN)
  TODAY            0.0           4.2  1962   0.1   -0.1      0.0
  MONTH TO DATE    9.4                       2.4    7.0      0.0
  SINCE DEC 1     11.2                      14.4   -3.2     14.2
  SINCE JUL 1     12.6                      20.4   -7.8     14.2
  SNOW DEPTH       0

DEGREE DAYS
 HEATING
  TODAY           18                        31    -13       15
  MONTH TO DATE  501                       553    -52      366
  SINCE DEC 1   2435                      2704   -269     2450
  SINCE JUL 1   3456                      3985   -529     3232

 COOLING
  TODAY            0                         0      0        0
  MONTH TO DATE    0                         0      0        0
  SINCE DEC 1      0                         0      0        0
  SINCE JAN 1      0                         0      0        0
..................................................................


WIND (MPH)
  HIGHEST WIND SPEED    32   HIGHEST WIND DIRECTION     W (290)
  HIGHEST GUST SPEED    38   HIGHEST GUST DIRECTION     W (290)
  AVERAGE WIND SPEED    13.7


SKY COVER
  POSSIBLE SUNSHINE  MM
  AVERAGE SKY COVER 0.0


WEATHER CONDITIONS
 THE FOLLOWING WEATHER WAS RECORDED TODAY.
  NO SIGNIFICANT WEATHER WAS OBSERVED.


RELATIVE HUMIDITY (PERCENT)
 HIGHEST    47           800 AM
 LOWEST     17           400 PM
 AVERAGE    32

..........................................................


THE PUEBLO CO CLIMATE NORMALS FOR TOMORROW
                         NORMAL    RECORD    YEAR
 MAXIMUM TEMPERATURE (F)   51        81      2016
 MINIMUM TEMPERATURE (F)   18       -12      1942


SUNRISE AND SUNSET
FEBRUARY 17 2018......SUNRISE   646 AM MST   SUNSET   539 PM MST
FEBRUARY 18 2018......SUNRISE   645 AM MST   SUNSET   540 PM MST


-  INDICATES NEGATIVE NUMBERS.
R  INDICATES RECORD WAS SET OR TIED.
MM INDICATES DATA IS MISSING.
T  INDICATES TRACE AMOUNT.




$$
