000
CDUS45 KPUB 050035
CLIPUB


CLIMATE REPORT
NATIONAL WEATHER SERVICE PUEBLO
635 PM MDT TUE AUG 4 2015


...................................

...THE PUEBLO CO CLIMATE SUMMARY FOR AUGUST 4 2015...
VALID TODAY AS OF 0500 PM LOCAL TIME.

CLIMATE NORMAL PERIOD 1981 TO 2010
CLIMATE RECORD PERIOD 1888 TO 2015


WEATHER ITEM   OBSERVED TIME   RECORD YEAR NORMAL DEPARTURE LAST
                VALUE   (LST)  VALUE       VALUE  FROM      YEAR
                                                  NORMAL
..................................................................
TEMPERATURE (F)
 TODAY
  MAXIMUM         98    414 PM 101    2008  91      7       91
                                      1979
                                      1892
  MINIMUM         59    513 AM  50    1986  59      0       56
                                      1894
  AVERAGE         79                        75      4       74

PRECIPITATION (IN)
  TODAY            0.00          0.69 1910   0.09  -0.09     0.04
  MONTH TO DATE    1.30                      0.32   0.98     0.07
  SINCE JUN 1      3.16                      3.74  -0.58     4.21
  SINCE JAN 1     12.08                      8.23   3.85     8.41

SNOWFALL (IN)
  TODAY            0.0           0.0  2002   0.0    0.0      0.0
  MONTH TO DATE    0.0                       0.0    0.0      0.0
  SINCE JUN 1      0.0                       0.0    0.0       T
  SINCE JUL 1      0.0                       0.0    0.0      0.0
  SNOW DEPTH       0

DEGREE DAYS
 HEATING
  TODAY            0                         0      0        0
  MONTH TO DATE    0                         0      0        0
  SINCE JUN 1      0                        26    -26        4
  SINCE JUL 1      0                         1     -1        1

 COOLING
  TODAY           14                        10      4        9
  MONTH TO DATE   55                        40     15       24
  SINCE JUN 1    698                       551    147      585
  SINCE JAN 1    702                       585    117      637
..................................................................


WIND (MPH)
  HIGHEST WIND SPEED    25   HIGHEST WIND DIRECTION     W (290)
  HIGHEST GUST SPEED    38   HIGHEST GUST DIRECTION     W (270)
  AVERAGE WIND SPEED    11.8


SKY COVER
  POSSIBLE SUNSHINE  MM
  AVERAGE SKY COVER 0.0


WEATHER CONDITIONS
 THE FOLLOWING WEATHER WAS RECORDED TODAY.
  NO SIGNIFICANT WEATHER WAS OBSERVED.


RELATIVE HUMIDITY (PERCENT)
 HIGHEST    84          1200 AM
 LOWEST     14           300 PM
 AVERAGE    49

..........................................................


THE PUEBLO CO CLIMATE NORMALS FOR TOMORROW
                         NORMAL    RECORD    YEAR
 MAXIMUM TEMPERATURE (F)   91       100      1987
                                             1938
 MINIMUM TEMPERATURE (F)   59        50      1996


SUNRISE AND SUNSET
AUGUST  4 2015........SUNRISE   603 AM MDT   SUNSET   805 PM MDT
AUGUST  5 2015........SUNRISE   604 AM MDT   SUNSET   804 PM MDT


-  INDICATES NEGATIVE NUMBERS.
R  INDICATES RECORD WAS SET OR TIED.
MM INDICATES DATA IS MISSING.
T  INDICATES TRACE AMOUNT.




$$
