000
CDUS45 KPUB 080025
CLIPUB


CLIMATE REPORT
NATIONAL WEATHER SERVICE PUEBLO
525 PM MST SUN FEB 7 2016


...................................

...THE PUEBLO CO CLIMATE SUMMARY FOR FEBRUARY 7 2016...
VALID TODAY AS OF 0500 PM LOCAL TIME.

CLIMATE NORMAL PERIOD 1981 TO 2010
CLIMATE RECORD PERIOD 1888 TO 2016


WEATHER ITEM   OBSERVED TIME   RECORD YEAR NORMAL DEPARTURE LAST
                VALUE   (LST)  VALUE       VALUE  FROM      YEAR
                                                  NORMAL
..................................................................
TEMPERATURE (F)
 TODAY
  MAXIMUM         45    417 AM  78    2015  49     -4       78
  MINIMUM         26    659 AM -25    1899  16     10       38
  AVERAGE         36                        32      4       58

PRECIPITATION (IN)
  TODAY            0.00          0.37 1905   0.01  -0.01     0.00
  MONTH TO DATE    0.35                      0.06   0.29      T
  SINCE DEC 1      1.28                      0.79   0.49     0.49
  SINCE JAN 1      0.88                      0.41   0.47     0.25

SNOWFALL (IN)
  TODAY            0.0           5.0  1948   0.2   -0.2      0.0
  MONTH TO DATE    5.8                       1.1    4.7       T
  SINCE DEC 1     17.8                      13.1    4.7      7.7
  SINCE JUL 1     24.2                      19.1    5.1     17.6
  SNOW DEPTH       0

DEGREE DAYS
 HEATING
  TODAY           29                        33     -4        7
  MONTH TO DATE  276                       234     42      152
  SINCE DEC 1   2207                      2385   -178     2188
  SINCE JUL 1   3081                      3666   -585     3350

 COOLING
  TODAY            0                         0      0        0
  MONTH TO DATE    0                         0      0        0
  SINCE DEC 1      0                         0      0        0
  SINCE JAN 1      0                         0      0        0
..................................................................


WIND (MPH)
  HIGHEST WIND SPEED    24   HIGHEST WIND DIRECTION     E (70)
  HIGHEST GUST SPEED    28   HIGHEST GUST DIRECTION     E (80)
  AVERAGE WIND SPEED     9.5


SKY COVER
  POSSIBLE SUNSHINE  MM
  AVERAGE SKY COVER 0.0


WEATHER CONDITIONS
 THE FOLLOWING WEATHER WAS RECORDED TODAY.
  NO SIGNIFICANT WEATHER WAS OBSERVED.


RELATIVE HUMIDITY (PERCENT)
 HIGHEST    75           700 AM
 LOWEST     31           400 AM
 AVERAGE    53

..........................................................


THE PUEBLO CO CLIMATE NORMALS FOR TOMORROW
                         NORMAL    RECORD    YEAR
 MAXIMUM TEMPERATURE (F)   49        76      1954
 MINIMUM TEMPERATURE (F)   16       -24      1933


SUNRISE AND SUNSET
FEBRUARY  7 2016......SUNRISE   658 AM MST   SUNSET   527 PM MST
FEBRUARY  8 2016......SUNRISE   657 AM MST   SUNSET   528 PM MST


-  INDICATES NEGATIVE NUMBERS.
R  INDICATES RECORD WAS SET OR TIED.
MM INDICATES DATA IS MISSING.
T  INDICATES TRACE AMOUNT.




$$
