000
CXUS55 KPUB 012121
CLMPUB
CLIMATE REPORT
NATIONAL WEATHER SERVICE
321 PM MDT SAT JUL 01 2023
...................................
...THE PUEBLO CO CLIMATE SUMMARY FOR THE MONTH OF JUNE 2023...
CLIMATE NORMAL PERIOD 1991 TO 2020
CLIMATE RECORD PERIOD 1888 TO 2023
WEATHER OBSERVED NORMAL DEPART LAST YEAR`S
VALUE DATE(S) VALUE FROM VALUE DATE(S)
NORMAL
................................................................
TEMPERATURE (F)
RECORD
HIGH 108 06/29/1990
LOW 32 06/02/1919
HIGHEST 100 06/27 90 10 102 06/11
06/12
06/13
LOWEST 45 06/18 50 -5 45 06/01
AVG. MAXIMUM 83.1 88.6 -5.5 89.1
AVG. MINIMUM 54.1 55.0 -0.9 56.7
MEAN 68.6 71.8 -3.2 72.9
DAYS MAX >= 90 7 15.6 -8.6
DAYS MAX <= 32 0 0.0 0.0
DAYS MIN <= 32 0 0.0 0.0
DAYS MIN <= 0 0 0.0 0.0
PRECIPITATION (INCHES)
RECORD
MAXIMUM 7.14 1921
MINIMUM T 1990
TOTALS 3.85 1.28 2.57 0.31
DAILY AVG. 0.13 0.04 0.09
DAYS >= .01 10 6.6 3.4
DAYS >= .10 9 3.0 6.0
DAYS >= .50 3 0.8 2.2
DAYS >= 1.00 0 0.1 -0.1
GREATEST
24 HR. TOTAL 0.86 06/12 TO 06/12
SNOWFALL (INCHES)
RECORDS
TOTAL T 2019
TOTALS TR 0.0 0.0 0.0
SINCE 7/1 19.1 28.3 -9.2 MM
SNOWDEPTH AVG. 0
DAYS >= 1.0 0 0.0 0.0
GREATEST
SNOW DEPTH 0 0
24 HR TOTAL MM MM
DEGREE DAYS
HEATING TOTAL 22 16 6 20
SINCE 7/1 5498 5330 168 MM
COOLING TOTAL 138 220 -82 264
SINCE 1/1 173 269 -96 MM
................................................................
WIND (MPH)
AVERAGE WIND SPEED 7.7
HIGHEST WIND SPEED/DIRECTION 33/280 DATE 06/06
HIGHEST GUST SPEED/DIRECTION 45/280 DATE 06/06
SKY COVER
POSSIBLE SUNSHINE (PERCENT) MM
AVERAGE SKY COVER 0.22
NUMBER OF DAYS FAIR 22
NUMBER OF DAYS PC 7
NUMBER OF DAYS CLOUDY 1
AVERAGE RH (PERCENT) 58
WEATHER CONDITIONS. NUMBER OF DAYS WITH
THUNDERSTORM 13 MIXED PRECIP 0
HEAVY RAIN 7 RAIN 8
LIGHT RAIN 18 FREEZING RAIN 0
LT FREEZING RAIN 0 HAIL 3
HEAVY SNOW 0 SNOW 0
LIGHT SNOW 0 SLEET 0
FOG 9 FOG W/VIS <= 1/4 MILE 1
HAZE 1
- INDICATES NEGATIVE NUMBERS.
R INDICATES RECORD WAS SET OR TIED.
MM INDICATES DATA IS MISSING.
T INDICATES TRACE AMOUNT.
$$