000
CXUS55 KPUB 011451
CLMPUB
CLIMATE REPORT
NATIONAL WEATHER SERVICE
851 AM MDT WED NOV 01 2023
...................................
...THE PUEBLO CO CLIMATE SUMMARY FOR THE MONTH OF OCTOBER 2023...
CLIMATE NORMAL PERIOD 1991 TO 2020
CLIMATE RECORD PERIOD 1888 TO 2023
WEATHER OBSERVED NORMAL DEPART LAST YEAR`S
VALUE DATE(S) VALUE FROM VALUE DATE(S)
NORMAL
................................................................
TEMPERATURE (F)
RECORD
HIGH 94 10/03/2018
10/11/2015
10/16/1991
LOW -8 10/27/2020
HIGHEST 88 10/17 76 12 84 10/11
LOWEST 7 10/30 28 -21 22 10/25
AVG. MAXIMUM 71.3 69.7 1.6 71.5
AVG. MINIMUM 36.2 35.9 0.3 37.3
MEAN 53.8 52.8 1.0 54.4
DAYS MAX >= 90 0 0.5 -0.5
DAYS MAX <= 32 1 0.3 0.7
DAYS MIN <= 32 6 12.4 -6.4
DAYS MIN <= 0 0 0.1 -0.1
PRECIPITATION (INCHES)
RECORD
MAXIMUM 4.91 1957
MINIMUM 0.00 1988
TOTALS 0.06 0.76 -0.70 0.18
DAILY AVG. 0.00 0.02 -0.02
DAYS >= .01 1 4.2 -3.2
DAYS >= .10 0 1.9 -1.9
DAYS >= .50 0 0.4 -0.4
DAYS >= 1.00 0 0.0 0.0
GREATEST
24 HR. TOTAL 0.06 10/29 TO 10/29
SNOWFALL (INCHES)
RECORDS
TOTAL 16.3 1991
TOTALS 1.1 1.9 -0.8 T
SINCE 7/1 1.1 2.1 -1.0 MM
SNOWDEPTH AVG. T
DAYS >= 1.0 1 0.4 0.6
GREATEST
SNOW DEPTH 1 10/29 0
24 HR TOTAL 1.1 10/29 TO 10/29 T
DEGREE DAYS
HEATING TOTAL 347 384 -37 321
SINCE 7/1 366 457 -91 MM
COOLING TOTAL 9 6 3 1
SINCE 1/1 1140 1079 61 MM
................................................................
WIND (MPH)
AVERAGE WIND SPEED 7.1
HIGHEST WIND SPEED/DIRECTION 36/240 DATE 10/11
36/250 10/12
HIGHEST GUST SPEED/DIRECTION 52/230 DATE 10/11
SKY COVER
AVERAGE SKY COVER 0.09
NUMBER OF DAYS FAIR 30
NUMBER OF DAYS PC 0
NUMBER OF DAYS CLOUDY 1
AVERAGE RH (PERCENT) 47
WEATHER CONDITIONS. NUMBER OF DAYS WITH
THUNDERSTORM 1 MIXED PRECIP 0
HEAVY RAIN 0 RAIN 0
LIGHT RAIN 2 FREEZING RAIN 0
LT FREEZING RAIN 0 HAIL 0
HEAVY SNOW 1 SNOW 1
LIGHT SNOW 2 SLEET 0
FOG 2 FOG W/VIS <= 1/4 MILE 1
HAZE 1
- INDICATES NEGATIVE NUMBERS.
R INDICATES RECORD WAS SET OR TIED.
MM INDICATES DATA IS MISSING.
T INDICATES TRACE AMOUNT.
$$