000
CXUS55 KPUB 021456
CLSPUB
CLIMATE REPORT
NATIONAL WEATHER SERVICE
755 AM MST TUE MAR 02 2021
...................................
...THE PUEBLO CO CLIMATE SUMMARY FOR THE SEASON, FROM
12/1/2020 TO 2/28/2021...
CLIMATE NORMAL PERIOD 1981 TO 2010
CLIMATE RECORD PERIOD 1888 TO 2021
WEATHER OBSERVED NORMAL DEPART LAST YEAR`S
VALUE DATE(S) VALUE FROM VALUE DATE(S)
NORMAL
................................................................
TEMPERATURE (F)
RECORD
HIGH 82 12/17/1980
LOW -31 02/01/1951
HIGHEST 74 02/23 79 02/02
LOWEST -20 02/15 -2 02/05
AVG. MAXIMUM 45.9 47.8 -1.9 49.7
AVG. MINIMUM 15.6 15.2 0.4 17.9
MEAN 30.8 31.5 -0.7 33.8
DAYS MAX >= 90 0
DAYS MAX <= 32 18
DAYS MIN <= 32 89
DAYS MIN <= 0 4
PRECIPITATION (INCHES)
RECORD
MAXIMUM 3.09 1939
MINIMUM 0.18 1950
TOTALS 1.21 1.03 0.18 1.09
DAILY AVG. 0.01 0.01 0.00
DAYS >= .01 17
DAYS >= .10 4
DAYS >= .50 0
DAYS >= 1.00 0
GREATEST
24 HR. TOTAL 0.19 02/24 TO 02/25
01/09 TO 01/10
SNOWFALL (INCHES)
RECORDS
MAXIMUM 38.6 1988
MINIMUM 2.7 1921
TOTALS 17.6 15.8 1.8 15.3
SINCE 7/1 29.5 21.8 7.7
SNOWDEPTH AVG. 0
DAYS >= TRACE 31 12.0 19.0
DAYS >= 1.0 7 5.2 1.8
GREATEST
SNOW DEPTH 3 02/25 3
24 HR TOTAL 2.9 02/24 TO 02/25 3.7
DEGREE DAYS
HEATING TOTAL 3046 3022 24 2810
SINCE 7/1 4184 4303 -119 4182
COOLING TOTAL 0 0 0 0
SINCE 1/1 0 0 0 0
................................................................
WIND (MPH)
AVERAGE WIND SPEED 7.5
HIGHEST WIND SPEED/DIRECTION 47/300 DATE 12/22
HIGHEST GUST SPEED/DIRECTION 61/290 DATE 12/22
SKY COVER
POSSIBLE SUNSHINE (PERCENT) MM
AVERAGE SKY COVER 0.28
NUMBER OF DAYS FAIR 61
NUMBER OF DAYS PC 15
NUMBER OF DAYS CLOUDY 14
AVERAGE RH (PERCENT) 57
WEATHER CONDITIONS. NUMBER OF DAYS WITH
THUNDERSTORM 0 MIXED PRECIP 0
HEAVY RAIN 0 RAIN 0
LIGHT RAIN 2 FREEZING RAIN 0
LT FREEZING RAIN 1 HAIL 0
HEAVY SNOW 0 SNOW 6
LIGHT SNOW 31 SLEET 0
FOG 29 FOG W/VIS <= 1/4 MILE 5
HAZE 25
- INDICATES NEGATIVE NUMBERS.
R INDICATES RECORD WAS SET OR TIED.
MM INDICATES DATA IS MISSING.
T INDICATES TRACE AMOUNT.
$$