000
CXUS55 KPIH 181100
CF6BYI
PRELIMINARY LOCAL CLIMATOLOGICAL DATA (WS FORM: F-6)
STATION: BURLEY
MONTH: APRIL
YEAR: 2024
LATITUDE: 42 32 N
LONGITUDE: 113 46 W
TEMPERATURE IN F: :PCPN: SNOW: WIND :SUNSHINE: SKY :PK WND
================================================================================
1 2 3 4 5 6A 6B 7 8 9 10 11 12 13 14 15 16 17 18
12Z AVG MX 2MIN
DY MAX MIN AVG DEP HDD CDD WTR SNW DPTH SPD SPD DIR MIN PSBL S-S WX SPD DR
================================================================================
1 53 33 43 -1 22 0 T M M 9.2 17 240 M M 3 26 260
2 62 33 48 3 17 0 0.00 M M 6.8 17 260 M M 0 22 250
3 70 42 56 11 9 0 0.00 M M 12.9 23 190 M M 0 32 180
4 67 37 52 7 13 0 T M M 10.8 36 210 M M 3 61 190
5 39 32 36 -9 29 0 0.19 M M 7.6 20 260 M M 9 12 28 290
6 42 28 35 -10 30 0 0.01 M M 15.8 29 280 M M 5 12 46 270
7 49 29 39 -6 26 0 T M M 12.3 24 270 M M 7 37 290
8 50 32 41 -5 24 0 0.00 M M 10.1 17 250 M M 3 25 250
9 61 31 46 0 19 0 0.00 M M 11.0 22 270 M M 1 8 34 270
10 60 36 48 2 17 0 0.00 M M 8.7 15 250 M M 0 21 260
11 71 31 51 5 14 0 0.00 M M 5.5 18 210 M M 1 24 200
12 77 50 64 18 1 0 T M M 8.7 23 190 M M 1 35 190
13 76 40 58 12 7 0 0.00 M M 6.0 18 190 M M 0 25 150
14 68 36 52 6 13 0 0.00 M M 9.2 24 200 M M 1 37 190
15 61 43 52 5 13 0 T M M 18.1 31 270 M M 3 46 260
16 60 40 50 3 15 0 0.00 M M 15.1 26 260 M M 3 40 270
17 49 29 39 -8 26 0 0.00 M M 17.2 32 250 M M 4 43 260
================================================================================
SM 1015 602 295 0 0.20 M 185.0 M 44
================================================================================
AV 59.7 35.4 10.9 FASTST M M 3 MAX(MPH)
MISC ----> 36 210 61 190
================================================================================
NOTES:
# LAST OF SEVERAL OCCURRENCES
COLUMN 17 PEAK WIND IN M.P.H.
PRELIMINARY LOCAL CLIMATOLOGICAL DATA (WS FORM: F-6) , PAGE 2
STATION: BURLEY
MONTH: APRIL
YEAR: 2024
LATITUDE: 42 32 N
LONGITUDE: 113 46 W
[TEMPERATURE DATA] [PRECIPITATION DATA] SYMBOLS USED IN COLUMN 16
AVERAGE MONTHLY: 47.6 TOTAL FOR MONTH: 0.20 1 = FOG OR MIST
DPTR FM NORMAL: 1.9 DPTR FM NORMAL: -0.35 2 = FOG REDUCING VISIBILITY
HIGHEST: 77 ON 12 GRTST 24HR 0.77 ON 31- 1 TO 1/4 MILE OR LESS
LOWEST: 28 ON 6 3 = THUNDER
SNOW, ICE PELLETS, HAIL 4 = ICE PELLETS
TOTAL MONTH: M 5 = HAIL
GRTST 24HR M ON M 6 = FREEZING RAIN OR DRIZZLE
GRTST DEPTH: M ON M 7 = DUSTSTORM OR SANDSTORM:
VSBY 1/2 MILE OR LESS
8 = SMOKE OR HAZE
[NO. OF DAYS WITH] [WEATHER - DAYS WITH] 9 = BLOWING SNOW
X = TORNADO
MAX 32 OR BELOW: 0 0.01 INCH OR MORE: 2
MAX 90 OR ABOVE: 0 0.10 INCH OR MORE: 1
MIN 32 OR BELOW: 7 0.50 INCH OR MORE: 0
MIN 0 OR BELOW: 0 1.00 INCH OR MORE: 0
[HDD (BASE 65) ]
TOTAL THIS MO. 295 CLEAR (SCALE 0-3) 12
DPTR FM NORMAL -32 PTCLDY (SCALE 4-7) 4
TOTAL FM JUL 1 5405 CLOUDY (SCALE 8-10) 1
DPTR FM NORMAL -269
[CDD (BASE 65) ]
TOTAL THIS MO. 0
DPTR FM NORMAL 0 [PRESSURE DATA]
TOTAL FM JAN 1 0 HIGHEST SLP M ON M
DPTR FM NORMAL 0 LOWEST SLP 29.32 ON 4
[REMARKS]