000
CXUS51 KILN 280554
CF6DAY
PRELIMINARY LOCAL CLIMATOLOGICAL DATA (WS FORM: F-6)
STATION: DAYTON OH
MONTH: MARCH
YEAR: 2024
LATITUDE: 39 54 N
LONGITUDE: 84 12 W
TEMPERATURE IN F: :PCPN: SNOW: WIND :SUNSHINE: SKY :PK WND
================================================================================
1 2 3 4 5 6A 6B 7 8 9 10 11 12 13 14 15 16 17 18
12Z AVG MX 2MIN
DY MAX MIN AVG DEP HDD CDD WTR SNW DPTH SPD SPD DIR MIN PSBL S-S WX SPD DR
================================================================================
1 46 28 37 0 28 0 0.03 0.0 0 9.1 15 140 M M 7 1 19 140
2 52 40 46 9 19 0 T 0.0 0 4.2 12 230 M M 10 12 14 230
3 68 40 54 16 11 0 0.00 0.0 0 9.4 20 160 M M 5 1 27 160
4 74 53 64 26 1 0 0.00 0.0 0 10.6 16 170 M M 5 23 190
5 66 54 60 22 5 0 0.80 0.0 0 8.9 29 290 M M 7 138 38 290
6 58 44 51 12 14 0 0.68 0.0 0 11.6 22 10 M M 10 1 26 20
7 53 42 48 9 17 0 T 0.0 0 7.2 15 40 M M 10 1 19 20
8 57 44 51 12 14 0 0.26 0.0 0 10.1 22 170 M M 10 1 28 170
9 57 38 48 8 17 0 0.33 0.0 0 12.4 22 290 M M 10 1 30 190
10 43 32 38 -2 27 0 T T 0 15.4 30 300 M M 6 8 41 300
11 56 25 41 1 24 0 0.00 0.0 0 11.8 20 230 M M 0 28 220
12 69 42 56 15 9 0 0.00 0.0 0 12.3 23 240 M M 4 30 220
13 73 50 62 21 3 0 0.00 0.0 0 8.7 16 220 M M 5 22 260
14 73 53 63 22 2 0 0.55 0.0 0 13.2 33 250 M M 8 13 48 250
15 59 43 51 9 14 0 0.02 0.0 0 10.5 18 10 M M 8 1 23 20
16 62 35 49 7 16 0 0.01 0.0 0 14.4 36 280 M M 3 49 300
17 49 32 41 -1 24 0 T T 0 14.0 25 270 M M 6 36 300
18 35 30 33 -10 32 0 T T 0 12.9 21 290 M M 10 27 300
19 51 27 39 -4 26 0 0.00 0.0 0 18.3 35 260 M M 6 46 230
20 50 27 39 -4 26 0 0.00 0.0 0 16.5 31 300 M M 3 42 270
21 43 21 32 -12 33 0 0.00 0.0 0 7.0 15 20 M M 2 23 30
22 48 30 39 -5 26 0 0.01 0.0 0 9.8 21 20 M M 6 26 10
23 41 29 35 -9 30 0 T 0.0 0 14.4 25 30 M M 7 18 34 40
24 51 25 38 -7 27 0 0.00 0.0 0 12.9 23 100 M M 3 29 120
25 70 39 55 10 10 0 0.00 0.0 0 14.6 24 150 M M 8 34 150
26 63 45 54 8 11 0 0.24 0.0 0 18.2 31 170 M M 9 1 43 170
27 48 33 41 -5 24 0 0.00 0.0 0 10.0 20 260 M M 7 25 270
================================================================================
SM 1515 1001 490 0 2.93 T 318.4 M 175
================================================================================
AV 56.1 37.1 11.8 FASTST M M 6 MAX(MPH)
MISC ----> 36 280 49 300
================================================================================
NOTES:
# LAST OF SEVERAL OCCURRENCES
COLUMN 17 PEAK WIND IN M.P.H.
PRELIMINARY LOCAL CLIMATOLOGICAL DATA (WS FORM: F-6) , PAGE 2
STATION: DAYTON OH
MONTH: MARCH
YEAR: 2024
LATITUDE: 39 54 N
LONGITUDE: 84 12 W
[TEMPERATURE DATA] [PRECIPITATION DATA] SYMBOLS USED IN COLUMN 16
AVERAGE MONTHLY: 46.6 TOTAL FOR MONTH: 2.93 1 = FOG OR MIST
DPTR FM NORMAL: 5.2 DPTR FM NORMAL: -0.06 2 = FOG REDUCING VISIBILITY
HIGHEST: 74 ON 4 GRTST 24HR 1.47 ON 5- 6 TO 1/4 MILE OR LESS
LOWEST: 21 ON 21 3 = THUNDER
SNOW, ICE PELLETS, HAIL 4 = ICE PELLETS
TOTAL MONTH: T 5 = HAIL
GRTST 24HR T ON 10-10 6 = FREEZING RAIN OR DRIZZLE
GRTST DEPTH: 0 7 = DUSTSTORM OR SANDSTORM:
VSBY 1/2 MILE OR LESS
8 = SMOKE OR HAZE
[NO. OF DAYS WITH] [WEATHER - DAYS WITH] 9 = BLOWING SNOW
X = TORNADO
MAX 32 OR BELOW: 0 0.01 INCH OR MORE: 10
MAX 90 OR ABOVE: 0 0.10 INCH OR MORE: 6
MIN 32 OR BELOW: 11 0.50 INCH OR MORE: 3
MIN 0 OR BELOW: 0 1.00 INCH OR MORE: 0
[HDD (BASE 65) ]
TOTAL THIS MO. 490 CLEAR (SCALE 0-3) 5
DPTR FM NORMAL -149 PTCLDY (SCALE 4-7) 15
TOTAL FM JUL 1 3852 CLOUDY (SCALE 8-10) 7
DPTR FM NORMAL -731
[CDD (BASE 65) ]
TOTAL THIS MO. 0
DPTR FM NORMAL 0 [PRESSURE DATA]
TOTAL FM JAN 1 0 HIGHEST SLP M ON M
DPTR FM NORMAL 0 LOWEST SLP 29.63 ON 26
[REMARKS]