000
CXUS54 KHGX 171410
CF6IAH
PRELIMINARY LOCAL CLIMATOLOGICAL DATA (WS FORM: F-6)
STATION: HOUSTON INTERCONTINENTAL
MONTH: APRIL
YEAR: 2024
LATITUDE: 29 58 N
LONGITUDE: 95 21 W
TEMPERATURE IN F: :PCPN: SNOW: WIND :SUNSHINE: SKY :PK WND
================================================================================
1 2 3 4 5 6A 6B 7 8 9 10 11 12 13 14 15 16 17 18
12Z AVG MX 2MIN
DY MAX MIN AVG DEP HDD CDD WTR SNW DPTH SPD SPD DIR MIN PSBL S-S WX SPD DR
================================================================================
1 82 73 78 11 0 13 0.00 0.0 0 12.5 21 170 M M 10 18 30 160
2 85 60 73 6 0 8 T 0.0 0 11.8 23 330 M M 5 33 340
3 78 52 65 -2 0 0 0.00 0.0 0 8.4 20 290 M M 0 29 280
4 84 48 66 -2 0 1 0.00 0.0 0 4.2 13 260 M M 0 21 220
5 87 61 74 6 0 9 0.00 0.0 0 7.1 15 190 M M 2 23 180
6 79 60 70 2 0 5 0.00 0.0 0 12.7 26 160 M M 6 34 160
7 87 71 79 11 0 14 T 0.0 0 8.5 21 150 M M 9 1 26 150
8 81 72 77 9 0 12 0.01 0.0 0 9.3 24 140 M M 10 18 33 140
9 81 73 77 9 0 12 0.10 0.0 0 10.0 29 160 M M 10 13 39 150
10 75 62 69 0 0 4 1.78 0.0 0 11.7 29 270 M M 7 13 40 270
11 82 59 71 2 0 6 0.00 0.0 0 10.7 21 330 M M 0 31 320
12 83 52 68 -1 0 3 0.00 0.0 0 5.2 15 140 M M 3 20 130
13 84 53 69 0 0 4 0.00 0.0 0 9.2 24 150 M M 5 37 180
14 83 63 73 3 0 8 0.00 0.0 0 10.3 21 150 M M 6 29 140
15 80 70 75 5 0 10 0.00 0.0 0 12.2 23 140 M M 10 32 120
16 82 72 77 7 0 12 0.00 0.0 0 13.8 26 130 M M 10 34 130
================================================================================
SM 1313 1001 0 121 1.89 0.0 157.6 M 93
================================================================================
AV 82.1 62.6 9.8 FASTST M M 6 MAX(MPH)
MISC ----> # 29 160 40 270
================================================================================
NOTES:
# LAST OF SEVERAL OCCURRENCES
COLUMN 17 PEAK WIND IN M.P.H.
PRELIMINARY LOCAL CLIMATOLOGICAL DATA (WS FORM: F-6) , PAGE 2
STATION: HOUSTON INTERCONTINENTAL
MONTH: APRIL
YEAR: 2024
LATITUDE: 29 58 N
LONGITUDE: 95 21 W
[TEMPERATURE DATA] [PRECIPITATION DATA] SYMBOLS USED IN COLUMN 16
AVERAGE MONTHLY: 72.3 TOTAL FOR MONTH: 1.89 1 = FOG OR MIST
DPTR FM NORMAL: 3.9 DPTR FM NORMAL: -0.17 2 = FOG REDUCING VISIBILITY
HIGHEST: 87 ON 7, 5 GRTST 24HR 1.88 ON 9-10 TO 1/4 MILE OR LESS
LOWEST: 48 ON 4 3 = THUNDER
SNOW, ICE PELLETS, HAIL 4 = ICE PELLETS
TOTAL MONTH: 0.0 INCH 5 = HAIL
GRTST 24HR 0.0 6 = FREEZING RAIN OR DRIZZLE
GRTST DEPTH: 0 7 = DUSTSTORM OR SANDSTORM:
VSBY 1/2 MILE OR LESS
8 = SMOKE OR HAZE
[NO. OF DAYS WITH] [WEATHER - DAYS WITH] 9 = BLOWING SNOW
X = TORNADO
MAX 32 OR BELOW: 0 0.01 INCH OR MORE: 3
MAX 90 OR ABOVE: 0 0.10 INCH OR MORE: 2
MIN 32 OR BELOW: 0 0.50 INCH OR MORE: 1
MIN 0 OR BELOW: 0 1.00 INCH OR MORE: 1
[HDD (BASE 65) ]
TOTAL THIS MO. 0 CLEAR (SCALE 0-3) 5
DPTR FM NORMAL -25 PTCLDY (SCALE 4-7) 5
TOTAL FM JUL 1 1068 CLOUDY (SCALE 8-10) 6
DPTR FM NORMAL -190
[CDD (BASE 65) ]
TOTAL THIS MO. 121
DPTR FM NORMAL 42 [PRESSURE DATA]
TOTAL FM JAN 1 286 HIGHEST SLP M ON M
DPTR FM NORMAL 73 LOWEST SLP 29.52 ON 10
[REMARKS]