000
CXUS52 KMLB 280622
CF6MLB
PRELIMINARY LOCAL CLIMATOLOGICAL DATA (WS FORM: F-6)
STATION: MELBOURNE
MONTH: MARCH
YEAR: 2024
LATITUDE: 28 6 N
LONGITUDE: 80 39 W
TEMPERATURE IN F: :PCPN: SNOW: WIND :SUNSHINE: SKY :PK WND
================================================================================
1 2 3 4 5 6A 6B 7 8 9 10 11 12 13 14 15 16 17 18
12Z AVG MX 2MIN
DY MAX MIN AVG DEP HDD CDD WTR SNW DPTH SPD SPD DIR MIN PSBL S-S WX SPD DR
================================================================================
1 79 64 72 6 0 7 0.01 0.0 0 10.5 25 150 M M 3 1 38 140
2 81 66 74 8 0 9 0.00 0.0 0 6.9 16 210 M M 3 22 130
3 76 64 70 4 0 5 0.00 0.0 0 7.0 20 40 M M 5 24 50
4 78 63 71 5 0 6 0.00 0.0 0 7.0 15 20 M M 1 21 40
5 78 64 71 5 0 6 0.00 0.0 0 6.5 14 100 M M 2 18 120
6 81 65 73 7 0 8 0.23 0.0 0 9.5 20 230 M M 4 13 29 230
7 75 67 71 5 0 6 0.00 0.0 0 5.7 12 40 M M 7 15 40
8 81 64 73 7 0 8 0.00 0.0 0 6.9 16 100 M M 2 1 24 160
9 88 72 80 13 0 15 0.00 0.0 0 11.8 22 250 M M 4 1 31 230
10 78 59 69 2 0 4 0.08 0.0 0 9.8 20 220 M M 3 1 26 220
11 73 50 62 -5 3 0 0.00 0.0 0 10.3 17 30 M M 0 24 20
12 75 53 64 -3 1 0 0.00 0.0 0 6.8 14 100 M M 0 20 100
13 82 63 73 6 0 8 0.00 0.0 0 7.2 16 200 M M 2 21 210
14 79 65 72 5 0 7 0.00 0.0 0 6.1 13 110 M M 1 17 120
15 80 62 71 4 0 6 0.00 0.0 0 8.3 18 140 M M 0 26 140
16 82 67 75 8 0 10 0.00 0.0 0 7.7 12 140 M M 2 20 210
17 86 64 75 8 0 10 0.00 0.0 0 7.3 18 260 M M 1 1 33 220
18 88 68 78 10 0 13 T 0.0 0 12.3 24 270 M M 2 3 32 290
19 69 50 60 -8 5 0 0.00 0.0 0 13.6 28 360 M M 1 38 350
20 73 47 60 -8 5 0 0.00 0.0 0 5.6 13 90 M M 0 18 60
21 77 53 65 -3 0 0 0.00 0.0 0 8.5 17 100 M M 1 23 100
22 73 66 70 2 0 5 0.25 0.0 0 12.6 35 140 M M 7 1 50 140
23 84 62 73 5 0 8 0.04 0.0 0 10.4 21 340 M M 4 1 28 230
24 79 60 70 2 0 5 0.02 0.0 0 14.1 24 40 M M 5 8 33 30
25 79 69 74 6 0 9 0.00 0.0 0 15.4 22 70 M M 8 29 70
26 80 70 75 7 0 10 0.00 0.0 M 12.3 22 120 M M 5 33 110
27 83 69 76 7 0 11 T 0.0 0 8.2 17 210 M M 2 25 170
================================================================================
SM 2137 1686 14 176 0.63 0.0 248.3 M 75
================================================================================
AV 79.1 62.4 9.2 FASTST M M 3 MAX(MPH)
MISC ----> 35 140 50 140
================================================================================
NOTES:
# LAST OF SEVERAL OCCURRENCES
COLUMN 17 PEAK WIND IN M.P.H.
PRELIMINARY LOCAL CLIMATOLOGICAL DATA (WS FORM: F-6) , PAGE 2
STATION: MELBOURNE
MONTH: MARCH
YEAR: 2024
LATITUDE: 28 6 N
LONGITUDE: 80 39 W
[TEMPERATURE DATA] [PRECIPITATION DATA] SYMBOLS USED IN COLUMN 16
AVERAGE MONTHLY: 70.8 TOTAL FOR MONTH: 0.63 1 = FOG OR MIST
DPTR FM NORMAL: 3.7 DPTR FM NORMAL: -1.67 2 = FOG REDUCING VISIBILITY
HIGHEST: 88 ON 18, 9 GRTST 24HR 0.25 ON 22-22 TO 1/4 MILE OR LESS
LOWEST: 47 ON 20 3 = THUNDER
SNOW, ICE PELLETS, HAIL 4 = ICE PELLETS
TOTAL MONTH: 0.0 INCH 5 = HAIL
GRTST 24HR 0.0 6 = FREEZING RAIN OR DRIZZLE
GRTST DEPTH: 0 7 = DUSTSTORM OR SANDSTORM:
VSBY 1/2 MILE OR LESS
8 = SMOKE OR HAZE
[NO. OF DAYS WITH] [WEATHER - DAYS WITH] 9 = BLOWING SNOW
X = TORNADO
MAX 32 OR BELOW: 0 0.01 INCH OR MORE: 6
MAX 90 OR ABOVE: 0 0.10 INCH OR MORE: 2
MIN 32 OR BELOW: 0 0.50 INCH OR MORE: 0
MIN 0 OR BELOW: 0 1.00 INCH OR MORE: 0
[HDD (BASE 65) ]
TOTAL THIS MO. 14 CLEAR (SCALE 0-3) 18
DPTR FM NORMAL -40 PTCLDY (SCALE 4-7) 8
TOTAL FM JUL 1 327 CLOUDY (SCALE 8-10) 1
DPTR FM NORMAL -144
[CDD (BASE 65) ]
TOTAL THIS MO. 176
DPTR FM NORMAL 64 [PRESSURE DATA]
TOTAL FM JAN 1 283 HIGHEST SLP M ON M
DPTR FM NORMAL 34 LOWEST SLP 29.64 ON 23
[REMARKS]