000
CDUS43 KGRR 161331
CLIJXN


CLIMATE REPORT
NATIONAL WEATHER SERVICE GRAND RAPIDS, MI
931 AM EDT THU OCT 16 2014


...................................

...THE JACKSON MI CLIMATE SUMMARY FOR OCTOBER 16 2014...
VALID AS OF 0900 AM LOCAL TIME.

CLIMATE NORMAL PERIOD 1981 TO 2010
CLIMATE RECORD PERIOD 1944 TO 9999


WEATHER ITEM   OBSERVED TIME   RECORD YEAR NORMAL DEPARTURE LAST
                VALUE   (LST)  VALUE       VALUE  FROM      YEAR
                                                  NORMAL
..................................................................
TEMPERATURE (F)
 TODAY
  MAXIMUM         53    554 AM  MM      MM  60     -7       62
  MINIMUM         50    717 AM  MM      MM  40     10       49
  AVERAGE         52                        50      2       56

PRECIPITATION (IN)
  TODAY            0.01         MM      MM   0.08  -0.07     0.00
  MONTH TO DATE    0.83                      1.47  -0.64     0.56
  SINCE SEP 1      2.93                      4.95  -2.02     3.11
  SINCE JAN 1     25.94                     25.87   0.07    27.66

DEGREE DAYS
 HEATING
  TODAY           13                        15     -2        9
  MONTH TO DATE  197                       203     -6      113
  SINCE SEP 1    360                       356      4      273

 COOLING
  TODAY            0                         0      0        0
  MONTH TO DATE    0                         3     -3       12
  SINCE SEP 1     50                        60    -10       76
..................................................................


WIND (MPH)
  HIGHEST WIND SPEED     7   HIGHEST WIND DIRECTION    NW (310)
  HIGHEST GUST SPEED    11   HIGHEST GUST DIRECTION    NW (300)



WEATHER CONDITIONS
 THE FOLLOWING WEATHER WAS RECORDED TODAY.
  LIGHT RAIN
  FOG


..........................................................




SUNRISE AND SUNSET
OCTOBER 16 2014.......SUNRISE   752 AM EDT   SUNSET   654 PM EDT
OCTOBER 17 2014.......SUNRISE   753 AM EDT   SUNSET   653 PM EDT


-  INDICATES NEGATIVE NUMBERS.
R  INDICATES RECORD WAS SET OR TIED.
MM INDICATES DATA IS MISSING.
T  INDICATES TRACE AMOUNT.




$$
