000
CDUS43 KGRR 120538
CLIJXN


CLIMATE REPORT
NATIONAL WEATHER SERVICE GRAND RAPIDS, MI
1237 AM EST SUN FEB 12 2017


...................................

...THE JACKSON MI CLIMATE SUMMARY FOR FEBRUARY 11 2017...

CLIMATE NORMAL PERIOD 1981 TO 2010
CLIMATE RECORD PERIOD 1944 TO 9999


WEATHER ITEM   OBSERVED TIME   NORMAL DEPARTURE LAST
                VALUE   (LST)  VALUE  FROM      YEAR
                                      NORMAL
......................................................
TEMPERATURE (F)
 YESTERDAY
  MAXIMUM         47    349 PM  33     14       21
  MINIMUM         36    826 AM  18     18        8
  AVERAGE         42            25     17       15

PRECIPITATION (IN)
  YESTERDAY        0.01          0.04  -0.03      T
  MONTH TO DATE    1.28          0.45   0.83     0.27
  SINCE DEC 1      4.64          3.81   0.83     3.30
  SINCE JAN 1      3.76          1.94   1.82     0.99

DEGREE DAYS
 HEATING
  YESTERDAY       23            40    -17       50
  MONTH TO DATE  408           445    -37      388
  SINCE DEC 1   2654          2872   -218     2360
  SINCE JUL 1   3624          4276   -652     3481

 COOLING
  YESTERDAY        0             0      0        0
  MONTH TO DATE    0             0      0        0
  SINCE DEC 1      0             0      0        0
  SINCE JAN 1      0             0      0        0
......................................................


WIND (MPH)
  RESULTANT WIND SPEED   4   RESULTANT WIND DIRECTION   W (250)
  HIGHEST WIND SPEED    16   HIGHEST WIND DIRECTION     W (260)
  HIGHEST GUST SPEED    20   HIGHEST GUST DIRECTION     W (260)
  AVERAGE WIND SPEED     6.1


SKY COVER
  AVERAGE SKY COVER 0.6


WEATHER CONDITIONS
 THE FOLLOWING WEATHER WAS RECORDED YESTERDAY.
  LIGHT RAIN
  FOG


RELATIVE HUMIDITY (PERCENT)
 HIGHEST    89           800 AM
 LOWEST     60           200 PM
 AVERAGE    75

..........................................................


THE JACKSON MI CLIMATE NORMALS FOR TODAY
                         NORMAL
 MAXIMUM TEMPERATURE (F)   33
 MINIMUM TEMPERATURE (F)   18


SUNRISE AND SUNSET
FEBRUARY 12 2017......SUNRISE   738 AM EST   SUNSET   607 PM EST
FEBRUARY 13 2017......SUNRISE   737 AM EST   SUNSET   608 PM EST


-  INDICATES NEGATIVE NUMBERS.
R  INDICATES RECORD WAS SET OR TIED.
MM INDICATES DATA IS MISSING.
T  INDICATES TRACE AMOUNT.




$$

JAM
