000
CDUS43 KGRR 141332
CLIJXN


CLIMATE REPORT
NATIONAL WEATHER SERVICE GRAND RAPIDS, MI
932 AM EDT SUN AUG 14 2016


...................................

...THE JACKSON MI CLIMATE SUMMARY FOR AUGUST 14 2016...
VALID AS OF 0900 AM LOCAL TIME.

CLIMATE NORMAL PERIOD 1981 TO 2010
CLIMATE RECORD PERIOD 1944 TO 9999


WEATHER ITEM   OBSERVED TIME   NORMAL DEPARTURE LAST
                VALUE   (LST)  VALUE  FROM      YEAR
                                      NORMAL
......................................................
TEMPERATURE (F)
 TODAY
  MAXIMUM         70    214 AM  81    -11       84
  MINIMUM         66    548 AM  60      6       65
  AVERAGE         68            70     -2       75

PRECIPITATION (IN)
  TODAY            0.00          0.12  -0.12     1.26
  MONTH TO DATE    2.60          1.61   0.99     2.65
  SINCE JUN 1      9.90          8.46   1.44    12.48
  SINCE JAN 1     19.40         19.06   0.34    23.11

DEGREE DAYS
 HEATING
  TODAY            0             1     -1        0
  MONTH TO DATE    0            10    -10        1
  SINCE JUN 1     34            76    -42       46
  SINCE JUL 1      4            21    -17       14

 COOLING
  TODAY            3             6     -3       10
  MONTH TO DATE  139            84     55       62
  SINCE JUN 1    548           412    136      301
  SINCE JAN 1    601           449    152      356
......................................................


WIND (MPH)
  RESULTANT WIND SPEED   3   RESULTANT WIND DIRECTION   W (290)
  HIGHEST WIND SPEED     7   HIGHEST WIND DIRECTION    NW (300)
  HIGHEST GUST SPEED     9   HIGHEST GUST DIRECTION     W (260)
  AVERAGE WIND SPEED     3.3


SKY COVER
  AVERAGE SKY COVER 0.4


WEATHER CONDITIONS
 THE FOLLOWING WEATHER WAS RECORDED TODAY.
  FOG
  FOG W/VISIBILITY <= 1/4 MILE


RELATIVE HUMIDITY (PERCENT)
 HIGHEST   100          1200 AM
 LOWEST    100          1200 AM
 AVERAGE   100

..........................................................


THE JACKSON MI CLIMATE NORMALS FOR TOMORROW
                         NORMAL
 MAXIMUM TEMPERATURE (F)   80
 MINIMUM TEMPERATURE (F)   59


SUNRISE AND SUNSET
AUGUST 14 2016........SUNRISE   645 AM EDT   SUNSET   839 PM EDT
AUGUST 15 2016........SUNRISE   646 AM EDT   SUNSET   838 PM EDT


-  INDICATES NEGATIVE NUMBERS.
R  INDICATES RECORD WAS SET OR TIED.
MM INDICATES DATA IS MISSING.
T  INDICATES TRACE AMOUNT.




$$
