000
CDUS43 KGRR 052200
CLIJXN


CLIMATE REPORT
NATIONAL WEATHER SERVICE GRAND RAPIDS, MI
500 PM EST SUN NOV 5 2017


...................................

...THE JACKSON MI CLIMATE SUMMARY FOR NOVEMBER 5 2017...
VALID TODAY AS OF 0400 PM LOCAL TIME.

CLIMATE NORMAL PERIOD 1981 TO 2010
CLIMATE RECORD PERIOD 1944 TO 9999


WEATHER ITEM   OBSERVED TIME   NORMAL DEPARTURE LAST
                VALUE   (LST)  VALUE  FROM      YEAR
                                      NORMAL
......................................................
TEMPERATURE (F)
 TODAY
  MAXIMUM         62    349 PM  53      9       66
  MINIMUM         48    134 AM  35     13       39
  AVERAGE         55            44     11       53

PRECIPITATION (IN)
  TODAY            0.23          0.09   0.14      T
  MONTH TO DATE    1.55          0.44   1.11     0.25
  SINCE SEP 1      9.90          6.55   3.35     7.82
  SINCE JAN 1     32.96         27.47   5.49    34.13

DEGREE DAYS
 HEATING
  TODAY           10            21    -11       12
  MONTH TO DATE   99           102     -3       46
  SINCE SEP 1    528           715   -187      422
  SINCE JUL 1    555           750   -195      426

 COOLING
  TODAY            0             0      0        0
  MONTH TO DATE    0             0      0        0
  SINCE SEP 1    130            63     67      101
  SINCE JAN 1    657           592     65      829
......................................................


WIND (MPH)
  RESULTANT WIND SPEED   5   RESULTANT WIND DIRECTION   S (160)
  HIGHEST WIND SPEED    14   HIGHEST WIND DIRECTION     S (170)
  HIGHEST GUST SPEED    19   HIGHEST GUST DIRECTION     S (160)
  AVERAGE WIND SPEED     5.5


SKY COVER
  AVERAGE SKY COVER 1.0


WEATHER CONDITIONS
 THE FOLLOWING WEATHER WAS RECORDED TODAY.
  THUNDERSTORM
  RAIN
  LIGHT RAIN
  FOG
  FOG W/VISIBILITY <= 1/4 MILE


RELATIVE HUMIDITY (PERCENT)
 HIGHEST   100           800 AM
 LOWEST     84           200 PM
 AVERAGE    92

..........................................................


THE JACKSON MI CLIMATE NORMALS FOR TOMORROW
                         NORMAL
 MAXIMUM TEMPERATURE (F)   53
 MINIMUM TEMPERATURE (F)   35


SUNRISE AND SUNSET
NOVEMBER  5 2017......SUNRISE   716 AM EST   SUNSET   526 PM EST
NOVEMBER  6 2017......SUNRISE   718 AM EST   SUNSET   525 PM EST


-  INDICATES NEGATIVE NUMBERS.
R  INDICATES RECORD WAS SET OR TIED.
MM INDICATES DATA IS MISSING.
T  INDICATES TRACE AMOUNT.




$$
