000
CDUS43 KGRR 202125
CLIJXN


CLIMATE REPORT
NATIONAL WEATHER SERVICE GRAND RAPIDS, MI
525 PM EDT WED APR 20 2016


...................................

...THE JACKSON MI CLIMATE SUMMARY FOR APRIL 20 2016...
VALID TODAY AS OF 0500 PM LOCAL TIME.

CLIMATE NORMAL PERIOD 1981 TO 2010
CLIMATE RECORD PERIOD 1944 TO 9999


WEATHER ITEM   OBSERVED TIME   NORMAL DEPARTURE LAST
                VALUE   (LST)  VALUE  FROM      YEAR
                                      NORMAL
......................................................
TEMPERATURE (F)
 TODAY
  MAXIMUM         67    307 PM  61      6       59
  MINIMUM         47    629 AM  39      8       43
  AVERAGE         57            50      7       51

PRECIPITATION (IN)
  TODAY            0.00          0.08  -0.08     0.37
  MONTH TO DATE    1.52          1.73  -0.21     2.31
  SINCE MAR 1      4.17          3.63   0.54     2.79
  SINCE JAN 1      6.04          6.41  -0.37     4.87

DEGREE DAYS
 HEATING
  TODAY            8            16     -8       14
  MONTH TO DATE  425           383     42      292
  SINCE MAR 1   1134          1293   -159     1286
  SINCE JUL 1   5256          6207   -951     6790

 COOLING
  TODAY            0             0      0        0
  MONTH TO DATE    0             0      0        0
  SINCE MAR 1      0             0      0        0
  SINCE JAN 1      0             0      0        0
......................................................


WIND (MPH)
  RESULTANT WIND SPEED  11   RESULTANT WIND DIRECTION   E (110)
  HIGHEST WIND SPEED    23   HIGHEST WIND DIRECTION    SE (130)
  HIGHEST GUST SPEED    29   HIGHEST GUST DIRECTION    SE (130)
  AVERAGE WIND SPEED    11.6


SKY COVER
  AVERAGE SKY COVER 0.4


WEATHER CONDITIONS
 THE FOLLOWING WEATHER WAS RECORDED TODAY.
  NO SIGNIFICANT WEATHER WAS OBSERVED.


RELATIVE HUMIDITY (PERCENT)
 HIGHEST    66           200 AM
 LOWEST     20           300 PM
 AVERAGE    43

..........................................................


THE JACKSON MI CLIMATE NORMALS FOR TOMORROW
                         NORMAL
 MAXIMUM TEMPERATURE (F)   61
 MINIMUM TEMPERATURE (F)   39


SUNRISE AND SUNSET
APRIL 20 2016.........SUNRISE   648 AM EDT   SUNSET   826 PM EDT
APRIL 21 2016.........SUNRISE   647 AM EDT   SUNSET   827 PM EDT


-  INDICATES NEGATIVE NUMBERS.
R  INDICATES RECORD WAS SET OR TIED.
MM INDICATES DATA IS MISSING.
T  INDICATES TRACE AMOUNT.




$$
