000
CDUS43 KGRR 252127
CLIJXN


CLIMATE REPORT
NATIONAL WEATHER SERVICE GRAND RAPIDS, MI
527 PM EDT MON AUG 25 2014


...................................

...THE JACKSON MI CLIMATE SUMMARY FOR AUGUST 25 2014...
VALID TODAY AS OF 0500 PM LOCAL TIME.

CLIMATE NORMAL PERIOD 1981 TO 2010
CLIMATE RECORD PERIOD 9999 TO 9999


WEATHER ITEM   OBSERVED TIME   RECORD YEAR NORMAL DEPARTURE LAST
                VALUE   (LST)  VALUE       VALUE  FROM      YEAR
                                                  NORMAL
..................................................................
TEMPERATURE (F)
 TODAY
  MAXIMUM         89    325 PM  MM      MM  79     10       84
  MINIMUM         67    100 AM  MM      MM  58      9       57
  AVERAGE         78                        69      9       71

PRECIPITATION (IN)
  TODAY            0.00         MM      MM   0.10  -0.10     0.00
  MONTH TO DATE    2.06                      2.81  -0.75     3.14
  SINCE JUN 1      9.96                      9.66   0.30     9.74
  SINCE JAN 1     22.29                     20.26   2.03    22.36

DEGREE DAYS
 HEATING
  TODAY            0                         1     -1        0
  MONTH TO DATE   12                        21     -9       27
  SINCE JUN 1     73                        87    -14      105
  SINCE JUL 1     42                        32     10       48

 COOLING
  TODAY           13                         5      8        6
  MONTH TO DATE  126                       140    -14       77
  SINCE JUN 1    365                       468   -103      409
  SINCE JAN 1    399                       505   -106      476
..................................................................


WIND (MPH)
  RESULTANT WIND SPEED   5   RESULTANT WIND DIRECTION   S (170)
  HIGHEST WIND SPEED    12   HIGHEST WIND DIRECTION     S (180)
  HIGHEST GUST SPEED    14   HIGHEST GUST DIRECTION     S (190)
  AVERAGE WIND SPEED     6.0



WEATHER CONDITIONS
 THE FOLLOWING WEATHER WAS RECORDED TODAY.
  FOG


RELATIVE HUMIDITY (PERCENT)
 HIGHEST    93           100 AM
 LOWEST     59           200 PM
 AVERAGE    76

..........................................................




SUNRISE AND SUNSET
AUGUST 25 2014........SUNRISE   656 AM EDT   SUNSET   823 PM EDT
AUGUST 26 2014........SUNRISE   657 AM EDT   SUNSET   822 PM EDT


-  INDICATES NEGATIVE NUMBERS.
R  INDICATES RECORD WAS SET OR TIED.
MM INDICATES DATA IS MISSING.
T  INDICATES TRACE AMOUNT.




$$
