000
CDUS43 KGRR 111352
CLIJXN


CLIMATE REPORT
NATIONAL WEATHER SERVICE GRAND RAPIDS, MI
951 AM EDT THU MAY 11 2017


...................................

...THE JACKSON MI CLIMATE SUMMARY FOR MAY 11 2017...
VALID AS OF 0900 AM LOCAL TIME.

CLIMATE NORMAL PERIOD 1981 TO 2010
CLIMATE RECORD PERIOD 1944 TO 9999


WEATHER ITEM   OBSERVED TIME   NORMAL DEPARTURE LAST
                VALUE   (LST)  VALUE  FROM      YEAR
                                      NORMAL
......................................................
TEMPERATURE (F)
 TODAY
  MAXIMUM         48    759 AM  68    -20       66
  MINIMUM         46    608 AM  45      1       50
  AVERAGE         47            56     -9       58

PRECIPITATION (IN)
  TODAY            0.14          0.11   0.03     0.00
  MONTH TO DATE    1.54          1.11   0.43     0.59
  SINCE MAR 1     10.36          5.62   4.74     6.51
  SINCE JAN 1     15.30          8.40   6.90     8.38

DEGREE DAYS
 HEATING
  TODAY           18            10      8        7
  MONTH TO DATE  181           120     61      135
  SINCE MAR 1   1451          1552   -101     1401
  SINCE JUL 1   5459          6466  -1007     5523

 COOLING
  TODAY            0             1     -1        0
  MONTH TO DATE    0             4     -4        0
  SINCE MAR 1      7            10     -3        0
  SINCE JAN 1      7            10     -3        0
......................................................


WIND (MPH)
  RESULTANT WIND SPEED   7   RESULTANT WIND DIRECTION  NE (40)
  HIGHEST WIND SPEED    16   HIGHEST WIND DIRECTION     E (100)
  HIGHEST GUST SPEED    22   HIGHEST GUST DIRECTION     E (90)
  AVERAGE WIND SPEED     8.5


SKY COVER
  AVERAGE SKY COVER 0.9


WEATHER CONDITIONS
 THE FOLLOWING WEATHER WAS RECORDED TODAY.
  RAIN
  LIGHT RAIN


RELATIVE HUMIDITY (PERCENT)
 HIGHEST    86           500 AM
 LOWEST     77           800 AM
 AVERAGE    82

..........................................................


THE JACKSON MI CLIMATE NORMALS FOR TOMORROW
                         NORMAL
 MAXIMUM TEMPERATURE (F)   68
 MINIMUM TEMPERATURE (F)   45


SUNRISE AND SUNSET
MAY 11 2017...........SUNRISE   621 AM EDT   SUNSET   848 PM EDT
MAY 12 2017...........SUNRISE   620 AM EDT   SUNSET   849 PM EDT


-  INDICATES NEGATIVE NUMBERS.
R  INDICATES RECORD WAS SET OR TIED.
MM INDICATES DATA IS MISSING.
T  INDICATES TRACE AMOUNT.




$$

jam
