000
CDUS43 KGRR 230513
CLIJXN


CLIMATE REPORT
NATIONAL WEATHER SERVICE GRAND RAPIDS, MI
1213 AM EST FRI JAN 23 2015


...................................

...THE JACKSON MI CLIMATE SUMMARY FOR JANUARY 22 2015...

CLIMATE NORMAL PERIOD 1981 TO 2010
CLIMATE RECORD PERIOD 1944 TO 9999


WEATHER ITEM   OBSERVED TIME   NORMAL DEPARTURE LAST
                VALUE   (LST)  VALUE  FROM      YEAR
                                      NORMAL
......................................................
TEMPERATURE (F)
 YESTERDAY
  MAXIMUM         30    325 PM  31     -1       10
  MINIMUM         22    759 AM  16      6      -10
  AVERAGE         26            23      3        0

PRECIPITATION (IN)
  YESTERDAY        T             0.05  -0.05      T
  MONTH TO DATE    0.98          1.14  -0.16     1.76
  SINCE DEC 1      2.38          3.01  -0.63     3.68
  SINCE JAN 1      0.98          1.14  -0.16     1.76

DEGREE DAYS
 HEATING
  YESTERDAY       39            42     -3       65
  MONTH TO DATE  997           913     84     1065
  SINCE DEC 1   2016          2057    -41     2274
  SINCE JUL 1   3627          3461    166     3745

 COOLING
  YESTERDAY        0             0      0        0
  MONTH TO DATE    0             0      0        0
  SINCE DEC 1      0             0      0        0
  SINCE JAN 1      0             0      0        0
......................................................


WIND (MPH)
  RESULTANT WIND SPEED   5   RESULTANT WIND DIRECTION  NW (300)
  HIGHEST WIND SPEED    13   HIGHEST WIND DIRECTION    NW (300)
  HIGHEST GUST SPEED    17   HIGHEST GUST DIRECTION    NW (310)
  AVERAGE WIND SPEED     5.3


SKY COVER
  AVERAGE SKY COVER 1.0


WEATHER CONDITIONS
 THE FOLLOWING WEATHER WAS RECORDED YESTERDAY.
  LIGHT SNOW
  FOG
  HAZE


RELATIVE HUMIDITY (PERCENT)
 HIGHEST    88           100 AM
 LOWEST     63           200 PM
 AVERAGE    76

..........................................................


THE JACKSON MI CLIMATE NORMALS FOR TODAY
                         NORMAL
 MAXIMUM TEMPERATURE (F)   31
 MINIMUM TEMPERATURE (F)   16


SUNRISE AND SUNSET
JANUARY 23 2015.......SUNRISE   759 AM EST   SUNSET   540 PM EST
JANUARY 24 2015.......SUNRISE   759 AM EST   SUNSET   542 PM EST


-  INDICATES NEGATIVE NUMBERS.
R  INDICATES RECORD WAS SET OR TIED.
MM INDICATES DATA IS MISSING.
T  INDICATES TRACE AMOUNT.




$$
