000
CDUS43 KGRR 141334
CLIJXN


CLIMATE REPORT
NATIONAL WEATHER SERVICE GRAND RAPIDS, MI
934 AM EDT TUE MAR 14 2017


...................................

...THE JACKSON MI CLIMATE SUMMARY FOR MARCH 14 2017...
VALID AS OF 0900 AM LOCAL TIME.

CLIMATE NORMAL PERIOD 1981 TO 2010
CLIMATE RECORD PERIOD 1944 TO 9999


WEATHER ITEM   OBSERVED TIME   NORMAL DEPARTURE LAST
                VALUE   (LST)  VALUE  FROM      YEAR
                                      NORMAL
......................................................
TEMPERATURE (F)
 TODAY
  MAXIMUM         19   1201 AM  44    -25       57
  MINIMUM         12    734 AM  25    -13       44
  AVERAGE         16            35    -19       51

PRECIPITATION (IN)
  TODAY            0.00          0.06  -0.06     0.01
  MONTH TO DATE    1.03          0.78   0.25     0.50
  SINCE MAR 1      1.03          0.78   0.25     0.50
  SINCE JAN 1      5.97          3.56   2.41     2.37

DEGREE DAYS
 HEATING
  TODAY           49            30     19       14
  MONTH TO DATE  472           458     14      341
  SINCE MAR 1    472           458     14      341
  SINCE JUL 1   4480          5372   -892     4463

 COOLING
  TODAY            0             0      0        0
  MONTH TO DATE    0             0      0        0
  SINCE MAR 1      0             0      0        0
  SINCE JAN 1      0             0      0        0
......................................................


WIND (MPH)
  RESULTANT WIND SPEED   8   RESULTANT WIND DIRECTION   N (10)
  HIGHEST WIND SPEED    15   HIGHEST WIND DIRECTION    NE (40)
  HIGHEST GUST SPEED    19   HIGHEST GUST DIRECTION    NE (40)
  AVERAGE WIND SPEED     7.9


SKY COVER
  AVERAGE SKY COVER 0.5


WEATHER CONDITIONS
 THE FOLLOWING WEATHER WAS RECORDED TODAY.
  NO SIGNIFICANT WEATHER WAS OBSERVED.


RELATIVE HUMIDITY (PERCENT)
 HIGHEST    92           600 AM
 LOWEST     77          1200 AM
 AVERAGE    85

..........................................................


THE JACKSON MI CLIMATE NORMALS FOR TOMORROW
                         NORMAL
 MAXIMUM TEMPERATURE (F)   45
 MINIMUM TEMPERATURE (F)   26


SUNRISE AND SUNSET
MARCH 14 2017.........SUNRISE   751 AM EDT   SUNSET   744 PM EDT
MARCH 15 2017.........SUNRISE   749 AM EDT   SUNSET   745 PM EDT


-  INDICATES NEGATIVE NUMBERS.
R  INDICATES RECORD WAS SET OR TIED.
MM INDICATES DATA IS MISSING.
T  INDICATES TRACE AMOUNT.




$$
