000
CDUS43 KGRR 201333
CLIJXN


CLIMATE REPORT
NATIONAL WEATHER SERVICE GRAND RAPIDS, MI
933 AM EDT FRI MAR 20 2015


...................................

...THE JACKSON MI CLIMATE SUMMARY FOR MARCH 20 2015...
VALID AS OF 0900 AM LOCAL TIME.

CLIMATE NORMAL PERIOD 1981 TO 2010
CLIMATE RECORD PERIOD 1944 TO 9999


WEATHER ITEM   OBSERVED TIME   NORMAL DEPARTURE LAST
                VALUE   (LST)  VALUE  FROM      YEAR
                                      NORMAL
......................................................
TEMPERATURE (F)
 TODAY
  MAXIMUM         33    759 AM  47    -14       38
  MINIMUM         31    721 AM  27      4       24
  AVERAGE         32            37     -5       31

PRECIPITATION (IN)
  TODAY            0.00          0.06  -0.06      T
  MONTH TO DATE    0.10          1.14  -1.04     1.59
  SINCE MAR 1      0.10          1.14  -1.04     1.59
  SINCE JAN 1      2.18          3.92  -1.74     5.87

DEGREE DAYS
 HEATING
  TODAY           33            28      5       34
  MONTH TO DATE  649           631     18      805
  SINCE MAR 1    649           631     18      805
  SINCE JUL 1   6153          5545    608     6369

 COOLING
  TODAY            0             0      0        0
  MONTH TO DATE    0             0      0        0
  SINCE MAR 1      0             0      0        0
  SINCE JAN 1      0             0      0        0
......................................................


WIND (MPH)
  RESULTANT WIND SPEED   3   RESULTANT WIND DIRECTION  SE (130)
  HIGHEST WIND SPEED    10   HIGHEST WIND DIRECTION    SE (140)
  HIGHEST GUST SPEED    14   HIGHEST GUST DIRECTION    SE (140)
  AVERAGE WIND SPEED     3.2


SKY COVER
  AVERAGE SKY COVER 1.0


WEATHER CONDITIONS
 THE FOLLOWING WEATHER WAS RECORDED TODAY.
  NO SIGNIFICANT WEATHER WAS OBSERVED.


RELATIVE HUMIDITY (PERCENT)
 HIGHEST    58           400 AM
 LOWEST     49           200 AM
 AVERAGE    54

..........................................................


THE JACKSON MI CLIMATE NORMALS FOR TOMORROW
                         NORMAL
 MAXIMUM TEMPERATURE (F)   48
 MINIMUM TEMPERATURE (F)   28


SUNRISE AND SUNSET
MARCH 20 2015.........SUNRISE   742 AM EDT   SUNSET   750 PM EDT
MARCH 21 2015.........SUNRISE   740 AM EDT   SUNSET   751 PM EDT


-  INDICATES NEGATIVE NUMBERS.
R  INDICATES RECORD WAS SET OR TIED.
MM INDICATES DATA IS MISSING.
T  INDICATES TRACE AMOUNT.




$$
