000
CDUS43 KGRR 312223
CLIJXN


CLIMATE REPORT
NATIONAL WEATHER SERVICE GRAND RAPIDS, MI
523 PM EST SUN JAN 31 2016


...................................

...THE JACKSON MI CLIMATE SUMMARY FOR JANUARY 31 2016...
VALID TODAY AS OF 0500 PM LOCAL TIME.

CLIMATE NORMAL PERIOD 1981 TO 2010
CLIMATE RECORD PERIOD 1944 TO 9999


WEATHER ITEM   OBSERVED TIME   NORMAL DEPARTURE LAST
                VALUE   (LST)  VALUE  FROM      YEAR
                                      NORMAL
......................................................
TEMPERATURE (F)
 TODAY
  MAXIMUM         51    459 PM  31     20       35
  MINIMUM         38    710 AM  16     22       12
  AVERAGE         45            24     21       24

PRECIPITATION (IN)
  TODAY            0.02          0.04  -0.02     0.00
  MONTH TO DATE    0.69          1.49  -0.80     1.07
  SINCE DEC 1      3.00          3.36  -0.36     2.47
  SINCE JAN 1      0.69          1.49  -0.80     1.07

DEGREE DAYS
 HEATING
  TODAY           20            41    -21       41
  MONTH TO DATE 1200          1286    -86     1372
  SINCE DEC 1   1972          2427   -455     2391
  SINCE JUL 1   3093          3831   -738     4002

 COOLING
  TODAY            0             0      0        0
  MONTH TO DATE    0             0      0        0
  SINCE DEC 1      0             0      0        0
  SINCE JAN 1      0             0      0        0
......................................................


WIND (MPH)
  RESULTANT WIND SPEED   8   RESULTANT WIND DIRECTION   S (200)
  HIGHEST WIND SPEED    17   HIGHEST WIND DIRECTION     S (190)
  HIGHEST GUST SPEED    21   HIGHEST GUST DIRECTION     S (190)
  AVERAGE WIND SPEED     9.1


SKY COVER
  AVERAGE SKY COVER 0.8


WEATHER CONDITIONS
 THE FOLLOWING WEATHER WAS RECORDED TODAY.
  LIGHT RAIN
  FOG
  HAZE


RELATIVE HUMIDITY (PERCENT)
 HIGHEST    92           600 AM
 LOWEST     70           300 AM
 AVERAGE    81

..........................................................


THE JACKSON MI CLIMATE NORMALS FOR TOMORROW
                         NORMAL
 MAXIMUM TEMPERATURE (F)   32
 MINIMUM TEMPERATURE (F)   16


SUNRISE AND SUNSET
JANUARY 31 2016.......SUNRISE   753 AM EST   SUNSET   550 PM EST
FEBRUARY  1 2016......SUNRISE   752 AM EST   SUNSET   552 PM EST


-  INDICATES NEGATIVE NUMBERS.
R  INDICATES RECORD WAS SET OR TIED.
MM INDICATES DATA IS MISSING.
T  INDICATES TRACE AMOUNT.




$$
