000
CDUS43 KGRR 150522
CLIJXN


CLIMATE REPORT
NATIONAL WEATHER SERVICE GRAND RAPIDS, MI
1222 AM EST MON DEC 15 2014


...................................

...THE JACKSON MI CLIMATE SUMMARY FOR DECEMBER 14 2014...

CLIMATE NORMAL PERIOD 1981 TO 2010
CLIMATE RECORD PERIOD 1944 TO 9999


WEATHER ITEM   OBSERVED TIME   NORMAL DEPARTURE LAST
                VALUE   (LST)  VALUE  FROM      YEAR
                                      NORMAL
......................................................
TEMPERATURE (F)
 YESTERDAY
  MAXIMUM         53    346 PM  35     18       24
  MINIMUM         44    150 AM  22     22       18
  AVERAGE         49            28     21       21

PRECIPITATION (IN)
  YESTERDAY        0.00          0.05  -0.05     0.35
  MONTH TO DATE    0.11          0.88  -0.77     0.47
  SINCE DEC 1      0.11          0.88  -0.77     0.47
  SINCE JAN 1     28.28         30.51  -2.23    31.47

DEGREE DAYS
 HEATING
  YESTERDAY       16            37    -21       44
  MONTH TO DATE  465           481    -16      538
  SINCE DEC 1    465           481    -16      538
  SINCE JUL 1   2076          1885    191     2009

 COOLING
  YESTERDAY        0             0      0        0
  MONTH TO DATE    0             0      0        0
  SINCE DEC 1      0             0      0        0
  SINCE JAN 1    496           592    -96      616
......................................................


WIND (MPH)
  RESULTANT WIND SPEED   6   RESULTANT WIND DIRECTION   W (250)
  HIGHEST WIND SPEED    18   HIGHEST WIND DIRECTION     W (290)
  HIGHEST GUST SPEED    28   HIGHEST GUST DIRECTION     W (280)
  AVERAGE WIND SPEED     7.5


SKY COVER
  AVERAGE SKY COVER 1.0


WEATHER CONDITIONS
 THE FOLLOWING WEATHER WAS RECORDED YESTERDAY.
  FOG


RELATIVE HUMIDITY (PERCENT)
 HIGHEST    93          1100 AM
 LOWEST     77           300 PM
 AVERAGE    85

..........................................................


THE JACKSON MI CLIMATE NORMALS FOR TODAY
                         NORMAL
 MAXIMUM TEMPERATURE (F)   34
 MINIMUM TEMPERATURE (F)   22


SUNRISE AND SUNSET
DECEMBER 15 2014......SUNRISE   800 AM EST   SUNSET   506 PM EST
DECEMBER 16 2014......SUNRISE   800 AM EST   SUNSET   507 PM EST


-  INDICATES NEGATIVE NUMBERS.
R  INDICATES RECORD WAS SET OR TIED.
MM INDICATES DATA IS MISSING.
T  INDICATES TRACE AMOUNT.




$$
