000
CDUS43 KGRR 151336
CLIJXN


CLIMATE REPORT
NATIONAL WEATHER SERVICE GRAND RAPIDS, MI
936 AM EDT WED OCT 15 2014


...................................

...THE JACKSON MI CLIMATE SUMMARY FOR OCTOBER 15 2014...
VALID AS OF 0900 AM LOCAL TIME.

CLIMATE NORMAL PERIOD 1981 TO 2010
CLIMATE RECORD PERIOD 1944 TO 9999


WEATHER ITEM   OBSERVED TIME   RECORD YEAR NORMAL DEPARTURE LAST
                VALUE   (LST)  VALUE       VALUE  FROM      YEAR
                                                  NORMAL
..................................................................
TEMPERATURE (F)
 TODAY
  MAXIMUM         59   1219 AM  MM      MM  61     -2       62
  MINIMUM         50    725 AM  MM      MM  40     10       40
  AVERAGE         55                        50      5       51

PRECIPITATION (IN)
  TODAY            0.00         MM      MM   0.08  -0.08     0.12
  MONTH TO DATE    0.82                      1.39  -0.57     0.56
  SINCE SEP 1      2.92                      4.87  -1.95     3.11
  SINCE JAN 1     25.93                     25.79   0.14    27.66

DEGREE DAYS
 HEATING
  TODAY           10                        15     -5       14
  MONTH TO DATE  186                       188     -2      104
  SINCE SEP 1    349                       341      8      264

 COOLING
  TODAY            0                         0      0        0
  MONTH TO DATE    0                         3     -3       12
  SINCE SEP 1     50                        60    -10       76
..................................................................


WIND (MPH)
  HIGHEST WIND SPEED     9   HIGHEST WIND DIRECTION     S (180)
  HIGHEST GUST SPEED    13   HIGHEST GUST DIRECTION     S (170)



WEATHER CONDITIONS
 THE FOLLOWING WEATHER WAS RECORDED TODAY.
  NO SIGNIFICANT WEATHER WAS OBSERVED.


..........................................................




SUNRISE AND SUNSET
OCTOBER 15 2014.......SUNRISE   751 AM EDT   SUNSET   656 PM EDT
OCTOBER 16 2014.......SUNRISE   752 AM EDT   SUNSET   654 PM EDT


-  INDICATES NEGATIVE NUMBERS.
R  INDICATES RECORD WAS SET OR TIED.
MM INDICATES DATA IS MISSING.
T  INDICATES TRACE AMOUNT.




$$
