000
CDUS43 KGRR 240515
CLIJXN


CLIMATE REPORT
NATIONAL WEATHER SERVICE GRAND RAPIDS, MI
115 AM EDT WED SEP 24 2014


...................................

...THE JACKSON MI CLIMATE SUMMARY FOR SEPTEMBER 23 2014...

CLIMATE NORMAL PERIOD 1981 TO 2010
CLIMATE RECORD PERIOD 1944 TO 9999


WEATHER ITEM   OBSERVED TIME   NORMAL DEPARTURE LAST
                VALUE   (LST)  VALUE  FROM      YEAR
                                      NORMAL
......................................................
TEMPERATURE (F)
 YESTERDAY
  MAXIMUM         73    403 PM  70      3       60
  MINIMUM         40    635 AM  48     -8       38
  AVERAGE         57            59     -2       49

PRECIPITATION (IN)
  YESTERDAY        0.00          0.12  -0.12     0.00
  MONTH TO DATE    1.97          2.68  -0.71     2.46
  SINCE SEP 1      1.97          2.68  -0.71     2.46
  SINCE JAN 1     24.98         23.60   1.38    27.01

DEGREE DAYS
 HEATING
  YESTERDAY        8             7      1       16
  MONTH TO DATE  135            93     42      111
  SINCE SEP 1    135            93     42      111
  SINCE JUL 1    177           128     49      159

 COOLING
  YESTERDAY        0             1     -1        0
  MONTH TO DATE   50            52     -2       64
  SINCE SEP 1     50            52     -2       64
  SINCE JAN 1    496           581    -85      604
......................................................


WIND (MPH)
  RESULTANT WIND SPEED   1   RESULTANT WIND DIRECTION   S (190)
  HIGHEST WIND SPEED     9   HIGHEST WIND DIRECTION    SW (240)
  HIGHEST GUST SPEED    14   HIGHEST GUST DIRECTION    SW (220)
  AVERAGE WIND SPEED     2.1


SKY COVER
  AVERAGE SKY COVER 0.0


WEATHER CONDITIONS
 THE FOLLOWING WEATHER WAS RECORDED YESTERDAY.
  FOG


RELATIVE HUMIDITY (PERCENT)
 HIGHEST    96           300 AM
 LOWEST     44           300 PM
 AVERAGE    70

..........................................................


THE JACKSON MI CLIMATE NORMALS FOR TODAY
                         NORMAL
 MAXIMUM TEMPERATURE (F)   69
 MINIMUM TEMPERATURE (F)   47


SUNRISE AND SUNSET
SEPTEMBER 24 2014.....SUNRISE   727 AM EDT   SUNSET   732 PM EDT
SEPTEMBER 25 2014.....SUNRISE   728 AM EDT   SUNSET   730 PM EDT


-  INDICATES NEGATIVE NUMBERS.
R  INDICATES RECORD WAS SET OR TIED.
MM INDICATES DATA IS MISSING.
T  INDICATES TRACE AMOUNT.




$$
