000
CDUS43 KGRR 200514
CLIJXN


CLIMATE REPORT
NATIONAL WEATHER SERVICE GRAND RAPIDS, MI
113 AM EDT MON APR 20 2015


...................................

...THE JACKSON MI CLIMATE SUMMARY FOR APRIL 19 2015...

CLIMATE NORMAL PERIOD 1981 TO 2010
CLIMATE RECORD PERIOD 1944 TO 9999


WEATHER ITEM   OBSERVED TIME   NORMAL DEPARTURE LAST
                VALUE   (LST)  VALUE  FROM      YEAR
                                      NORMAL
......................................................
TEMPERATURE (F)
 YESTERDAY
  MAXIMUM         66    100 PM  60      6       58
  MINIMUM         45    328 AM  38      7       31
  AVERAGE         56            49      7       45

PRECIPITATION (IN)
  YESTERDAY        0.52          0.09   0.43     0.00
  MONTH TO DATE    1.94          1.65   0.29     1.50
  SINCE MAR 1      2.42          3.55  -1.13     3.41
  SINCE JAN 1      4.50          6.33  -1.83     7.69

DEGREE DAYS
 HEATING
  YESTERDAY        9            16     -7       20
  MONTH TO DATE  278           367    -89      377
  SINCE MAR 1   1272          1277     -5     1552
  SINCE JUL 1   6776          6191    585     7116

 COOLING
  YESTERDAY        0             0      0        0
  MONTH TO DATE    0             0      0        0
  SINCE MAR 1      0             0      0        0
  SINCE JAN 1      0             0      0        0
......................................................


WIND (MPH)
  RESULTANT WIND SPEED  14   RESULTANT WIND DIRECTION   E (100)
  HIGHEST WIND SPEED    25   HIGHEST WIND DIRECTION     E (100)
  HIGHEST GUST SPEED    31   HIGHEST GUST DIRECTION    SE (120)
  AVERAGE WIND SPEED    14.7


SKY COVER
  AVERAGE SKY COVER 0.4


WEATHER CONDITIONS
 THE FOLLOWING WEATHER WAS RECORDED YESTERDAY.
  RAIN
  LIGHT RAIN
  FOG


RELATIVE HUMIDITY (PERCENT)
 HIGHEST    93          1000 PM
 LOWEST     30          1100 AM
 AVERAGE    62

..........................................................


THE JACKSON MI CLIMATE NORMALS FOR TODAY
                         NORMAL
 MAXIMUM TEMPERATURE (F)   61
 MINIMUM TEMPERATURE (F)   39


SUNRISE AND SUNSET
APRIL 20 2015.........SUNRISE   650 AM EDT   SUNSET   825 PM EDT
APRIL 21 2015.........SUNRISE   648 AM EDT   SUNSET   826 PM EDT


-  INDICATES NEGATIVE NUMBERS.
R  INDICATES RECORD WAS SET OR TIED.
MM INDICATES DATA IS MISSING.
T  INDICATES TRACE AMOUNT.




$$
