000
CDUS43 KGRR 091355
CLIJXN


CLIMATE REPORT
NATIONAL WEATHER SERVICE GRAND RAPIDS, MI
955 AM EDT MON MAY 9 2016


...................................

...THE JACKSON MI CLIMATE SUMMARY FOR MAY 9 2016...
VALID AS OF 0900 AM LOCAL TIME.

CLIMATE NORMAL PERIOD 1981 TO 2010
CLIMATE RECORD PERIOD 1944 TO 9999


WEATHER ITEM   OBSERVED TIME   NORMAL DEPARTURE LAST
                VALUE   (LST)  VALUE  FROM      YEAR
                                      NORMAL
......................................................
TEMPERATURE (F)
 TODAY
  MAXIMUM         53    759 AM  67    -14       77
  MINIMUM         38    455 AM  44     -6       58
  AVERAGE         46            56    -10       68

PRECIPITATION (IN)
  TODAY            0.00          0.10  -0.10     0.03
  MONTH TO DATE    0.34          0.90  -0.56     2.31
  SINCE MAR 1      6.26          5.41   0.85     5.38
  SINCE JAN 1      8.13          8.19  -0.06     7.46

DEGREE DAYS
 HEATING
  TODAY           19            10      9        0
  MONTH TO DATE  118           100     18       28
  SINCE MAR 1   1384          1532   -148     1532
  SINCE JUL 1   5506          6446   -940     7036

 COOLING
  TODAY            0             1     -1        3
  MONTH TO DATE    0             2     -2       14
  SINCE MAR 1      0             8     -8       14
  SINCE JAN 1      0             8     -8       14
......................................................


WIND (MPH)
  RESULTANT WIND SPEED   2   RESULTANT WIND DIRECTION   E (90)
  HIGHEST WIND SPEED     8   HIGHEST WIND DIRECTION     E (100)
  HIGHEST GUST SPEED    10   HIGHEST GUST DIRECTION    NE (60)
  AVERAGE WIND SPEED     2.3


SKY COVER
  AVERAGE SKY COVER 0.0


WEATHER CONDITIONS
 THE FOLLOWING WEATHER WAS RECORDED TODAY.
  NO SIGNIFICANT WEATHER WAS OBSERVED.


RELATIVE HUMIDITY (PERCENT)
 HIGHEST    MM
 LOWEST     MM
 AVERAGE    MM

..........................................................


THE JACKSON MI CLIMATE NORMALS FOR TOMORROW
                         NORMAL
 MAXIMUM TEMPERATURE (F)   67
 MINIMUM TEMPERATURE (F)   44


SUNRISE AND SUNSET
MAY  9 2016...........SUNRISE   623 AM EDT   SUNSET   847 PM EDT
MAY 10 2016...........SUNRISE   622 AM EDT   SUNSET   848 PM EDT


-  INDICATES NEGATIVE NUMBERS.
R  INDICATES RECORD WAS SET OR TIED.
MM INDICATES DATA IS MISSING.
T  INDICATES TRACE AMOUNT.




$$
