000
CDUS43 KGRR 112127
CLIJXN


CLIMATE REPORT
NATIONAL WEATHER SERVICE GRAND RAPIDS, MI
527 PM EDT TUE JUL 11 2017


...................................

...THE JACKSON MI CLIMATE SUMMARY FOR JULY 11 2017...
VALID TODAY AS OF 0500 PM LOCAL TIME.

CLIMATE NORMAL PERIOD 1981 TO 2010
CLIMATE RECORD PERIOD 1944 TO 9999


WEATHER ITEM   OBSERVED TIME   NORMAL DEPARTURE LAST
                VALUE   (LST)  VALUE  FROM      YEAR
                                      NORMAL
......................................................
TEMPERATURE (F)
 TODAY
  MAXIMUM         86    359 PM  83      3       86
  MINIMUM         68    341 AM  60      8       65
  AVERAGE         77            71      6       76

PRECIPITATION (IN)
  TODAY            0.00          0.11  -0.11      T
  MONTH TO DATE    1.74          1.19   0.55     3.46
  SINCE JUN 1      3.04          4.46  -1.42     4.49
  SINCE JAN 1     21.01         15.06   5.95    13.99

DEGREE DAYS
 HEATING
  TODAY            0             0      0        0
  MONTH TO DATE    0             1     -1        4
  SINCE JUN 1     31            56    -25       34
  SINCE JUL 1      0             1     -1        4

 COOLING
  TODAY           12             7      5       11
  MONTH TO DATE   78            75      3       69
  SINCE JUN 1    242           201     41      221
  SINCE JAN 1    278           238     40      274
......................................................


WIND (MPH)
  RESULTANT WIND SPEED   3   RESULTANT WIND DIRECTION   S (180)
  HIGHEST WIND SPEED    13   HIGHEST WIND DIRECTION     W (250)
  HIGHEST GUST SPEED    16   HIGHEST GUST DIRECTION     W (260)
  AVERAGE WIND SPEED     4.5


SKY COVER
  AVERAGE SKY COVER 0.9


WEATHER CONDITIONS
 THE FOLLOWING WEATHER WAS RECORDED TODAY.
  NO SIGNIFICANT WEATHER WAS OBSERVED.


RELATIVE HUMIDITY (PERCENT)
 HIGHEST    97          1200 AM
 LOWEST     61           300 PM
 AVERAGE    79

..........................................................


THE JACKSON MI CLIMATE NORMALS FOR TOMORROW
                         NORMAL
 MAXIMUM TEMPERATURE (F)   83
 MINIMUM TEMPERATURE (F)   60


SUNRISE AND SUNSET
JULY 11 2017..........SUNRISE   612 AM EDT   SUNSET   915 PM EDT
JULY 12 2017..........SUNRISE   613 AM EDT   SUNSET   914 PM EDT


-  INDICATES NEGATIVE NUMBERS.
R  INDICATES RECORD WAS SET OR TIED.
MM INDICATES DATA IS MISSING.
T  INDICATES TRACE AMOUNT.




$$
