000
CDUS43 KGRR 131331
CLIJXN


CLIMATE REPORT
NATIONAL WEATHER SERVICE GRAND RAPIDS, MI
931 AM EDT SAT SEP 13 2014


...................................

...THE JACKSON MI CLIMATE SUMMARY FOR SEPTEMBER 13 2014...
VALID AS OF 0900 AM LOCAL TIME.

CLIMATE NORMAL PERIOD 1981 TO 2010
CLIMATE RECORD PERIOD 9999 TO 9999


WEATHER ITEM   OBSERVED TIME   RECORD YEAR NORMAL DEPARTURE LAST
                VALUE   (LST)  VALUE       VALUE  FROM      YEAR
                                                  NORMAL
..................................................................
TEMPERATURE (F)
 TODAY
  MAXIMUM         53   1237 AM  MM      MM  74    -21       58
  MINIMUM         48    710 AM  MM      MM  52     -4       41
  AVERAGE         51                        63    -12       50

PRECIPITATION (IN)
  TODAY            0.49         MM      MM   0.11   0.38     0.00
  MONTH TO DATE    1.39                      1.47  -0.08     2.12
  SINCE SEP 1      1.39                      1.47  -0.08     2.12
  SINCE JAN 1     24.40                     22.39   2.01    26.67

DEGREE DAYS
 HEATING
  TODAY           14                         4     10       15
  MONTH TO DATE   38                        35      3       23
  SINCE SEP 1     38                        35      3       23

 COOLING
  TODAY            0                         2     -2        0
  MONTH TO DATE   49                        37     12       55
  SINCE SEP 1     49                        37     12       55
..................................................................


WIND (MPH)
  HIGHEST WIND SPEED    10   HIGHEST WIND DIRECTION     W (290)
  HIGHEST GUST SPEED    15   HIGHEST GUST DIRECTION    NW (300)



WEATHER CONDITIONS
 THE FOLLOWING WEATHER WAS RECORDED TODAY.
  RAIN
  LIGHT RAIN
  FOG


..........................................................




SUNRISE AND SUNSET
SEPTEMBER 13 2014.....SUNRISE   716 AM EDT   SUNSET   751 PM EDT
SEPTEMBER 14 2014.....SUNRISE   717 AM EDT   SUNSET   749 PM EDT


-  INDICATES NEGATIVE NUMBERS.
R  INDICATES RECORD WAS SET OR TIED.
MM INDICATES DATA IS MISSING.
T  INDICATES TRACE AMOUNT.




$$
