000
CDUS43 KGRR 222138
CLIJXN


CLIMATE REPORT
NATIONAL WEATHER SERVICE GRAND RAPIDS, MI
537 PM EDT MON JUN 22 2015


...................................

...THE JACKSON MI CLIMATE SUMMARY FOR JUNE 22 2015...
VALID TODAY AS OF 0500 PM LOCAL TIME.

CLIMATE NORMAL PERIOD 1981 TO 2010
CLIMATE RECORD PERIOD 1944 TO 9999


WEATHER ITEM   OBSERVED TIME   NORMAL DEPARTURE LAST
                VALUE   (LST)  VALUE  FROM      YEAR
                                      NORMAL
......................................................
TEMPERATURE (F)
 TODAY
  MAXIMUM         82   1210 PM  81      1       81
  MINIMUM         62    343 AM  58      4       64
  AVERAGE         72            69      3       73

PRECIPITATION (IN)
  TODAY            0.61          0.11   0.50     0.00
  MONTH TO DATE    4.64          2.40   2.24     3.32
  SINCE JUN 1      4.64          2.40   2.24     3.32
  SINCE JAN 1     15.27         13.00   2.27    15.65

DEGREE DAYS
 HEATING
  TODAY            0             1     -1        0
  MONTH TO DATE   25            48    -23       31
  SINCE JUN 1     25            48    -23       31
  SINCE JUL 1   7189          6650    539     7533

 COOLING
  TODAY            7             5      2        8
  MONTH TO DATE   80            79      1       80
  SINCE JUN 1     80            79      1       80
  SINCE JAN 1    135           116     19      114
......................................................


WIND (MPH)
  RESULTANT WIND SPEED   5   RESULTANT WIND DIRECTION  SW (210)
  HIGHEST WIND SPEED    30   HIGHEST WIND DIRECTION    SW (230)
  HIGHEST GUST SPEED    39   HIGHEST GUST DIRECTION    SW (240)
  AVERAGE WIND SPEED     5.5


SKY COVER
  AVERAGE SKY COVER 0.2


WEATHER CONDITIONS
 THE FOLLOWING WEATHER WAS RECORDED TODAY.
  THUNDERSTORM
  HEAVY RAIN
  RAIN
  LIGHT RAIN
  FOG


RELATIVE HUMIDITY (PERCENT)
 HIGHEST    93          1200 AM
 LOWEST     62          1000 AM
 AVERAGE    78

..........................................................


THE JACKSON MI CLIMATE NORMALS FOR TOMORROW
                         NORMAL
 MAXIMUM TEMPERATURE (F)   81
 MINIMUM TEMPERATURE (F)   58


SUNRISE AND SUNSET
JUNE 22 2015..........SUNRISE   602 AM EDT   SUNSET   918 PM EDT
JUNE 23 2015..........SUNRISE   602 AM EDT   SUNSET   918 PM EDT


-  INDICATES NEGATIVE NUMBERS.
R  INDICATES RECORD WAS SET OR TIED.
MM INDICATES DATA IS MISSING.
T  INDICATES TRACE AMOUNT.




$$
