000
CDUS43 KGRR 122125
CLIJXN


CLIMATE REPORT
NATIONAL WEATHER SERVICE GRAND RAPIDS, MI
524 PM EDT TUE SEP 12 2017


...................................

...THE JACKSON MI CLIMATE SUMMARY FOR SEPTEMBER 12 2017...
VALID TODAY AS OF 0500 PM LOCAL TIME.

CLIMATE NORMAL PERIOD 1981 TO 2010
CLIMATE RECORD PERIOD 1944 TO 9999


WEATHER ITEM   OBSERVED TIME   NORMAL DEPARTURE LAST
                VALUE   (LST)  VALUE  FROM      YEAR
                                      NORMAL
......................................................
TEMPERATURE (F)
 TODAY
  MAXIMUM         78    318 PM  74      4       75
  MINIMUM         44    406 AM  53     -9       53
  AVERAGE         61            63     -2       64

PRECIPITATION (IN)
  TODAY            0.00          0.11  -0.11     0.00
  MONTH TO DATE    0.56          1.36  -0.80     1.11
  SINCE SEP 1      0.56          1.36  -0.80     1.11
  SINCE JAN 1     23.62         22.28   1.34    27.42

DEGREE DAYS
 HEATING
  TODAY            4             4      0        1
  MONTH TO DATE   80            31     49        8
  SINCE SEP 1     80            31     49        8
  SINCE JUL 1    107            66     41       12

 COOLING
  TODAY            0             2     -2        0
  MONTH TO DATE    8            35    -27       54
  SINCE SEP 1      8            35    -27       54
  SINCE JAN 1    535           564    -29      782
......................................................


WIND (MPH)
  RESULTANT WIND SPEED   4   RESULTANT WIND DIRECTION  NE (40)
  HIGHEST WIND SPEED    12   HIGHEST WIND DIRECTION    NE (40)
  HIGHEST GUST SPEED    16   HIGHEST GUST DIRECTION    NE (30)
  AVERAGE WIND SPEED     4.2


SKY COVER
  AVERAGE SKY COVER 0.0


WEATHER CONDITIONS
 THE FOLLOWING WEATHER WAS RECORDED TODAY.
  FOG


RELATIVE HUMIDITY (PERCENT)
 HIGHEST   100           300 AM
 LOWEST     33           200 PM
 AVERAGE    67

..........................................................


THE JACKSON MI CLIMATE NORMALS FOR TOMORROW
                         NORMAL
 MAXIMUM TEMPERATURE (F)   74
 MINIMUM TEMPERATURE (F)   52


SUNRISE AND SUNSET
SEPTEMBER 12 2017.....SUNRISE   715 AM EDT   SUNSET   752 PM EDT
SEPTEMBER 13 2017.....SUNRISE   716 AM EDT   SUNSET   751 PM EDT


-  INDICATES NEGATIVE NUMBERS.
R  INDICATES RECORD WAS SET OR TIED.
MM INDICATES DATA IS MISSING.
T  INDICATES TRACE AMOUNT.




$$
