000
CDUS43 KGRR 210513
CLIJXN


CLIMATE REPORT
NATIONAL WEATHER SERVICE GRAND RAPIDS, MI
112 AM EDT THU MAY 21 2015


...................................

...THE JACKSON MI CLIMATE SUMMARY FOR MAY 20 2015...

CLIMATE NORMAL PERIOD 1981 TO 2010
CLIMATE RECORD PERIOD 1944 TO 9999


WEATHER ITEM   OBSERVED TIME   NORMAL DEPARTURE LAST
                VALUE   (LST)  VALUE  FROM      YEAR
                                      NORMAL
......................................................
TEMPERATURE (F)
 YESTERDAY
  MAXIMUM         60    332 PM  70    -10       79
  MINIMUM         34    523 AM  47    -13       53
  AVERAGE         47            59    -12       66

PRECIPITATION (IN)
  YESTERDAY        0.02          0.11  -0.09     0.06
  MONTH TO DATE    2.70          2.08   0.62     3.68
  SINCE MAR 1      5.77          6.59  -0.82     7.61
  SINCE JAN 1      7.85          9.37  -1.52    11.89

DEGREE DAYS
 HEATING
  YESTERDAY       18             7     11        0
  MONTH TO DATE  110           194    -84      221
  SINCE MAR 1   1614          1626    -12     1922
  SINCE JUL 1   7118          6540    578     7486

 COOLING
  YESTERDAY        0             1     -1        1
  MONTH TO DATE   30            13     17       14
  SINCE MAR 1     30            19     11       14
  SINCE JAN 1     30            19     11       14
......................................................


WIND (MPH)
  RESULTANT WIND SPEED   3   RESULTANT WIND DIRECTION  NE (50)
  HIGHEST WIND SPEED    14   HIGHEST WIND DIRECTION     N (350)
  HIGHEST GUST SPEED    19   HIGHEST GUST DIRECTION     N (350)
  AVERAGE WIND SPEED     5.1


SKY COVER
  AVERAGE SKY COVER 0.4


WEATHER CONDITIONS
 THE FOLLOWING WEATHER WAS RECORDED YESTERDAY.
  LIGHT RAIN


RELATIVE HUMIDITY (PERCENT)
 HIGHEST    82           200 AM
 LOWEST     40           400 PM
 AVERAGE    61

..........................................................


THE JACKSON MI CLIMATE NORMALS FOR TODAY
                         NORMAL
 MAXIMUM TEMPERATURE (F)   71
 MINIMUM TEMPERATURE (F)   48


SUNRISE AND SUNSET
MAY 21 2015...........SUNRISE   611 AM EDT   SUNSET   858 PM EDT
MAY 22 2015...........SUNRISE   611 AM EDT   SUNSET   859 PM EDT


-  INDICATES NEGATIVE NUMBERS.
R  INDICATES RECORD WAS SET OR TIED.
MM INDICATES DATA IS MISSING.
T  INDICATES TRACE AMOUNT.




$$
