000
CDUS43 KGRR 102124
CLIJXN


CLIMATE REPORT
NATIONAL WEATHER SERVICE GRAND RAPIDS, MI
524 PM EDT FRI JUN 10 2016


...................................

...THE JACKSON MI CLIMATE SUMMARY FOR JUNE 10 2016...
VALID TODAY AS OF 0500 PM LOCAL TIME.

CLIMATE NORMAL PERIOD 1981 TO 2010
CLIMATE RECORD PERIOD 1944 TO 9999


WEATHER ITEM   OBSERVED TIME   NORMAL DEPARTURE LAST
                VALUE   (LST)  VALUE  FROM      YEAR
                                      NORMAL
......................................................
TEMPERATURE (F)
 TODAY
  MAXIMUM         85    358 PM  77      8       86
  MINIMUM         61    517 AM  55      6       64
  AVERAGE         73            66      7       75

PRECIPITATION (IN)
  TODAY            T             0.12  -0.12     0.09
  MONTH TO DATE    0.56          1.07  -0.51     0.99
  SINCE JUN 1      0.56          1.07  -0.51     0.99
  SINCE JAN 1     10.06         11.67  -1.61    11.62

DEGREE DAYS
 HEATING
  TODAY            0             2     -2        0
  MONTH TO DATE   22            31     -9       25
  SINCE JUN 1     22            31     -9       25
  SINCE JUL 1   5662          6633   -971     7189

 COOLING
  TODAY            8             3      5       10
  MONTH TO DATE   26            26      0       20
  SINCE JUN 1     26            26      0       20
  SINCE JAN 1     79            63     16       75
......................................................


WIND (MPH)
  RESULTANT WIND SPEED   5   RESULTANT WIND DIRECTION  SE (140)
  HIGHEST WIND SPEED    13   HIGHEST WIND DIRECTION    SE (150)
  HIGHEST GUST SPEED    16   HIGHEST GUST DIRECTION     S (160)
  AVERAGE WIND SPEED     5.6


SKY COVER
  AVERAGE SKY COVER 0.7


WEATHER CONDITIONS
 THE FOLLOWING WEATHER WAS RECORDED TODAY.
  LIGHT RAIN


RELATIVE HUMIDITY (PERCENT)
 HIGHEST    72           200 AM
 LOWEST     45           100 PM
 AVERAGE    59

..........................................................


THE JACKSON MI CLIMATE NORMALS FOR TOMORROW
                         NORMAL
 MAXIMUM TEMPERATURE (F)   78
 MINIMUM TEMPERATURE (F)   55


SUNRISE AND SUNSET
JUNE 10 2016..........SUNRISE   601 AM EDT   SUNSET   914 PM EDT
JUNE 11 2016..........SUNRISE   601 AM EDT   SUNSET   915 PM EDT


-  INDICATES NEGATIVE NUMBERS.
R  INDICATES RECORD WAS SET OR TIED.
MM INDICATES DATA IS MISSING.
T  INDICATES TRACE AMOUNT.




$$
