000
CDUS43 KGRR 210516
CLIJXN


CLIMATE REPORT
NATIONAL WEATHER SERVICE GRAND RAPIDS, MI
115 AM EDT MON JUL 21 2014


...................................

...THE JACKSON MI CLIMATE SUMMARY FOR JULY 20 2014...

CLIMATE NORMAL PERIOD 1981 TO 2010
CLIMATE RECORD PERIOD 9999 TO 9999


WEATHER ITEM   OBSERVED TIME   NORMAL DEPARTURE LAST
                VALUE   (LST)  VALUE  FROM      YEAR
                                      NORMAL
......................................................
TEMPERATURE (F)
 YESTERDAY
  MAXIMUM         81    447 PM  82     -1       85
  MINIMUM         56    546 AM  60     -4       64
  AVERAGE         69            71     -2       75

PRECIPITATION (IN)
  YESTERDAY        0.00          0.11  -0.11     0.64
  MONTH TO DATE    3.09          2.23   0.86     1.22
  SINCE JUN 1      7.85          5.50   2.35     5.84
  SINCE JAN 1     20.18         16.10   4.08    18.46

DEGREE DAYS
 HEATING
  YESTERDAY        0             0      0        0
  MONTH TO DATE   17             1     16        1
  SINCE JUN 1     48            56     -8       58
  SINCE JUL 1     17             1     16        1

 COOLING
  YESTERDAY        4             7     -3       10
  MONTH TO DATE   65           138    -73      186
  SINCE JUN 1    206           264    -58      303
  SINCE JAN 1    240           301    -61      370
......................................................


WIND (MPH)
  RESULTANT WIND SPEED   1   RESULTANT WIND DIRECTION   S (180)
  HIGHEST WIND SPEED     8   HIGHEST WIND DIRECTION     S (160)
  HIGHEST GUST SPEED    21   HIGHEST GUST DIRECTION    NE (40)
  AVERAGE WIND SPEED     2.0


SKY COVER
  AVERAGE SKY COVER 0.2


WEATHER CONDITIONS
 THE FOLLOWING WEATHER WAS RECORDED YESTERDAY.
  FOG


RELATIVE HUMIDITY (PERCENT)
 HIGHEST   100           400 AM
 LOWEST     45           400 PM
 AVERAGE    73

..........................................................


THE JACKSON MI CLIMATE NORMALS FOR TODAY
                         NORMAL
 MAXIMUM TEMPERATURE (F)   82
 MINIMUM TEMPERATURE (F)   60


SUNRISE AND SUNSET
JULY 21 2014..........SUNRISE   620 AM EDT   SUNSET   908 PM EDT
JULY 22 2014..........SUNRISE   621 AM EDT   SUNSET   907 PM EDT


-  INDICATES NEGATIVE NUMBERS.
R  INDICATES RECORD WAS SET OR TIED.
MM INDICATES DATA IS MISSING.
T  INDICATES TRACE AMOUNT.




$$
