000
CDUS43 KGRR 010514
CLIJXN


CLIMATE REPORT
NATIONAL WEATHER SERVICE GRAND RAPIDS, MI
113 AM EDT TUE APR 1 2014


...................................

...THE JACKSON MI CLIMATE SUMMARY FOR MARCH 31 2014...

CLIMATE NORMAL PERIOD 1981 TO 2010
CLIMATE RECORD PERIOD 9999 TO 9999


WEATHER ITEM   OBSERVED TIME   NORMAL DEPARTURE LAST
                VALUE   (LST)  VALUE  FROM      YEAR
                                      NORMAL
......................................................
TEMPERATURE (F)
 YESTERDAY
  MAXIMUM         60    450 PM  52      8       57
  MINIMUM         29    623 AM  31     -2       36
  AVERAGE         45            42      3       47

PRECIPITATION (IN)
  YESTERDAY        0.00          0.07  -0.07     0.01
  MONTH TO DATE    1.91          1.90   0.01     0.64
  SINCE MAR 1      1.91          1.90   0.01     0.64
  SINCE JAN 1      6.19          4.68   1.51     4.99

DEGREE DAYS
 HEATING
  YESTERDAY       20            23     -3       18
  MONTH TO DATE 1175           910    265     1035
  SINCE MAR 1   1175           910    265     1035
  SINCE JUL 1   6739          5824    915     5733

 COOLING
  YESTERDAY        0             0      0        0
  MONTH TO DATE    0             0      0        0
  SINCE MAR 1      0             0      0        0
  SINCE JAN 1      0             0      0        0
......................................................


WIND (MPH)
  RESULTANT WIND SPEED   9   RESULTANT WIND DIRECTION  SE (140)
  HIGHEST WIND SPEED    22   HIGHEST WIND DIRECTION    SE (130)
  HIGHEST GUST SPEED    30   HIGHEST GUST DIRECTION    SE (140)
  AVERAGE WIND SPEED    10.4


SKY COVER
  AVERAGE SKY COVER 0.1


WEATHER CONDITIONS
 THE FOLLOWING WEATHER WAS RECORDED YESTERDAY.
  NO SIGNIFICANT WEATHER WAS OBSERVED.


RELATIVE HUMIDITY (PERCENT)
 HIGHEST    69           600 AM
 LOWEST     33           500 PM
 AVERAGE    51

..........................................................


THE JACKSON MI CLIMATE NORMALS FOR TODAY
                         NORMAL
 MAXIMUM TEMPERATURE (F)   53
 MINIMUM TEMPERATURE (F)   32


SUNRISE AND SUNSET
APRIL  1 2014.........SUNRISE   720 AM EDT   SUNSET   804 PM EDT
APRIL  2 2014.........SUNRISE   719 AM EDT   SUNSET   805 PM EDT


-  INDICATES NEGATIVE NUMBERS.
R  INDICATES RECORD WAS SET OR TIED.
MM INDICATES DATA IS MISSING.
T  INDICATES TRACE AMOUNT.




$$
