000
CDUS42 KKEY 130538
CLIMTH


CLIMATE REPORT
NATIONAL WEATHER SERVICE KEY WEST, FL
1235 AM EST FRI JAN 13 2017


...................................

...THE MARATHON CLIMATE SUMMARY FOR JANUARY 12 2017...

CLIMATE NORMAL PERIOD 1981 TO 2010


WEATHER ITEM   OBSERVED TIME   NORMAL DEPARTURE LAST
                VALUE   (LST)  VALUE  FROM      YEAR
                                      NORMAL
......................................................
TEMPERATURE (F)
 YESTERDAY
  MAXIMUM         79    435 PM  75      4       65
  MINIMUM         72   1159 PM  64      8       63
  AVERAGE         76            69      7       64

PRECIPITATION (IN)
  YESTERDAY        0.01          0.04  -0.03     0.24
  MONTH TO DATE    0.24          0.68  -0.44     1.90
  SINCE DEC 1      2.14          2.70  -0.56     9.84
  SINCE JAN 1      0.24          0.68  -0.44     1.90

SNOWFALL (IN)
  YESTERDAY        0.0
  MONTH TO DATE    0.0
  SINCE DEC 1      0.0
  SINCE JUL 1      0.0
  SNOW DEPTH       0

DEGREE DAYS
 HEATING
  YESTERDAY        0             1     -1        1
  MONTH TO DATE    3            21    -18        1
  SINCE DEC 1      3            41    -38        1
  SINCE JUL 1      3            42    -39        1

 COOLING
  YESTERDAY       11             6      5        0
  MONTH TO DATE  121            72     49       77
  SINCE DEC 1    579           300    279      473
  SINCE JAN 1    121            72     49       77
......................................................


WIND (MPH)
  HIGHEST WIND SPEED    16   HIGHEST WIND DIRECTION     E (90)
  HIGHEST GUST SPEED    22   HIGHEST GUST DIRECTION     E (80)
  AVERAGE WIND SPEED    10.1


SKY COVER
  POSSIBLE SUNSHINE  MM
  AVERAGE SKY COVER 0.6


WEATHER CONDITIONS
 THE FOLLOWING WEATHER WAS RECORDED YESTERDAY.
  LIGHT RAIN


RELATIVE HUMIDITY (PERCENT)
 HIGHEST    79
 LOWEST     54
 AVERAGE    67

..........................................................


THE MARATHON CLIMATE NORMALS FOR TODAY
                         NORMAL
 MAXIMUM TEMPERATURE (F)   75
 MINIMUM TEMPERATURE (F)   64


SUNRISE AND SUNSET
JANUARY 13 2017.......SUNRISE   711 AM EST   SUNSET   556 PM EST
JANUARY 14 2017.......SUNRISE   711 AM EST   SUNSET   557 PM EST


-  INDICATES NEGATIVE NUMBERS.
R  INDICATES RECORD WAS SET OR TIED.
MM INDICATES DATA IS MISSING.
T  INDICATES TRACE AMOUNT.

$$

FLING
