000
CDUS42 KKEY 190528
CLIMTH


CLIMATE REPORT
NATIONAL WEATHER SERVICE KEY WEST, FL
127 AM EDT WED JUL 19 2017


...................................

...THE MARATHON CLIMATE SUMMARY FOR JULY 18 2017...

CLIMATE NORMAL PERIOD 1981 TO 2010
CLIMATE RECORD PERIOD 9999 TO 9999


WEATHER ITEM   OBSERVED TIME   NORMAL DEPARTURE LAST
                VALUE   (LST)  VALUE  FROM      YEAR
                                      NORMAL
......................................................
TEMPERATURE (F)
 YESTERDAY
  MAXIMUM         91    216 PM  91      0       91
  MINIMUM         80    510 AM  79      1       78
  AVERAGE         86            85      1       85

PRECIPITATION (IN)
  YESTERDAY        T             0.15  -0.15     0.42
  MONTH TO DATE    1.54          2.33  -0.79     1.37
  SINCE JUN 1      8.21          7.94   0.27     4.42
  SINCE JAN 1     14.37         19.88  -5.51    17.22

SNOWFALL (IN)
  YESTERDAY        0.0
  MONTH TO DATE    0.0
  SINCE JUN 1      0.0
  SINCE JUL 1      0.0
  SNOW DEPTH       0

DEGREE DAYS
 HEATING
  YESTERDAY        0             0      0        0
  MONTH TO DATE    0             0      0        0
  SINCE JUN 1      0             0      0        0
  SINCE JUL 1      0             0      0        0

 COOLING
  YESTERDAY       21            20      1       20
  MONTH TO DATE  376           360     16      400
  SINCE JUN 1    975           954     21      992
  SINCE JAN 1   2971          2497    474     2607
......................................................


WIND (MPH)
  HIGHEST WIND SPEED     8   HIGHEST WIND DIRECTION     S (160)
  HIGHEST GUST SPEED    12   HIGHEST GUST DIRECTION     S (160)
  AVERAGE WIND SPEED     3.3


SKY COVER
  POSSIBLE SUNSHINE  MM
  AVERAGE SKY COVER 0.2


WEATHER CONDITIONS
 THE FOLLOWING WEATHER WAS RECORDED YESTERDAY.
  LIGHT RAIN


RELATIVE HUMIDITY (PERCENT)
 HIGHEST    85
 LOWEST     68
 AVERAGE    77

..........................................................


THE MARATHON CLIMATE NORMALS FOR TODAY
                         NORMAL
 MAXIMUM TEMPERATURE (F)   91
 MINIMUM TEMPERATURE (F)   79


SUNRISE AND SUNSET
JULY 19 2017..........SUNRISE   646 AM EDT   SUNSET   815 PM EDT
JULY 20 2017..........SUNRISE   647 AM EDT   SUNSET   814 PM EDT


-  INDICATES NEGATIVE NUMBERS.
R  INDICATES RECORD WAS SET OR TIED.
MM INDICATES DATA IS MISSING.
T  INDICATES TRACE AMOUNT.




$$
