000
CDUS42 KKEY 310542
CLIMTH

CLIMATE REPORT
NATIONAL WEATHER SERVICE KEY WEST, FL
130 AM EDT MON AUG 31 2015

...................................

...THE MARATHON CLIMATE SUMMARY FOR AUGUST 30 2015...

CLIMATE NORMAL PERIOD 1981 TO 2010

WEATHER ITEM   OBSERVED TIME   NORMAL DEPARTURE LAST
               VALUE    (LST)  VALUE  FROM      YEAR
                                      NORMAL
......................................................
TEMPERATURE (F)
 YESTERDAY
  MAXIMUM         85        MM  91     -6       92
  MINIMUM         76        MM  79     -3       75
  AVERAGE         81            85     -4       84

PRECIPITATION (IN)
  YESTERDAY        0.58          0.28   0.30     0.09
  MONTH TO DATE    3.37          6.72  -3.35     6.58
  SINCE JUN 1      7.15         16.61  -9.46    13.02
  SINCE JAN 1     14.11         28.55 -14.44    19.60

SNOWFALL (IN)
  YESTERDAY        0.0
  MONTH TO DATE    0.0
  SINCE JUN 1      0.0
  SINCE JUL 1      0.0
  SNOW DEPTH       0

DEGREE DAYS
 HEATING
  YESTERDAY        0             0      0        0
  MONTH TO DATE    0             0      0        0
  SINCE JUN 1      0             0      0        0
  SINCE JUL 1      0             0      0        0

 COOLING
  YESTERDAY       16            20     -4       19
  MONTH TO DATE  661           612     49      646
  SINCE JUN 1   1938          1826    112     1880
  SINCE JAN 1   3794          3369    425     3665
......................................................

WIND (MPH)
  HIGHEST WIND SPEED    15   HIGHEST WIND DIRECTION     S (160)
  HIGHEST GUST SPEED    23   HIGHEST GUST DIRECTION     S (190)
  AVERAGE WIND SPEED    10.4

SKY COVER
  POSSIBLE SUNSHINE  MM
  AVERAGE SKY COVER 0.5

WEATHER CONDITIONS
 THE FOLLOWING WEATHER WAS RECORDED YESTERDAY.
  THUNDERSTORM
  HEAVY RAIN
  RAIN
  LIGHT RAIN
  FOG
  HAZE

RELATIVE HUMIDITY (PERCENT)
 HIGHEST    88
 LOWEST     79
 AVERAGE    84

..........................................................

THE MARATHON CLIMATE NORMALS FOR TODAY
                         NORMAL
 MAXIMUM TEMPERATURE (F)   91
 MINIMUM TEMPERATURE (F)   79

SUNRISE AND SUNSET
AUGUST 31 2015........SUNRISE   705 AM EDT   SUNSET   744 PM EDT
SEPTEMBER  1 2015.....SUNRISE   705 AM EDT   SUNSET   743 PM EDT

-  INDICATES NEGATIVE NUMBERS.
R  INDICATES RECORD WAS SET OR TIED.
MM INDICATES DATA IS MISSING.
T  INDICATES TRACE AMOUNT.

$$
