000
CDUS42 KKEY 160540
CLIMTH


CLIMATE REPORT
NATIONAL WEATHER SERVICE KEY WEST, FL
1237 AM EST THU FEB 16 2017


...................................

...THE MARATHON CLIMATE SUMMARY FOR FEBRUARY 15 2017...

CLIMATE NORMAL PERIOD 1981 TO 2010


WEATHER ITEM   OBSERVED TIME   NORMAL DEPARTURE LAST
                VALUE   (LST)  VALUE  FROM      YEAR
                                      NORMAL
......................................................
TEMPERATURE (F)
 YESTERDAY
  MAXIMUM         85    115 PM  77      8       78
  MINIMUM         69    138 AM  66      3       69
  AVERAGE         77            72      5       74

PRECIPITATION (IN)
  YESTERDAY        0.01          0.09  -0.08      T
  MONTH TO DATE    0.01          1.17  -1.16     2.59
  SINCE DEC 1      2.78          4.80  -2.02    15.76
  SINCE JAN 1      0.88          2.78  -1.90     7.82

SNOWFALL (IN)
  YESTERDAY        0.0
  MONTH TO DATE    0.0
  SINCE DEC 1      0.0
  SINCE JUL 1      0.0
  SNOW DEPTH       0

DEGREE DAYS
 HEATING
  YESTERDAY        0             1     -1        0
  MONTH TO DATE    0            11    -11       17
  SINCE DEC 1      3            69    -66       44
  SINCE JUL 1      3            70    -67       44

 COOLING
  YESTERDAY       12             7      5        9
  MONTH TO DATE  177           100     77       74
  SINCE DEC 1    951           509    442      604
  SINCE JAN 1    493           281    212      208
......................................................


WIND (MPH)
  HIGHEST WIND SPEED    14   HIGHEST WIND DIRECTION    SW (230)
  HIGHEST GUST SPEED    27   HIGHEST GUST DIRECTION    SW (230)
  AVERAGE WIND SPEED     7.6


SKY COVER
  POSSIBLE SUNSHINE  MM
  AVERAGE SKY COVER 0.0


WEATHER CONDITIONS
 THE FOLLOWING WEATHER WAS RECORDED YESTERDAY.
  LIGHT RAIN


RELATIVE HUMIDITY (PERCENT)
 HIGHEST    90
 LOWEST     61
 AVERAGE    76

..........................................................


THE MARATHON CLIMATE NORMALS FOR TODAY
                         NORMAL
 MAXIMUM TEMPERATURE (F)   77
 MINIMUM TEMPERATURE (F)   67


SUNRISE AND SUNSET
FEBRUARY 16 2017......SUNRISE   657 AM EST   SUNSET   620 PM EST
FEBRUARY 17 2017......SUNRISE   657 AM EST   SUNSET   620 PM EST


-  INDICATES NEGATIVE NUMBERS.
R  INDICATES RECORD WAS SET OR TIED.
MM INDICATES DATA IS MISSING.
T  INDICATES TRACE AMOUNT.




$$
