849
CDUS42 KKEY 252029
CLIMTH

CLIMATE REPORT
NATIONAL WEATHER SERVICE KEY WEST, FL
427 PM EDT SAT JUN 25 2016

...................................

...THE MARATHON CLIMATE SUMMARY FOR JUNE 25 2016...
VALID TODAY AS OF 0400 PM LOCAL TIME.

CLIMATE NORMAL PERIOD 1981 TO 2010

WEATHER ITEM   OBSERVED TIME   NORMAL DEPARTURE LAST
                VALUE   (LST)  VALUE  FROM      YEAR
                                      NORMAL
......................................................

TEMPERATURE (F)
 TODAY
  MAXIMUM         91    238 PM  91      0       90
  MINIMUM         78    410 AM  79     -1       83
  AVERAGE         85            85      0       87

PRECIPITATION (IN)
  TODAY            0.04          0.21  -0.17      T
  MONTH TO DATE    2.37          4.60  -2.23     2.51
  SINCE JUN 1      2.37          4.60  -2.23     2.51
  SINCE JAN 1     15.17         16.54  -1.37     9.47

SNOWFALL (IN)
  TODAY            0.0
  MONTH TO DATE    0.0
  SINCE JUN 1      0.0
  SINCE JUL 1      0.0
  SNOW DEPTH       0

DEGREE DAYS
 HEATING
  TODAY            0             0      0        0
  MONTH TO DATE    0             0      0        0
  SINCE JUN 1      0             0      0        0
  SINCE JUL 1     49            81    -32       50

 COOLING
  TODAY           20            20      0       22
  MONTH TO DATE  490           495     -5      482
  SINCE JUN 1    490           495     -5      482
  SINCE JAN 1   2105          2038     67     2338

......................................................

WIND (MPH)
  HIGHEST WIND SPEED    14   HIGHEST WIND DIRECTION    SE (130)
  HIGHEST GUST SPEED    22   HIGHEST GUST DIRECTION    SE (130)
  AVERAGE WIND SPEED     6.7

SKY COVER
  POSSIBLE SUNSHINE  MM
  AVERAGE SKY COVER 0.1

WEATHER CONDITIONS
 THE FOLLOWING WEATHER WAS RECORDED TODAY.
  THUNDERSTORM
  LIGHT RAIN
  FOG

RELATIVE HUMIDITY (PERCENT)
 HIGHEST    85
 LOWEST     68
 AVERAGE    77

..........................................................

THE MARATHON CLIMATE NORMALS FOR TOMORROW
                         NORMAL
 MAXIMUM TEMPERATURE (F)   91
 MINIMUM TEMPERATURE (F)   79

SUNRISE AND SUNSET

JUNE 25 2016..........SUNRISE   637 AM EDT   SUNSET   817 PM EDT
JUNE 26 2016..........SUNRISE   637 AM EDT   SUNSET   817 PM EDT

-  INDICATES NEGATIVE NUMBERS.
R  INDICATES RECORD WAS SET OR TIED.
MM INDICATES DATA IS MISSING.
T  INDICATES TRACE AMOUNT.

$$
