211
CDUS42 KKEY 060615
CLIMTH

CLIMATE REPORT
NATIONAL WEATHER SERVICE KEY WEST FL
115 AM EST SAT FEB 6 2016

...................................

...THE MARATHON CLIMATE SUMMARY FOR FEBRUARY 5 2016...

CLIMATE NORMAL PERIOD 1981 TO 2010

WEATHER ITEM   OBSERVED TIME   NORMAL DEPARTURE LAST
                VALUE   (LST)  VALUE  FROM      YEAR
                                      NORMAL
......................................................
TEMPERATURE (F)
 YESTERDAY
  MAXIMUM         76    200 AM  76      0       77
  MINIMUM         62    914 AM  66     -4       66
  AVERAGE         69            71     -2       72

PRECIPITATION (IN)
  YESTERDAY        0.49          0.07   0.42     0.20
  MONTH TO DATE    1.93          0.31   1.62     0.61
  SINCE DEC 1     15.10          3.94  11.16     2.35
  SINCE JAN 1      7.16          1.92   5.24     0.81

SNOWFALL (IN)
  YESTERDAY        0.0
  MONTH TO DATE    0.0
  SINCE DEC 1      0.0
  SINCE JUL 1      0.0
  SNOW DEPTH       0

DEGREE DAYS
 HEATING
  YESTERDAY        0             0      0        0
  MONTH TO DATE    0             1     -1        0
  SINCE DEC 1     27            59    -32       18
  SINCE JUL 1     27            60    -33       24

 COOLING
  YESTERDAY        4             6     -2        7
  MONTH TO DATE   51            30     21       39
  SINCE DEC 1    581           439    142      510
  SINCE JAN 1    185           211    -26      271
......................................................

WIND (MPH)
  HIGHEST WIND SPEED    23   HIGHEST WIND DIRECTION    NW (330)
  HIGHEST GUST SPEED    33   HIGHEST GUST DIRECTION     N (340)
  AVERAGE WIND SPEED    15.7

SKY COVER
  POSSIBLE SUNSHINE  MM
  AVERAGE SKY COVER 0.9

WEATHER CONDITIONS
 THE FOLLOWING WEATHER WAS RECORDED YESTERDAY.
  THUNDERSTORM
  HEAVY RAIN

RELATIVE HUMIDITY (PERCENT)
 HIGHEST    93
 LOWEST     42
 AVERAGE    68
..........................................................

THE MARATHON CLIMATE NORMALS FOR TODAY
                         NORMAL
 MAXIMUM TEMPERATURE (F)   76
 MINIMUM TEMPERATURE (F)   66

SUNRISE AND SUNSET
FEBRUARY  6 2016......SUNRISE   704 AM EST   SUNSET   613 PM EST
FEBRUARY  7 2016......SUNRISE   704 AM EST   SUNSET   613 PM EST

-  INDICATES NEGATIVE NUMBERS.
R  INDICATES RECORD WAS SET OR TIED.
MM INDICATES DATA IS MISSING.
T  INDICATES TRACE AMOUNT.

$$
BS
