000
CDUS42 KKEY 260535
CLIMTH


CLIMATE REPORT
NATIONAL WEATHER SERVICE KEY WEST, FL
134 AM EDT FRI MAY 26 2017


...................................

...THE MARATHON CLIMATE SUMMARY FOR MAY 25 2017...

CLIMATE NORMAL PERIOD 1981 TO 2010
CLIMATE RECORD PERIOD 9999 TO 9999


WEATHER ITEM   OBSERVED TIME   NORMAL DEPARTURE LAST
                VALUE   (LST)  VALUE  FROM      YEAR
                                      NORMAL
......................................................
TEMPERATURE (F)
 YESTERDAY
  MAXIMUM         90    223 PM  88      2       88
  MINIMUM         81   1249 AM  78      3       75
  AVERAGE         86            83      3       82

PRECIPITATION (IN)
  YESTERDAY        0.00          0.10  -0.10     0.04
  MONTH TO DATE    1.62          2.56  -0.94     2.32
  SINCE MAR 1      4.64          7.33  -2.69     4.44
  SINCE JAN 1      6.16         11.15  -4.99    12.80

SNOWFALL (IN)
  YESTERDAY        0.0
  MONTH TO DATE    0.0
  SINCE MAR 1      0.0
  SINCE JUL 1      0.0
  SNOW DEPTH       0

DEGREE DAYS
 HEATING
  YESTERDAY        0             0      0        0
  MONTH TO DATE    0             0      0        0
  SINCE MAR 1      0             6     -6        0
  SINCE JUL 1      3            81    -78       49

 COOLING
  YESTERDAY       21            18      3       17
  MONTH TO DATE  434           395     39      417
  SINCE MAR 1   1226          1049    177     1212
  SINCE JAN 1   1862          1431    431     1508
......................................................


WIND (MPH)
  HIGHEST WIND SPEED    15   HIGHEST WIND DIRECTION    SW (210)
  HIGHEST GUST SPEED    24   HIGHEST GUST DIRECTION    SW (210)
  AVERAGE WIND SPEED     7.5


SKY COVER
  POSSIBLE SUNSHINE  MM
  AVERAGE SKY COVER 0.1


WEATHER CONDITIONS
 THE FOLLOWING WEATHER WAS RECORDED YESTERDAY.
  FOG
  HAZE


RELATIVE HUMIDITY (PERCENT)
 HIGHEST    88
 LOWEST     70
 AVERAGE    79

..........................................................


THE MARATHON CLIMATE NORMALS FOR TODAY
                         NORMAL
 MAXIMUM TEMPERATURE (F)   88
 MINIMUM TEMPERATURE (F)   78


SUNRISE AND SUNSET
MAY 26 2017...........SUNRISE   636 AM EDT   SUNSET   807 PM EDT
MAY 27 2017...........SUNRISE   636 AM EDT   SUNSET   807 PM EDT


-  INDICATES NEGATIVE NUMBERS.
R  INDICATES RECORD WAS SET OR TIED.
MM INDICATES DATA IS MISSING.
T  INDICATES TRACE AMOUNT.




$$
