000
CDUS42 KKEY 202030
CLIMTH


CLIMATE REPORT
NATIONAL WEATHER SERVICE KEY WEST, FL
426 PM EDT TUE SEP 20 2016

...................................

...THE MARATHON CLIMATE SUMMARY FOR SEPTEMBER 20 2016...
VALID TODAY AS OF 0400 PM LOCAL TIME.

CLIMATE NORMAL PERIOD 1981 TO 2010

WEATHER ITEM   OBSERVED TIME   NORMAL DEPARTURE LAST
                VALUE   (LST)  VALUE  FROM      YEAR
                                      NORMAL
......................................................
TEMPERATURE (F)
 TODAY
  MAXIMUM         90    202 PM  89      1       91
  MINIMUM         80    644 AM  79      1       78
  AVERAGE         85            84      1       85

PRECIPITATION (IN)
  TODAY            0.00          0.29  -0.29     0.00
  MONTH TO DATE    0.58          5.56  -4.98     4.37
  SINCE SEP 1      0.58          5.56  -4.98     4.37
  SINCE JAN 1     29.77         34.38  -4.61    18.48

SNOWFALL (IN)
  TODAY            0.0
  MONTH TO DATE    0.0
  SINCE SEP 1      0.0
  SINCE JUL 1      0.0
  SNOW DEPTH       0

DEGREE DAYS
 HEATING
  TODAY            0             0      0        0
  MONTH TO DATE    0             0      0        0
  SINCE SEP 1      0             0      0        0
  SINCE JUL 1      0             0      0        0

 COOLING
  TODAY           20            19      1       20
  MONTH TO DATE  412           383     29      416
  SINCE SEP 1    412           383     29      416
  SINCE JAN 1   3892          3769    123     4232
......................................................

WIND (MPH)
  HIGHEST WIND SPEED     7   HIGHEST WIND DIRECTION     N (10)
  HIGHEST GUST SPEED    10   HIGHEST GUST DIRECTION     N (360)
  AVERAGE WIND SPEED     1.9

SKY COVER
  POSSIBLE SUNSHINE  MM
  AVERAGE SKY COVER 0.2

WEATHER CONDITIONS
 THE FOLLOWING WEATHER WAS RECORDED TODAY.
  NO SIGNIFICANT WEATHER WAS OBSERVED.

RELATIVE HUMIDITY (PERCENT)
 HIGHEST    85
 LOWEST     63
 AVERAGE    74

..........................................................

THE MARATHON CLIMATE NORMALS FOR TOMORROW
                         NORMAL
 MAXIMUM TEMPERATURE (F)   89
 MINIMUM TEMPERATURE (F)   78

SUNRISE AND SUNSET
SEPTEMBER 20 2016.....SUNRISE   712 AM EDT   SUNSET   722 PM EDT
SEPTEMBER 21 2016.....SUNRISE   713 AM EDT   SUNSET   721 PM EDT

-  INDICATES NEGATIVE NUMBERS.
R  INDICATES RECORD WAS SET OR TIED.
MM INDICATES DATA IS MISSING.
T  INDICATES TRACE AMOUNT.

$$

FLING
