000
CDUS42 KKEY 310614 RRA
CLIMTH

CLIMATE REPORT NATIONAL WEATHER SERVICE KEY WEST, FL

112 AM EST SAT JAN 31 2015


...................................

...THE MARATHON CLIMATE SUMMARY FOR JANUARY 30 2015...

CLIMATE NORMAL PERIOD 1981 TO 2010

WEATHER ITEM   OBSERVED TIME   NORMAL DEPARTURE LAST
                VALUE   (LST)  VALUE  FROM      YEAR
                                      NORMAL
......................................................
TEMPERATURE (F)
 YESTERDAY
  MAXIMUM         72    109 PM  76     -4       70
  MINIMUM         63    730 AM  65     -2       65
  AVERAGE         68            70     -2       68

PRECIPITATION (IN)
  YESTERDAY        0.00          0.07  -0.07     0.69
  MONTH TO DATE    0.20          1.55  -1.35     2.81
  SINCE DEC 1      1.74          3.57  -1.83     5.58
  SINCE JAN 1      0.20          1.55  -1.35     2.81

SNOWFALL (IN)
  YESTERDAY        0.0
  MONTH TO DATE    0.0
  SINCE DEC 1      0.0
  SINCE JUL 1      0.0
  SNOW DEPTH       0

DEGREE DAYS
 HEATING
  YESTERDAY        0             1     -1        0
  MONTH TO DATE    3            39    -36       33
  SINCE DEC 1     18            59    -41       33
  SINCE JUL 1     24            60    -36       34

 COOLING
  YESTERDAY        3             6     -3        3
  MONTH TO DATE  229           180     49      173
  SINCE DEC 1    468           408     60      533
  SINCE JAN 1    229           180     49      173
......................................................


WIND (MPH)
  HIGHEST WIND SPEED    13   HIGHEST WIND DIRECTION     N (360)
  HIGHEST GUST SPEED    17   HIGHEST GUST DIRECTION     N (350)
  AVERAGE WIND SPEED     8.9


SKY COVER
  POSSIBLE SUNSHINE  MM
  AVERAGE SKY COVER 0.2


WEATHER CONDITIONS
 THE FOLLOWING WEATHER WAS RECORDED YESTERDAY.
  NO SIGNIFICANT WEATHER WAS OBSERVED.


RELATIVE HUMIDITY (PERCENT)
 HIGHEST    87
 LOWEST     61
 AVERAGE    74

..........................................................


THE MARATHON CLIMATE NORMALS FOR TODAY
                         NORMAL
 MAXIMUM TEMPERATURE (F)   76
 MINIMUM TEMPERATURE (F)   65


SUNRISE AND SUNSET
JANUARY 31 2015.......SUNRISE   707 AM EST   SUNSET   609 PM EST
FEBRUARY  1 2015......SUNRISE   707 AM EST   SUNSET   609 PM EST


-  INDICATES NEGATIVE NUMBERS.
R  INDICATES RECORD WAS SET OR TIED.
MM INDICATES DATA IS MISSING.
T  INDICATES TRACE AMOUNT.




$$
