000
CDUS42 KRAH 050759
CLIFAY


CLIMATE REPORT
NATIONAL WEATHER SERVICE RALEIGH NC
358 AM EDT WED AUG 5 2015


...................................

...THE FAYETTEVILLE REGL AIRPORT NC CLIMATE SUMMARY FOR AUGUST 4 2015...

CLIMATE NORMAL PERIOD 1981 TO 2010
CLIMATE RECORD PERIOD 1910 TO 2015


WEATHER ITEM   OBSERVED TIME   RECORD YEAR NORMAL DEPARTURE LAST
                VALUE   (LST)  VALUE       VALUE  FROM      YEAR
                                                  NORMAL
..................................................................
TEMPERATURE (F)
 YESTERDAY
  MAXIMUM         94    427 PM 103    1935  91      3       84
  MINIMUM         72    450 AM  58    1985  71      1       69
  AVERAGE         83                        81      2       77

PRECIPITATION (IN)
  YESTERDAY        0.00          1.75 1961   0.19  -0.19     0.00
  MONTH TO DATE    0.00                      0.73  -0.73     0.30
  SINCE JUN 1     12.52                     11.00   1.52     4.85
  SINCE JAN 1     27.79                     26.67   1.12    23.30

DEGREE DAYS
 HEATING
  YESTERDAY        0                         0      0        0
  MONTH TO DATE    0                         0      0        0
  SINCE JUN 1      0                         0      0        0
  SINCE JUL 1      0                         0      0        0

 COOLING
  YESTERDAY       18                        16      2       12
  MONTH TO DATE   75                        64     11       34
  SINCE JUN 1   1119                       967    152      975
  SINCE JAN 1   1449                      1251    198     1341
..................................................................


WIND (MPH)
  HIGHEST WIND SPEED    16   HIGHEST WIND DIRECTION    SE (120)
  HIGHEST GUST SPEED    19   HIGHEST GUST DIRECTION    SE (120)
  AVERAGE WIND SPEED     5.4


SKY COVER
  POSSIBLE SUNSHINE  MM
  AVERAGE SKY COVER 0.2


WEATHER CONDITIONS
 THE FOLLOWING WEATHER WAS RECORDED YESTERDAY.
  FOG


RELATIVE HUMIDITY (PERCENT)
 HIGHEST    94          1200 AM
 LOWEST     46           300 PM
 AVERAGE    70

..........................................................


THE FAYETTEVILLE REGL AIRPORT NC CLIMATE NORMALS FOR TODAY
                         NORMAL    RECORD    YEAR
 MAXIMUM TEMPERATURE (F)   91       102      2007
 MINIMUM TEMPERATURE (F)   71        56      1912


SUNRISE AND SUNSET
AUGUST  5 2015........SUNRISE   628 AM EDT   SUNSET   815 PM EDT
AUGUST  6 2015........SUNRISE   629 AM EDT   SUNSET   814 PM EDT


-  INDICATES NEGATIVE NUMBERS.
R  INDICATES RECORD WAS SET OR TIED.
MM INDICATES DATA IS MISSING.
T  INDICATES TRACE AMOUNT.




$$
