000
CDUS42 KRAH 281440
CLIFAY


CLIMATE REPORT
NATIONAL WEATHER SERVICE RALEIGH NC
1039 AM EDT TUE APR 28 2015


...................................

...THE FAYETTEVILLE REGL AIRPORT NC CLIMATE SUMMARY FOR APRIL 28 2015...
VALID AS OF 1039 AM LOCAL TIME.

CLIMATE NORMAL PERIOD 1981 TO 2010
CLIMATE RECORD PERIOD 1910 TO 2015


WEATHER ITEM   OBSERVED TIME   RECORD YEAR NORMAL DEPARTURE LAST
                VALUE   (LST)  VALUE       VALUE  FROM      YEAR
                                                  NORMAL
..................................................................
TEMPERATURE (F)
 TODAY

  MINIMUM         44    610 AM  37    1940  53     -9       60

PRECIPITATION (IN)
  TODAY            0.00          2.00 1949   0.06  -0.06     0.17
  MONTH TO DATE    2.55                      2.69  -0.14     2.75
  SINCE MAR 1      5.25                      6.24  -0.99     6.39
  SINCE JAN 1     12.90                     12.30   0.60    13.11

..................................................................


WIND (MPH)
  RESULTANT WIND SPEED   4   RESULTANT WIND DIRECTION   N (10)
  HIGHEST WIND SPEED    15   HIGHEST WIND DIRECTION    NE (30)
  HIGHEST GUST SPEED    18   HIGHEST GUST DIRECTION    NE (40)
  AVERAGE WIND SPEED    MM


SKY COVER
  POSSIBLE SUNSHINE  MM
  AVERAGE SKY COVER 0.2


WEATHER CONDITIONS
 THE FOLLOWING WEATHER WAS RECORDED TODAY.
  NO SIGNIFICANT WEATHER WAS OBSERVED.


RELATIVE HUMIDITY (PERCENT)
 HIGHEST    71           400 AM
 LOWEST     46          1200 AM
 AVERAGE    59

..........................................................




SUNRISE AND SUNSET
APRIL 28 2015.........SUNRISE   628 AM EDT   SUNSET   758 PM EDT
APRIL 29 2015.........SUNRISE   627 AM EDT   SUNSET   759 PM EDT


-  INDICATES NEGATIVE NUMBERS.
R  INDICATES RECORD WAS SET OR TIED.
MM INDICATES DATA IS MISSING.
T  INDICATES TRACE AMOUNT.




$$
