000
CDUS42 KRAH 250753
CLIFAY


CLIMATE REPORT
NATIONAL WEATHER SERVICE RALEIGH NC
352 AM EDT SUN SEP 25 2016


...................................

...THE FAYETTEVILLE REGL AIRPORT NC CLIMATE SUMMARY FOR SEPTEMBER 24 2016...

CLIMATE NORMAL PERIOD 1981 TO 2010
CLIMATE RECORD PERIOD 1910 TO 2016


WEATHER ITEM   OBSERVED TIME   RECORD YEAR NORMAL DEPARTURE LAST
                VALUE   (LST)  VALUE       VALUE  FROM      YEAR
                                                  NORMAL
..................................................................
TEMPERATURE (F)
 YESTERDAY
  MAXIMUM         91    303 PM 100    1931  81     10       73
  MINIMUM         67    549 AM  42    1983  61      6       63
  AVERAGE         79                        71      8       68

PRECIPITATION (IN)
  YESTERDAY        0.00          3.66 1912   0.14  -0.14     0.44
  MONTH TO DATE    5.45                      3.55   1.90     1.38
  SINCE SEP 1      5.45                      3.55   1.90     1.38
  SINCE JAN 1     32.11                     34.98  -2.87    32.17

DEGREE DAYS
 HEATING
  YESTERDAY        0                         1     -1        0
  MONTH TO DATE    0                         2     -2        0
  SINCE SEP 1      0                         2     -2        0
  SINCE JUL 1      0                         2     -2        0

 COOLING
  YESTERDAY       14                         7      7        3
  MONTH TO DATE  337                       235    102      267
  SINCE SEP 1    337                       235    102      267
  SINCE JAN 1   2331                      1875    456     2102
..................................................................


WIND (MPH)
  HIGHEST WIND SPEED     7   HIGHEST WIND DIRECTION    NE (60)
  HIGHEST GUST SPEED    10   HIGHEST GUST DIRECTION    NE (30)
  AVERAGE WIND SPEED     2.3


SKY COVER
  POSSIBLE SUNSHINE  MM
  AVERAGE SKY COVER 0.0


WEATHER CONDITIONS
 THE FOLLOWING WEATHER WAS RECORDED YESTERDAY.
  FOG


RELATIVE HUMIDITY (PERCENT)
 HIGHEST    97           100 AM
 LOWEST     44           200 PM
 AVERAGE    71

..........................................................


THE FAYETTEVILLE REGL AIRPORT NC CLIMATE NORMALS FOR TODAY
                         NORMAL    RECORD    YEAR
 MAXIMUM TEMPERATURE (F)   81        98      1933
 MINIMUM TEMPERATURE (F)   61        40      1950


SUNRISE AND SUNSET
SEPTEMBER 25 2016.....SUNRISE   706 AM EDT   SUNSET   707 PM EDT
SEPTEMBER 26 2016.....SUNRISE   707 AM EDT   SUNSET   706 PM EDT


-  INDICATES NEGATIVE NUMBERS.
R  INDICATES RECORD WAS SET OR TIED.
MM INDICATES DATA IS MISSING.
T  INDICATES TRACE AMOUNT.




$$
