000
CDUS42 KRAH 250731
CLIFAY


CLIMATE REPORT
NATIONAL WEATHER SERVICE RALEIGH NC
329 AM EDT SAT JUN 25 2016


...................................

...THE FAYETTEVILLE REGL AIRPORT NC CLIMATE SUMMARY FOR JUNE 24 2016...

CLIMATE NORMAL PERIOD 1981 TO 2010
CLIMATE RECORD PERIOD 1910 TO 2016


WEATHER ITEM   OBSERVED TIME   RECORD YEAR NORMAL DEPARTURE LAST
                VALUE   (LST)  VALUE       VALUE  FROM      YEAR
                                                  NORMAL
..................................................................
TEMPERATURE (F)
 YESTERDAY
  MAXIMUM         90    522 PM 102    1914  90      0       97
  MINIMUM         70    138 AM  53    1947  70      0       78
  AVERAGE         80                        80      0       88

PRECIPITATION (IN)
  YESTERDAY        0.03          2.55 1913   0.15  -0.12     0.00
  MONTH TO DATE    2.88                      3.43  -0.55     7.57
  SINCE JUN 1      2.88                      3.43  -0.55     7.57
  SINCE JAN 1     20.45                     19.10   1.35    22.84

DEGREE DAYS
 HEATING
  YESTERDAY        0                         0      0        0
  MONTH TO DATE    0                         0      0        0
  SINCE JUN 1      0                         0      0        0
  SINCE JUL 1   2169                      2732   -563     2942

 COOLING
  YESTERDAY       15                        15      0       23
  MONTH TO DATE  363                       304     59      396
  SINCE JUN 1    363                       304     59      396
  SINCE JAN 1    699                       588    111      726
..................................................................


WIND (MPH)
  HIGHEST WIND SPEED    17   HIGHEST WIND DIRECTION    NE (30)
  HIGHEST GUST SPEED    23   HIGHEST GUST DIRECTION    NE (30)
  AVERAGE WIND SPEED     5.5


SKY COVER
  POSSIBLE SUNSHINE  MM
  AVERAGE SKY COVER 0.4


WEATHER CONDITIONS
 THE FOLLOWING WEATHER WAS RECORDED YESTERDAY.
  NO SIGNIFICANT WEATHER WAS OBSERVED.


RELATIVE HUMIDITY (PERCENT)
 HIGHEST    84           200 AM
 LOWEST     59          1200 PM
 AVERAGE    72

..........................................................


THE FAYETTEVILLE REGL AIRPORT NC CLIMATE NORMALS FOR TODAY
                         NORMAL    RECORD    YEAR
 MAXIMUM TEMPERATURE (F)   90       102      1914
 MINIMUM TEMPERATURE (F)   70        57      1991


SUNRISE AND SUNSET
JUNE 25 2016..........SUNRISE   603 AM EDT   SUNSET   833 PM EDT
JUNE 26 2016..........SUNRISE   603 AM EDT   SUNSET   833 PM EDT


-  INDICATES NEGATIVE NUMBERS.
R  INDICATES RECORD WAS SET OR TIED.
MM INDICATES DATA IS MISSING.
T  INDICATES TRACE AMOUNT.




$$
