000
CDUS42 KRAH 212136
CLIFAY


CLIMATE REPORT
NATIONAL WEATHER SERVICE RALEIGH NC
434 PM EST FRI NOV 21 2014


...................................

...THE FAYETTEVILLE REGL AIRPORT NC CLIMATE SUMMARY FOR NOVEMBER 21 2014...
VALID TODAY AS OF 0400 PM LOCAL TIME.

CLIMATE NORMAL PERIOD 1981 TO 2010
CLIMATE RECORD PERIOD 1910 TO 2014


WEATHER ITEM   OBSERVED TIME   RECORD YEAR NORMAL DEPARTURE LAST
                VALUE   (LST)  VALUE       VALUE  FROM      YEAR
                                                  NORMAL
..................................................................
TEMPERATURE (F)
 TODAY
  MAXIMUM         56    310 PM  83    1942  65     -9       67
  MINIMUM         31    704 AM  18    1951  41    -10       42
  AVERAGE         44                        53     -9       55

PRECIPITATION (IN)
  TODAY            0.00          1.62 1953   0.10  -0.10     0.00
  MONTH TO DATE    0.29                      1.88  -1.59     1.03
  SINCE SEP 1      8.46                      9.49  -1.03     3.01
  SINCE JAN 1     35.38                     40.92  -5.54    37.57

DEGREE DAYS
 HEATING
  TODAY           21                        12      9       10
  MONTH TO DATE  323                       198    125      235
  SINCE SEP 1    398                       325     73      338
  SINCE JUL 1    398                       325     73      338

 COOLING
  TODAY            0                         0      0        0
  MONTH TO DATE    6                        11     -5       13
  SINCE SEP 1    397                       349     48      359
  SINCE JAN 1   2138                      1989    149     1938
..................................................................


WIND (MPH)
  HIGHEST WIND SPEED    16   HIGHEST WIND DIRECTION     N (20)
  HIGHEST GUST SPEED    19   HIGHEST GUST DIRECTION     N (360)
  AVERAGE WIND SPEED     7.6


SKY COVER
  POSSIBLE SUNSHINE  MM
  AVERAGE SKY COVER 0.0


WEATHER CONDITIONS
 THE FOLLOWING WEATHER WAS RECORDED TODAY.
  NO SIGNIFICANT WEATHER WAS OBSERVED.


RELATIVE HUMIDITY (PERCENT)
 HIGHEST    85           800 AM
 LOWEST     15           300 PM
 AVERAGE    50

..........................................................


THE FAYETTEVILLE REGL AIRPORT NC CLIMATE NORMALS FOR TOMORROW
                         NORMAL    RECORD    YEAR
 MAXIMUM TEMPERATURE (F)   65        82      1934
 MINIMUM TEMPERATURE (F)   41        20      2000


SUNRISE AND SUNSET
NOVEMBER 21 2014......SUNRISE   656 AM EST   SUNSET   507 PM EST
NOVEMBER 22 2014......SUNRISE   657 AM EST   SUNSET   506 PM EST


-  INDICATES NEGATIVE NUMBERS.
R  INDICATES RECORD WAS SET OR TIED.
MM INDICATES DATA IS MISSING.
T  INDICATES TRACE AMOUNT.




$$
