000
CDUS42 KRAH 250629
CLIFAY


CLIMATE REPORT
NATIONAL WEATHER SERVICE RALEIGH NC
227 AM EDT SAT OCT 25 2014


...................................

...THE FAYETTEVILLE REGL AIRPORT NC CLIMATE SUMMARY FOR OCTOBER 24 2014...

CLIMATE NORMAL PERIOD 1981 TO 2010
CLIMATE RECORD PERIOD 1910 TO 2014


WEATHER ITEM   OBSERVED TIME   RECORD YEAR NORMAL DEPARTURE LAST
                VALUE   (LST)  VALUE       VALUE  FROM      YEAR
                                                  NORMAL
..................................................................
TEMPERATURE (F)
 YESTERDAY
  MAXIMUM         72    258 PM  89    1939  73     -1       62
  MINIMUM         48    302 AM  30    1987  49     -1       42
  AVERAGE         60                        61     -1       52

PRECIPITATION (IN)
  YESTERDAY        0.00          1.25 1980   0.07  -0.07     0.00
  MONTH TO DATE    1.31                      2.73  -1.42     0.89
  SINCE SEP 1      8.17                      7.13   1.04     1.96
  SINCE JAN 1     35.09                     38.56  -3.47    36.52

DEGREE DAYS
 HEATING
  YESTERDAY        5                         6     -1       13
  MONTH TO DATE   47                        74    -27       48
  SINCE SEP 1     52                        83    -31       48
  SINCE JUL 1     52                        83    -31       48

 COOLING
  YESTERDAY        0                         1     -1        0
  MONTH TO DATE   87                        63     24       80
  SINCE SEP 1    380                       331     49      345
  SINCE JAN 1   2121                      1971    150     1924
..................................................................


WIND (MPH)
  HIGHEST WIND SPEED    10   HIGHEST WIND DIRECTION     N (360)
  HIGHEST GUST SPEED    13   HIGHEST GUST DIRECTION     N (360)
  AVERAGE WIND SPEED     4.1


SKY COVER
  POSSIBLE SUNSHINE  MM
  AVERAGE SKY COVER 0.0


WEATHER CONDITIONS
 THE FOLLOWING WEATHER WAS RECORDED YESTERDAY.
  NO SIGNIFICANT WEATHER WAS OBSERVED.


RELATIVE HUMIDITY (PERCENT)
 HIGHEST    89           800 PM
 LOWEST     38           300 PM
 AVERAGE    64

..........................................................


THE FAYETTEVILLE REGL AIRPORT NC CLIMATE NORMALS FOR TODAY
                         NORMAL    RECORD    YEAR
 MAXIMUM TEMPERATURE (F)   73        90      1931
 MINIMUM TEMPERATURE (F)   49        29      1962


SUNRISE AND SUNSET
OCTOBER 25 2014.......SUNRISE   730 AM EDT   SUNSET   629 PM EDT
OCTOBER 26 2014.......SUNRISE   731 AM EDT   SUNSET   627 PM EDT


-  INDICATES NEGATIVE NUMBERS.
R  INDICATES RECORD WAS SET OR TIED.
MM INDICATES DATA IS MISSING.
T  INDICATES TRACE AMOUNT.




$$
