896
CDUS42 KRAH 010049
CLIFAY


CLIMATE REPORT
NATIONAL WEATHER SERVICE RALEIGH NC
848 PM EDT TUE MAY 31 2016


...................................

...THE FAYETTEVILLE REGL AIRPORT NC CLIMATE SUMMARY FOR MAY 31 2016...
VALID AS OF 0848 PM LOCAL TIME.

CLIMATE NORMAL PERIOD 1981 TO 2010
CLIMATE RECORD PERIOD 1910 TO 2016


WEATHER ITEM   OBSERVED TIME   RECORD YEAR NORMAL DEPARTURE LAST
                VALUE   (LST)  VALUE       VALUE  FROM      YEAR
                                                  NORMAL
..................................................................
TEMPERATURE (F)
 TODAY
  MAXIMUM         87    413 PM  99    2011  86      1       90
  MINIMUM         71    551 AM  44    1996  64      7       63
  AVERAGE         79                        75      4       77

PRECIPITATION (IN)
  TODAY            0.00          1.40 1916   0.16  -0.16     0.00
  MONTH TO DATE    5.19                      3.24   1.95     2.26
  SINCE MAR 1      9.73                      9.61   0.12     7.62
  SINCE JAN 1     17.57                     15.67   1.90    15.27

DEGREE DAYS
 HEATING
  TODAY            0                         0      0        0
  MONTH TO DATE   27                        23      4       10
  SINCE MAR 1    356                       507   -151      446
  SINCE JUL 1   2169                      2732   -563     2942

 COOLING
  TODAY           14                        10      4       12
  MONTH TO DATE  201                       201      0      238
  SINCE MAR 1    336                       280     56      330
  SINCE JAN 1    336                       284     52      330
..................................................................


WIND (MPH)
  HIGHEST WIND SPEED    15   HIGHEST WIND DIRECTION    SE (120)
  HIGHEST GUST SPEED    20   HIGHEST GUST DIRECTION     N (10)
  AVERAGE WIND SPEED     8.3


SKY COVER
  POSSIBLE SUNSHINE  MM
  AVERAGE SKY COVER 0.6


WEATHER CONDITIONS
 THE FOLLOWING WEATHER WAS RECORDED TODAY.
  FOG


RELATIVE HUMIDITY (PERCENT)
 HIGHEST    93          1200 AM
 LOWEST     51           200 PM
 AVERAGE    72

..........................................................




SUNRISE AND SUNSET
MAY 31 2016...........SUNRISE   603 AM EDT   SUNSET   824 PM EDT
JUNE  1 2016..........SUNRISE   603 AM EDT   SUNSET   825 PM EDT


-  INDICATES NEGATIVE NUMBERS.
R  INDICATES RECORD WAS SET OR TIED.
MM INDICATES DATA IS MISSING.
T  INDICATES TRACE AMOUNT.




$$
