000
CDUS42 KRAH 281515
CLIFAY

CLIMATE REPORT
NATIONAL WEATHER SERVICE RALEIGH NC
1015 AM EST SAT FEB 28 2015

...................................

...THE FAYETTEVILLE REGL AIRPORT NC CLIMATE SUMMARY FOR FEBRUARY 28 2015...
VALID AS OF 1011 AM LOCAL TIME.

CLIMATE NORMAL PERIOD 1981 TO 2010
CLIMATE RECORD PERIOD 1910 TO 2015


WEATHER ITEM   OBSERVED TIME   RECORD YEAR NORMAL DEPARTURE LAST
                VALUE   (LST)  VALUE       VALUE  FROM      YEAR
                                                  NORMAL
..................................................................
TEMPERATURE (F)
 TODAY
  MAXIMUM                       83    2011  62              49
  MINIMUM         28    705 AM  14    1963  38    -10       30
  AVERAGE                                   50              40

PRECIPITATION (IN)
  TODAY            0.00          1.63 2009   0.09  -0.09     0.00
  MONTH TO DATE    3.28                      2.76   0.52     2.66
  SINCE DEC 1     11.87                      8.71   3.16    11.00
  SINCE JAN 1      7.65                      6.06   1.59     6.72

..................................................................


WIND (MPH)
  RESULTANT WIND SPEED  10   RESULTANT WIND DIRECTION  NE (30)
  HIGHEST WIND SPEED    18   HIGHEST WIND DIRECTION    NE (30)
  HIGHEST GUST SPEED    23   HIGHEST GUST DIRECTION    NE (30)
  AVERAGE WIND SPEED    10.2


SKY COVER
  POSSIBLE SUNSHINE  MM
  AVERAGE SKY COVER 0.0


WEATHER CONDITIONS
 THE FOLLOWING WEATHER WAS RECORDED TODAY.
  NO SIGNIFICANT WEATHER WAS OBSERVED.


RELATIVE HUMIDITY (PERCENT)
 HIGHEST    85           400 AM
 LOWEST     51           900 AM
 AVERAGE    68

..........................................................




SUNRISE AND SUNSET
FEBRUARY 28 2015......SUNRISE   647 AM EST   SUNSET   610 PM EST
MARCH  1 2015.........SUNRISE   645 AM EST   SUNSET   611 PM EST


-  INDICATES NEGATIVE NUMBERS.
R  INDICATES RECORD WAS SET OR TIED.
MM INDICATES DATA IS MISSING.
T  INDICATES TRACE AMOUNT.

$$

DJF
