000
CDUS42 KRAH 222046
CLIFAY


CLIMATE REPORT
NATIONAL WEATHER SERVICE RALEIGH NC
445 PM EDT WED OCT 22 2014


...................................

...THE FAYETTEVILLE REGL AIRPORT NC CLIMATE SUMMARY FOR OCTOBER 22 2014...
VALID TODAY AS OF 0445 PM LOCAL TIME.

CLIMATE NORMAL PERIOD 1981 TO 2010
CLIMATE RECORD PERIOD 1910 TO 2014


WEATHER ITEM   OBSERVED TIME   RECORD YEAR NORMAL DEPARTURE LAST
                VALUE   (LST)  VALUE       VALUE  FROM      YEAR
                                                  NORMAL
..................................................................
TEMPERATURE (F)
 TODAY
  MAXIMUM         70    251 PM  89    1941  73     -3       67
  MINIMUM         51    651 AM  26    1931  50      1       55
  AVERAGE         61                        62     -1       61

PRECIPITATION (IN)
  TODAY            0.00          2.81 1929   0.08  -0.08      T
  MONTH TO DATE    1.31                      2.58  -1.27     0.89
  SINCE SEP 1      8.17                      6.98   1.19     1.96
  SINCE JAN 1     35.09                     38.41  -3.32    36.52

DEGREE DAYS
 HEATING
  TODAY            4                         5     -1        4
  MONTH TO DATE   37                        63    -26       31
  SINCE SEP 1     42                        72    -30       31
  SINCE JUL 1     42                        72    -30       31

 COOLING
  TODAY            0                         2     -2        0
  MONTH TO DATE   87                        61     26       80
  SINCE SEP 1    380                       329     51      345
  SINCE JAN 1   2121                      1969    152     1924
..................................................................


WIND (MPH)
  HIGHEST WIND SPEED    22   HIGHEST WIND DIRECTION    NW (320)
  HIGHEST GUST SPEED    27   HIGHEST GUST DIRECTION     N (340)
  AVERAGE WIND SPEED    13.0


SKY COVER
  POSSIBLE SUNSHINE  MM
  AVERAGE SKY COVER 0.2


WEATHER CONDITIONS
 THE FOLLOWING WEATHER WAS RECORDED TODAY.
  NO SIGNIFICANT WEATHER WAS OBSERVED.


RELATIVE HUMIDITY (PERCENT)
 HIGHEST    68           600 AM
 LOWEST     37           300 PM
 AVERAGE    53

..........................................................


THE FAYETTEVILLE REGL AIRPORT NC CLIMATE NORMALS FOR TOMORROW
                         NORMAL    RECORD    YEAR
 MAXIMUM TEMPERATURE (F)   73        89      1935
 MINIMUM TEMPERATURE (F)   49        30      1987


SUNRISE AND SUNSET
OCTOBER 22 2014.......SUNRISE   727 AM EDT   SUNSET   632 PM EDT
OCTOBER 23 2014.......SUNRISE   728 AM EDT   SUNSET   631 PM EDT


-  INDICATES NEGATIVE NUMBERS.
R  INDICATES RECORD WAS SET OR TIED.
MM INDICATES DATA IS MISSING.
T  INDICATES TRACE AMOUNT.




$$
