349
CDUS42 KRAH 230633
CLIGSO


CLIMATE REPORT
NATIONAL WEATHER SERVICE RALEIGH NC
132 AM EST THU FEB 23 2017


...................................

...THE PIEDMONT TRIAD INTL AIRPORT NC CLIMATE SUMMARY FOR FEBRUARY 22 2017...

CLIMATE NORMAL PERIOD 1981 TO 2010
CLIMATE RECORD PERIOD 1903 TO 2017


WEATHER ITEM   OBSERVED TIME   RECORD YEAR NORMAL DEPARTURE LAST
                VALUE   (LST)  VALUE       VALUE  FROM      YEAR
                                                  NORMAL
..................................................................
TEMPERATURE (F)
 YESTERDAY
  MAXIMUM         60    321 PM  74    1925  54      6       54
  MINIMUM         50    337 AM   9    1963  34     16       45
  AVERAGE         55                        44     11       50

PRECIPITATION (IN)
  YESTERDAY        0.11          2.14 2003   0.12  -0.01     0.23
  MONTH TO DATE    0.45                      2.27  -1.82     3.00
  SINCE DEC 1      7.27                      8.31  -1.04    11.56
  SINCE JAN 1      5.57                      5.33   0.24     4.91

SNOWFALL (IN)
  YESTERDAY        0.0           2.1  2001   0.0    0.0      0.0
  MONTH TO DATE    T                         1.9   -1.9      2.0
  SINCE DEC 1      8.0                       6.1    1.9      4.5
  SINCE JUL 1      8.0                       6.2    1.8      4.5
  SNOW DEPTH       0

DEGREE DAYS
 HEATING
  YESTERDAY       10                        21    -11       15
  MONTH TO DATE  331                       511   -180      525
  SINCE DEC 1   1664                      2054   -390     1750
  SINCE JUL 1   2114                      2734   -620     2264

 COOLING
  YESTERDAY        0                         0      0        0
  MONTH TO DATE    4                         0      4        0
  SINCE DEC 1      4                         1      3       15
  SINCE JAN 1      4                         0      4        0
..................................................................


WIND (MPH)
  HIGHEST WIND SPEED     7   HIGHEST WIND DIRECTION     N (10)
  HIGHEST GUST SPEED     9   HIGHEST GUST DIRECTION    SE (150)
  AVERAGE WIND SPEED     3.1


SKY COVER
  POSSIBLE SUNSHINE  MM
  AVERAGE SKY COVER 1.0


WEATHER CONDITIONS
 THE FOLLOWING WEATHER WAS RECORDED YESTERDAY.
  RAIN
  LIGHT RAIN
  FOG
  FOG W/VISIBILITY <= 1/4 MILE


RELATIVE HUMIDITY (PERCENT)
 HIGHEST   100           500 AM
 LOWEST     47          1200 AM
 AVERAGE    74

..........................................................


THE PIEDMONT TRIAD INTL AIRPORT NC CLIMATE NORMALS FOR TODAY
                         NORMAL    RECORD    YEAR
 MAXIMUM TEMPERATURE (F)   55        73      1980
 MINIMUM TEMPERATURE (F)   34        10      1963


SUNRISE AND SUNSET
FEBRUARY 23 2017......SUNRISE   657 AM EST   SUNSET   609 PM EST
FEBRUARY 24 2017......SUNRISE   656 AM EST   SUNSET   610 PM EST


-  INDICATES NEGATIVE NUMBERS.
R  INDICATES RECORD WAS SET OR TIED.
MM INDICATES DATA IS MISSING.
T  INDICATES TRACE AMOUNT.

$$
