000
CDUS42 KRAH 300050
CLIGSO


CLIMATE REPORT
NATIONAL WEATHER SERVICE RALEIGH NC
849 PM EDT WED JUN 29 2016


...................................

...THE PIEDMONT TRIAD INTL AIRPORT NC CLIMATE SUMMARY FOR JUNE 29 2016...
VALID AS OF 0849 PM LOCAL TIME.

CLIMATE NORMAL PERIOD 1981 TO 2010
CLIMATE RECORD PERIOD 1903 TO 2016


WEATHER ITEM   OBSERVED TIME   RECORD YEAR NORMAL DEPARTURE LAST
                VALUE   (LST)  VALUE       VALUE  FROM      YEAR
                                                  NORMAL
..................................................................
TEMPERATURE (F)
 TODAY
  MAXIMUM         89    138 PM 102    2012  87      2       85
  MINIMUM         67    420 AM  54    1981  68     -1       60
  AVERAGE         78                        78      0       73

PRECIPITATION (IN)
  TODAY            0.01          1.50 1995   0.12  -0.11     0.00
  MONTH TO DATE    1.72                      3.61  -1.89     2.01
  SINCE JUN 1      1.72                      3.61  -1.89     2.01
  SINCE JAN 1     20.69                     20.31   0.38    14.97

DEGREE DAYS
 HEATING
  TODAY            0                         0      0        0
  MONTH TO DATE    0                         5     -5        3
  SINCE JUN 1      0                         5     -5        3
  SINCE JUL 1   2906                      3617   -711     3698

 COOLING
  TODAY           13                        13      0        8
  MONTH TO DATE  356                       294     62      404
  SINCE JUN 1    356                       294     62      404
  SINCE JAN 1    556                       453    103      638
..................................................................


WIND (MPH)
  HIGHEST WIND SPEED    16   HIGHEST WIND DIRECTION     N (360)
  HIGHEST GUST SPEED    22   HIGHEST GUST DIRECTION     N (10)
  AVERAGE WIND SPEED     3.3


SKY COVER
  POSSIBLE SUNSHINE  MM
  AVERAGE SKY COVER 0.5


WEATHER CONDITIONS
 THE FOLLOWING WEATHER WAS RECORDED TODAY.
  THUNDERSTORM
  LIGHT RAIN


RELATIVE HUMIDITY (PERCENT)
 HIGHEST    90           300 AM
 LOWEST     40           100 PM
 AVERAGE    65

..........................................................


THE PIEDMONT TRIAD INTL AIRPORT NC CLIMATE NORMALS FOR TOMORROW
                         NORMAL    RECORD    YEAR
 MAXIMUM TEMPERATURE (F)   88       101      1959
                                             1936
 MINIMUM TEMPERATURE (F)   68        52      1919


SUNRISE AND SUNSET
JUNE 29 2016..........SUNRISE   606 AM EDT   SUNSET   841 PM EDT
JUNE 30 2016..........SUNRISE   606 AM EDT   SUNSET   841 PM EDT


-  INDICATES NEGATIVE NUMBERS.
R  INDICATES RECORD WAS SET OR TIED.
MM INDICATES DATA IS MISSING.
T  INDICATES TRACE AMOUNT.




$$
