000
CDUS42 KRAH 270631
CLIGSO


CLIMATE REPORT
NATIONAL WEATHER SERVICE RALEIGH NC
228 AM EDT FRI MAR 27 2015


...................................

...THE PIEDMONT TRIAD INTL AIRPORT NC CLIMATE SUMMARY FOR MARCH 26 2015...

CLIMATE NORMAL PERIOD 1981 TO 2010
CLIMATE RECORD PERIOD 1903 TO 2015


WEATHER ITEM   OBSERVED TIME   RECORD YEAR NORMAL DEPARTURE LAST
                VALUE   (LST)  VALUE       VALUE  FROM      YEAR
                                                  NORMAL
..................................................................
TEMPERATURE (F)
 YESTERDAY
  MAXIMUM         74    329 PM  86    1929  64     10       46
                                      1921
  MINIMUM         53    655 AM  12    1972  42     11       27
  AVERAGE         64                        53     11       37

PRECIPITATION (IN)
  YESTERDAY        0.12          0.88 1978   0.13  -0.01     0.00
  MONTH TO DATE    2.39                      3.11  -0.72     4.11
  SINCE MAR 1      2.39                      3.11  -0.72     4.11
  SINCE JAN 1      7.07                      9.13  -2.06    10.33

SNOWFALL (IN)
  YESTERDAY        0.0           2.8  1971   0.1   -0.1      0.0
  MONTH TO DATE    T                         0.8   -0.8      4.7
  SINCE MAR 1      T                         0.8   -0.8      4.7
  SINCE JUL 1      9.6                       7.5    2.1     15.3
  SNOW DEPTH       0

DEGREE DAYS
 HEATING
  YESTERDAY        1                        12    -11       28
  MONTH TO DATE  341                       412    -71      558
  SINCE MAR 1    341                       412    -71      558
  SINCE JUL 1   3426                      3267    159     3535

 COOLING
  YESTERDAY        0                         0      0        0
  MONTH TO DATE    2                         0      2        0
  SINCE MAR 1      2                         0      2        0
  SINCE JAN 1      2                         0      2        0
..................................................................


WIND (MPH)
  HIGHEST WIND SPEED    22   HIGHEST WIND DIRECTION    SW (220)
  HIGHEST GUST SPEED    29   HIGHEST GUST DIRECTION    SW (210)
  AVERAGE WIND SPEED     8.9


SKY COVER
  POSSIBLE SUNSHINE  MM
  AVERAGE SKY COVER 0.9


WEATHER CONDITIONS
 THE FOLLOWING WEATHER WAS RECORDED YESTERDAY.
  RAIN
  LIGHT RAIN
  FOG
  FOG W/VISIBILITY <= 1/4 MILE


RELATIVE HUMIDITY (PERCENT)
 HIGHEST   100           700 AM
 LOWEST     49           400 PM
 AVERAGE    75

..........................................................


THE PIEDMONT TRIAD INTL AIRPORT NC CLIMATE NORMALS FOR TODAY
                         NORMAL    RECORD    YEAR
 MAXIMUM TEMPERATURE (F)   64        86      1921
 MINIMUM TEMPERATURE (F)   42        17      1955


SUNRISE AND SUNSET
MARCH 27 2015.........SUNRISE   714 AM EDT   SUNSET   737 PM EDT
MARCH 28 2015.........SUNRISE   712 AM EDT   SUNSET   738 PM EDT


-  INDICATES NEGATIVE NUMBERS.
R  INDICATES RECORD WAS SET OR TIED.
MM INDICATES DATA IS MISSING.
T  INDICATES TRACE AMOUNT.




$$
