000
CDUS42 KRAH 280035
CLIGSO


CLIMATE REPORT
NATIONAL WEATHER SERVICE RALEIGH NC
834 PM EDT TUE JUN 27 2017


...................................

...THE PIEDMONT TRIAD INTL AIRPORT NC CLIMATE SUMMARY FOR JUNE 27 2017...
VALID AS OF 0830 PM LOCAL TIME.

CLIMATE NORMAL PERIOD 1981 TO 2010
CLIMATE RECORD PERIOD 1903 TO 2017


WEATHER ITEM   OBSERVED TIME   RECORD YEAR NORMAL DEPARTURE LAST
                VALUE   (LST)  VALUE       VALUE  FROM      YEAR
                                                  NORMAL
..................................................................
TEMPERATURE (F)
 TODAY
  MAXIMUM         79    440 PM 102    1954  87     -8       89
  MINIMUM         64    556 AM  54    1985  68     -4       67
                                      1979
                                      1960
  AVERAGE         72                        78     -6       78

PRECIPITATION (IN)
  TODAY            0.00          2.36 2006   0.11  -0.11     0.01
  MONTH TO DATE    9.81                      3.37   6.44     1.65
  SINCE JUN 1      9.81                      3.37   6.44     1.65
  SINCE JAN 1     30.84                     20.07  10.77    20.62

..................................................................


WIND (MPH)
  HIGHEST WIND SPEED    14   HIGHEST WIND DIRECTION    NW (310)
  HIGHEST GUST SPEED    17   HIGHEST GUST DIRECTION    NW (310)
  AVERAGE WIND SPEED     5.4


SKY COVER
  POSSIBLE SUNSHINE  MM
  AVERAGE SKY COVER 0.5


WEATHER CONDITIONS
 THE FOLLOWING WEATHER WAS RECORDED TODAY.
  NO SIGNIFICANT WEATHER WAS OBSERVED.


RELATIVE HUMIDITY (PERCENT)
 HIGHEST    84           600 AM
 LOWEST     39           500 PM
 AVERAGE    62

..........................................................


THE PIEDMONT TRIAD INTL AIRPORT NC CLIMATE NORMALS FOR TOMORROW
                         NORMAL    RECORD    YEAR
 MAXIMUM TEMPERATURE (F)   87        99      1959
                                             1921
                                             1917
 MINIMUM TEMPERATURE (F)   68        51      1927


SUNRISE AND SUNSET
JUNE 27 2017..........SUNRISE   605 AM EDT   SUNSET   841 PM EDT
JUNE 28 2017..........SUNRISE   605 AM EDT   SUNSET   841 PM EDT


-  INDICATES NEGATIVE NUMBERS.
R  INDICATES RECORD WAS SET OR TIED.
MM INDICATES DATA IS MISSING.
T  INDICATES TRACE AMOUNT.




$$
