000
CDUS42 KRAH 222146
CLIGSO


CLIMATE REPORT
NATIONAL WEATHER SERVICE RALEIGH NC
444 PM EST SAT NOV 22 2014


...................................

...THE PIEDMONT TRIAD INTL AIRPORT NC CLIMATE SUMMARY FOR NOVEMBER 22 2014...
VALID TODAY AS OF 0444 PM LOCAL TIME.

CLIMATE NORMAL PERIOD 1981 TO 2010
CLIMATE RECORD PERIOD 1903 TO 2014


WEATHER ITEM   OBSERVED TIME   RECORD YEAR NORMAL DEPARTURE LAST
                VALUE   (LST)  VALUE       VALUE  FROM      YEAR
                                                  NORMAL
..................................................................
TEMPERATURE (F)
 TODAY
  MAXIMUM         53    306 PM  78    1913  58     -5       65
  MINIMUM         22    621 AM  13    1914  38    -16       47
  AVERAGE         38                        48    -10       56

PRECIPITATION (IN)
  TODAY            0.00          1.19 1924   0.11  -0.11     0.01
  MONTH TO DATE    1.39                      2.29  -0.90     0.72
  SINCE SEP 1      6.33                      9.61  -3.28     3.96
  SINCE JAN 1     32.21                     38.40  -6.19    42.35

SNOWFALL (IN)
  TODAY            0.0           0.1  1929   0.1   -0.1      0.0
  MONTH TO DATE    0.0                       0.1   -0.1       T
  SINCE SEP 1      0.0                       0.1   -0.1       T
  SINCE JUL 1      0.0                       0.1   -0.1       T
  SNOW DEPTH       0

DEGREE DAYS
 HEATING
  TODAY           27                        17     10        9
  MONTH TO DATE  441                       299    142      330
  SINCE SEP 1    609                       531     78      504
  SINCE JUL 1    609                       532     77      506

 COOLING
  TODAY            0                         0      0        0
  MONTH TO DATE    0                         0      0        0
  SINCE SEP 1    246                       218     28      222
  SINCE JAN 1   1499                      1480     19     1381
..................................................................


WIND (MPH)
  HIGHEST WIND SPEED    14   HIGHEST WIND DIRECTION     W (250)
  HIGHEST GUST SPEED    17   HIGHEST GUST DIRECTION    SW (220)
  AVERAGE WIND SPEED     3.9


SKY COVER
  POSSIBLE SUNSHINE  MM
  AVERAGE SKY COVER 0.5


WEATHER CONDITIONS
 THE FOLLOWING WEATHER WAS RECORDED TODAY.
  NO SIGNIFICANT WEATHER WAS OBSERVED.


RELATIVE HUMIDITY (PERCENT)
 HIGHEST    81           800 AM
 LOWEST     21           100 PM
 AVERAGE    51

..........................................................


THE PIEDMONT TRIAD INTL AIRPORT NC CLIMATE NORMALS FOR TOMORROW
                         NORMAL    RECORD    YEAR
 MAXIMUM TEMPERATURE (F)   58        80      1921
 MINIMUM TEMPERATURE (F)   37        15      1937


SUNRISE AND SUNSET
NOVEMBER 22 2014......SUNRISE   703 AM EST   SUNSET   508 PM EST
NOVEMBER 23 2014......SUNRISE   704 AM EST   SUNSET   508 PM EST


-  INDICATES NEGATIVE NUMBERS.
R  INDICATES RECORD WAS SET OR TIED.
MM INDICATES DATA IS MISSING.
T  INDICATES TRACE AMOUNT.




$$
