000
CDUS42 KRAH 122148
CLIRDU


CLIMATE REPORT
NATIONAL WEATHER SERVICE RALEIGH NC
446 PM EST FRI FEB 12 2016


...................................

...THE RALEIGH-DURHAM INTL AIRPORT NC CLIMATE SUMMARY FOR FEBRUARY 12 2016...
VALID TODAY AS OF 0446 PM LOCAL TIME.

CLIMATE NORMAL PERIOD 1981 TO 2010
CLIMATE RECORD PERIOD 1887 TO 2016


WEATHER ITEM   OBSERVED TIME   RECORD YEAR NORMAL DEPARTURE LAST
                VALUE   (LST)  VALUE       VALUE  FROM      YEAR
                                                  NORMAL
..................................................................
TEMPERATURE (F)
 TODAY
  MAXIMUM         32    435 PM  75    1999  55    -23       54
  MINIMUM         25    721 AM   6    1973  33     -8       29
  AVERAGE         29                        44    -15       42

PRECIPITATION (IN)
  TODAY            T             1.62 1906   0.10  -0.10     0.00
  MONTH TO DATE    1.63                      1.31   0.32     0.96
  SINCE DEC 1      9.43                      7.88   1.55     9.28
  SINCE JAN 1      3.36                      4.81  -1.45     4.31

SNOWFALL (IN)
  TODAY            T             7.0  1899   0.0    0.0      0.0
  MONTH TO DATE    T                         0.9   -0.9      0.0
  SINCE DEC 1      1.2                       4.4   -3.2       T
  SINCE JUL 1      1.2                       4.5   -3.3       T
  SNOW DEPTH       0

DEGREE DAYS
 HEATING
  TODAY           36                        21     15       23
  MONTH TO DATE  264                       264      0      269
  SINCE DEC 1   1350                      1680   -330     1666
  SINCE JUL 1   1801                      2261   -460     2330

 COOLING
  TODAY            0                         0      0        0
  MONTH TO DATE    0                         0      0        0
  SINCE DEC 1     27                         2     25        0
  SINCE JAN 1      0                         0      0        0
..................................................................


WIND (MPH)
  HIGHEST WIND SPEED    13   HIGHEST WIND DIRECTION     E (90)
  HIGHEST GUST SPEED    15   HIGHEST GUST DIRECTION     E (100)
  AVERAGE WIND SPEED     5.8


SKY COVER
  POSSIBLE SUNSHINE  MM
  AVERAGE SKY COVER 0.8


WEATHER CONDITIONS
 THE FOLLOWING WEATHER WAS RECORDED TODAY.
  LIGHT SNOW
  FOG


RELATIVE HUMIDITY (PERCENT)
 HIGHEST    69           200 PM
 LOWEST     35           100 AM
 AVERAGE    52

..........................................................


THE RALEIGH-DURHAM INTL AIRPORT NC CLIMATE NORMALS FOR TOMORROW
                         NORMAL    RECORD    YEAR
 MAXIMUM TEMPERATURE (F)   55        78      1951
 MINIMUM TEMPERATURE (F)   34         4      1899


SUNRISE AND SUNSET
FEBRUARY 12 2016......SUNRISE   706 AM EST   SUNSET   553 PM EST
FEBRUARY 13 2016......SUNRISE   705 AM EST   SUNSET   554 PM EST


-  INDICATES NEGATIVE NUMBERS.
R  INDICATES RECORD WAS SET OR TIED.
MM INDICATES DATA IS MISSING.
T  INDICATES TRACE AMOUNT.

&&

CLIMATE REPORT NWS FORECAST OFFICE
NCSU CENTENNIAL CAMPUS
RALEIGH...NC

MAXIMUM TEMPERATURE... 31

MINIMUM TEMPERATURE... 26

PRECIPITATION... T

SNOWFALL... T

$$
