000
CDUS42 KRAH 270042
CLIRDU


CLIMATE REPORT
NATIONAL WEATHER SERVICE RALEIGH NC
841 PM EDT SUN JUN 26 2016


...................................

...THE RALEIGH-DURHAM INTL AIRPORT NC CLIMATE SUMMARY FOR JUNE 26 2016...
VALID AS OF 0841 PM LOCAL TIME.

CLIMATE NORMAL PERIOD 1981 TO 2010
CLIMATE RECORD PERIOD 1887 TO 2016


WEATHER ITEM   OBSERVED TIME   RECORD YEAR NORMAL DEPARTURE LAST
                VALUE   (LST)  VALUE       VALUE  FROM      YEAR
                                                  NORMAL
..................................................................
TEMPERATURE (F)
 TODAY
  MAXIMUM         85    417 PM 102    1952  89     -4       92
  MINIMUM         64    513 AM  52    1979  68     -4       69
  AVERAGE         75                        79     -4       81

PRECIPITATION (IN)
  TODAY            0.00          1.85 1892   0.11  -0.11     1.26
  MONTH TO DATE    3.85                      3.04   0.81     5.34
  SINCE JUN 1      3.85                      3.04   0.81     5.34
  SINCE JAN 1     23.46                     20.07   3.39    23.18

DEGREE DAYS
 HEATING
  TODAY            0                         0      0        0
  MONTH TO DATE    0                         0      0        0
  SINCE JUN 1      0                         0      0        0
  SINCE JUL 1   2609                      3243   -634     3484

 COOLING
  TODAY           10                        14     -4       16
  MONTH TO DATE  308                       291     17      390
  SINCE JUN 1    308                       291     17      390
  SINCE JAN 1    544                       500     44      660
..................................................................


WIND (MPH)
  HIGHEST WIND SPEED    12   HIGHEST WIND DIRECTION     E (80)
  HIGHEST GUST SPEED    17   HIGHEST GUST DIRECTION     E (80)
  AVERAGE WIND SPEED     4.7


SKY COVER
  POSSIBLE SUNSHINE  MM
  AVERAGE SKY COVER 0.6


WEATHER CONDITIONS
 THE FOLLOWING WEATHER WAS RECORDED TODAY.
  FOG


RELATIVE HUMIDITY (PERCENT)
 HIGHEST    93           300 AM
 LOWEST     40           200 PM
 AVERAGE    67

..........................................................


THE RALEIGH-DURHAM INTL AIRPORT NC CLIMATE NORMALS FOR TOMORROW
                         NORMAL    RECORD    YEAR
 MAXIMUM TEMPERATURE (F)   89       104      1954
 MINIMUM TEMPERATURE (F)   69        53      1985


SUNRISE AND SUNSET
JUNE 26 2016..........SUNRISE   601 AM EDT   SUNSET   835 PM EDT
JUNE 27 2016..........SUNRISE   601 AM EDT   SUNSET   836 PM EDT


-  INDICATES NEGATIVE NUMBERS.
R  INDICATES RECORD WAS SET OR TIED.
MM INDICATES DATA IS MISSING.
T  INDICATES TRACE AMOUNT.

&&

CLIMATE REPORT
NWS FORECAST OFFICE
NCSU CENTENNIAL CAMPUS
RALEIGH NC

MAXIMUM TEMPERATURE... 85

MINIMUM TEMPERATURE... 66

PRECIPITATION... 0.00

$$
