000
CDUS42 KRAH 302051
CLIRDU


CLIMATE REPORT
NATIONAL WEATHER SERVICE RALEIGH NC
449 PM EDT MON MAR 30 2015


...................................

...THE RALEIGH-DURHAM INTL AIRPORT NC CLIMATE SUMMARY FOR MARCH 30 2015...
VALID TODAY AS OF 0449 PM LOCAL TIME.

CLIMATE NORMAL PERIOD 1981 TO 2010
CLIMATE RECORD PERIOD 1887 TO 2015


WEATHER ITEM   OBSERVED TIME   RECORD YEAR NORMAL DEPARTURE LAST
                VALUE   (LST)  VALUE       VALUE  FROM      YEAR
                                                  NORMAL
..................................................................
TEMPERATURE (F)
 TODAY
  MAXIMUM         66    346 PM  87    1985  68     -2       62
                                      1910
                                      1907
  MINIMUM         41    956 AM  24    1893  44     -3       42
                                      1887
  AVERAGE         54                        56     -2       52

PRECIPITATION (IN)
  TODAY            0.16          1.61 1898   0.13   0.03     0.23
  MONTH TO DATE    3.28                      3.99  -0.71     5.06
  SINCE MAR 1      3.28                      3.99  -0.71     5.06
  SINCE JAN 1      9.54                     10.72  -1.18    10.02

SNOWFALL (IN)
  TODAY            0.0           0.1  1915   0.0    0.0      0.0
  MONTH TO DATE    0.0                       0.5   -0.5      0.2
  SINCE MAR 1      0.0                       0.5   -0.5      0.2
  SINCE JUL 1      7.9                       6.0    1.9      5.8
  SNOW DEPTH       0

DEGREE DAYS
 HEATING
  TODAY           11                        10      1       13
  MONTH TO DATE  409                       415     -6      572
  SINCE MAR 1    409                       415     -6      572
  SINCE JUL 1   3306                      2987    319     3273

 COOLING
  TODAY            0                         1     -1        0
  MONTH TO DATE    4                         2      2        0
  SINCE MAR 1      4                         2      2        0
  SINCE JAN 1      4                         3      1        0
..................................................................


WIND (MPH)
  HIGHEST WIND SPEED    21   HIGHEST WIND DIRECTION    SW (230)
  HIGHEST GUST SPEED    25   HIGHEST GUST DIRECTION    SW (240)
  AVERAGE WIND SPEED    13.3


SKY COVER
  POSSIBLE SUNSHINE  MM
  AVERAGE SKY COVER 0.7


WEATHER CONDITIONS
 THE FOLLOWING WEATHER WAS RECORDED TODAY.
  LIGHT RAIN
  FOG


RELATIVE HUMIDITY (PERCENT)
 HIGHEST    93          1000 AM
 LOWEST     36          1200 AM
 AVERAGE    65

..........................................................


THE RALEIGH-DURHAM INTL AIRPORT NC CLIMATE NORMALS FOR TOMORROW
                         NORMAL    RECORD    YEAR
 MAXIMUM TEMPERATURE (F)   68        88      1910
 MINIMUM TEMPERATURE (F)   44        23      1964


SUNRISE AND SUNSET
MARCH 30 2015.........SUNRISE   705 AM EDT   SUNSET   735 PM EDT
MARCH 31 2015.........SUNRISE   703 AM EDT   SUNSET   736 PM EDT


-  INDICATES NEGATIVE NUMBERS.
R  INDICATES RECORD WAS SET OR TIED.
MM INDICATES DATA IS MISSING.
T  INDICATES TRACE AMOUNT.


&&

CLIMATE REPORT NWS FORECAST OFFICE
NCSU CENTENNIAL CAMPUS
RALEIGH, NC

MAXIMUM TEMPERATURE... 63

MINIMUM TEMPERATURE... 40

PRECIPITATION... 0.22

$$
