000
CDUS42 KRAH 010037
CLIRDU


CLIMATE REPORT
NATIONAL WEATHER SERVICE RALEIGH NC
830 PM EDT THU JUL 31 2014


...................................

...THE RALEIGH-DURHAM INTL AIRPORT NC CLIMATE SUMMARY FOR JULY 31 2014...
VALID AS OF 0830 PM LOCAL TIME.

CLIMATE NORMAL PERIOD 1981 TO 2010
CLIMATE RECORD PERIOD 1887 TO 2014


WEATHER ITEM   OBSERVED TIME   RECORD YEAR NORMAL DEPARTURE LAST
                VALUE   (LST)  VALUE       VALUE  FROM      YEAR
                                                  NORMAL
..................................................................
TEMPERATURE (F)
 TODAY
  MAXIMUM         82    303 PM 104    1999  90     -8       83
  MINIMUM         66    538 AM  55    1914  70     -4       70
  AVERAGE         74                        80     -6       77

PRECIPITATION (IN)
  TODAY            T             2.70 1931   0.16  -0.16     0.51
  MONTH TO DATE    8.88                      4.73   4.15     3.48
  SINCE JUN 1     12.19                      8.25   3.94    13.56
  SINCE JAN 1     31.46                     25.28   6.18    32.59

DEGREE DAYS
 HEATING
  TODAY            0                         0      0        0
  MONTH TO DATE    0                         0      0        0
  SINCE JUN 1      0                         4     -4        0
  SINCE JUL 1      0                         0      0        0

 COOLING
  TODAY            9                        15     -6       12
  MONTH TO DATE  423                       466    -43      446
  SINCE JUN 1    800                       813    -13      777
  SINCE JAN 1   1013                      1022     -9      955
..................................................................


WIND (MPH)
  RESULTANT WIND SPEED   3   RESULTANT WIND DIRECTION  SE (130)
  HIGHEST WIND SPEED     9   HIGHEST WIND DIRECTION    SE (120)
  HIGHEST GUST SPEED    14   HIGHEST GUST DIRECTION     E (90)
  AVERAGE WIND SPEED     3.0


SKY COVER
  POSSIBLE SUNSHINE  MM
  AVERAGE SKY COVER 0.9


WEATHER CONDITIONS
 THE FOLLOWING WEATHER WAS RECORDED TODAY.
  NO SIGNIFICANT WEATHER WAS OBSERVED.


RELATIVE HUMIDITY (PERCENT)
 HIGHEST    93           500 AM
 LOWEST     58           200 PM
 AVERAGE    76

..........................................................


THE RALEIGH-DURHAM INTL AIRPORT NC CLIMATE NORMALS FOR TOMORROW
                         NORMAL    RECORD    YEAR
 MAXIMUM TEMPERATURE (F)   90       104      1999
 MINIMUM TEMPERATURE (F)   70        56      1997


SUNRISE AND SUNSET
JULY 31 2014..........SUNRISE   622 AM EDT   SUNSET   821 PM EDT
AUGUST  1 2014........SUNRISE   623 AM EDT   SUNSET   820 PM EDT


-  INDICATES NEGATIVE NUMBERS.
R  INDICATES RECORD WAS SET OR TIED.
MM INDICATES DATA IS MISSING.
T  INDICATES TRACE AMOUNT.

&&

CLIMATE REPORT NWS FORECAST OFFICE
NCSU CENTENNIAL CAMPUS
RALEIGH, NC

MAXIMUM TEMPERATURE... 81

MINIMUM TEMPERATURE... 67

PRECIPITATION... 0.00

$$
