000
CDUS42 KRAH 262047
CLIRDU


CLIMATE REPORT
NATIONAL WEATHER SERVICE RALEIGH NC
444 PM EDT SUN APR 26 2015


...................................

...THE RALEIGH-DURHAM INTL AIRPORT NC CLIMATE SUMMARY FOR APRIL 26 2015...
VALID TODAY AS OF 0400 PM LOCAL TIME.

CLIMATE NORMAL PERIOD 1981 TO 2010
CLIMATE RECORD PERIOD 1887 TO 2015


WEATHER ITEM   OBSERVED TIME   RECORD YEAR NORMAL DEPARTURE LAST
                VALUE   (LST)  VALUE       VALUE  FROM      YEAR
                                                  NORMAL
..................................................................
TEMPERATURE (F)
 TODAY
  MAXIMUM         53    335 PM  93    1990  75    -22       79
  MINIMUM         46    638 AM  34    1919  51     -5       49
  AVERAGE         50                        63    -13       64

PRECIPITATION (IN)
  TODAY            0.02          3.37 1978   0.09  -0.07     0.00
  MONTH TO DATE    4.27                      2.57   1.70     4.06
  SINCE MAR 1      7.55                      6.68   0.87     9.12
  SINCE JAN 1     13.81                     13.41   0.40    14.08

SNOWFALL (IN)
  TODAY            0.0           0.0  2002   0.0    0.0      0.0
                                      2001
  MONTH TO DATE    0.0                       0.1   -0.1      0.0
  SINCE MAR 1      0.0                       0.6   -0.6      0.2
  SINCE JUL 1      7.9                       6.1    1.8      5.8
  SNOW DEPTH       0

DEGREE DAYS
 HEATING
  TODAY           15                         4     11        1
  MONTH TO DATE  115                       176    -61      157
  SINCE MAR 1    534                       600    -66      740
  SINCE JUL 1   3431                      3172    259     3441

 COOLING
  TODAY            0                         2     -2        0
  MONTH TO DATE   52                        39     13       22
  SINCE MAR 1     56                        50      6       22
  SINCE JAN 1     56                        51      5       22
..................................................................


WIND (MPH)
  HIGHEST WIND SPEED    13   HIGHEST WIND DIRECTION    NE (50)
  HIGHEST GUST SPEED    16   HIGHEST GUST DIRECTION    NE (40)
  AVERAGE WIND SPEED     7.6


SKY COVER
  POSSIBLE SUNSHINE  MM
  AVERAGE SKY COVER 1.0


WEATHER CONDITIONS
 THE FOLLOWING WEATHER WAS RECORDED TODAY.
  LIGHT RAIN
  FOG


RELATIVE HUMIDITY (PERCENT)
 HIGHEST   100           100 AM
 LOWEST     83           100 PM
 AVERAGE    92

..........................................................


THE RALEIGH-DURHAM INTL AIRPORT NC CLIMATE NORMALS FOR TOMORROW
                         NORMAL    RECORD    YEAR
 MAXIMUM TEMPERATURE (F)   75        92      1990
 MINIMUM TEMPERATURE (F)   51        32      1976


SUNRISE AND SUNSET
APRIL 26 2015.........SUNRISE   629 AM EDT   SUNSET   758 PM EDT
APRIL 27 2015.........SUNRISE   628 AM EDT   SUNSET   759 PM EDT


-  INDICATES NEGATIVE NUMBERS.
R  INDICATES RECORD WAS SET OR TIED.
MM INDICATES DATA IS MISSING.
T  INDICATES TRACE AMOUNT.

&&

CLIMATE REPORT NWS FORECAST OFFICE
NCSU CENTENNIAL CAMPUS
RALEIGH, NC

MAXIMUM TEMPERATURE... 52

MINIMUM TEMPERATURE... 44

PRECIPITATION... 0.01


$$
