000
CDUS42 KRAH 040856
CLIRDU


CLIMATE REPORT
NATIONAL WEATHER SERVICE RALEIGH NC
455 AM EDT SAT JUL 4 2015


...................................

...THE RALEIGH-DURHAM INTL AIRPORT NC CLIMATE SUMMARY FOR JULY 3 2015...

CLIMATE NORMAL PERIOD 1981 TO 2010
CLIMATE RECORD PERIOD 1887 TO 2015


WEATHER ITEM   OBSERVED TIME   RECORD YEAR NORMAL DEPARTURE LAST
                VALUE   (LST)  VALUE       VALUE  FROM      YEAR
                                                  NORMAL
..................................................................
TEMPERATURE (F)
 YESTERDAY
  MAXIMUM         78    425 PM 101    2012  90    -12       90
  MINIMUM         69    417 AM  56    1957  69      0       74
  AVERAGE         74                        80     -6       82

PRECIPITATION (IN)
  YESTERDAY        0.14          1.34 1968   0.13   0.01      T
  MONTH TO DATE    0.38                      0.39  -0.01      T
  SINCE JUN 1      6.73                      3.91   2.82     3.31
  SINCE JAN 1     24.57                     20.94   3.63    22.58

DEGREE DAYS
 HEATING
  YESTERDAY        0                         0      0        0
  MONTH TO DATE    0                         0      0        0
  SINCE JUN 1      0                         4     -4        0
  SINCE JUL 1      0                         0      0        0

 COOLING
  YESTERDAY        9                        15     -6       17
  MONTH TO DATE   36                        45     -9       58
  SINCE JUN 1    473                       392     81      435
  SINCE JAN 1    743                       601    142      648
..................................................................


WIND (MPH)
  HIGHEST WIND SPEED    12   HIGHEST WIND DIRECTION     W (250)
  HIGHEST GUST SPEED    15   HIGHEST GUST DIRECTION     W (250)
  AVERAGE WIND SPEED     4.0


SKY COVER
  POSSIBLE SUNSHINE  MM
  AVERAGE SKY COVER 0.9


WEATHER CONDITIONS
 THE FOLLOWING WEATHER WAS RECORDED YESTERDAY.
  LIGHT RAIN
  FOG
  HAZE


RELATIVE HUMIDITY (PERCENT)
 HIGHEST    97           400 AM
 LOWEST     79          1200 PM
 AVERAGE    88

..........................................................


THE RALEIGH-DURHAM INTL AIRPORT NC CLIMATE NORMALS FOR TODAY
                         NORMAL    RECORD    YEAR
 MAXIMUM TEMPERATURE (F)   90       101      2012
 MINIMUM TEMPERATURE (F)   70        54      1933


SUNRISE AND SUNSET
JULY  4 2015..........SUNRISE   604 AM EDT   SUNSET   835 PM EDT
JULY  5 2015..........SUNRISE   604 AM EDT   SUNSET   835 PM EDT


-  INDICATES NEGATIVE NUMBERS.
R  INDICATES RECORD WAS SET OR TIED.
MM INDICATES DATA IS MISSING.
T  INDICATES TRACE AMOUNT.


&&

CLIMATE REPORT NWS FORECAST OFFICE
NCSU CENTENNIAL CAMPUS
RALEIGH, NC

MAXIMUM TEMPERATURE... 77

MINIMUM TEMPERATURE... 69

PRECIPITATION... 0.10


$$
