000
CDUS42 KRAH 020632
CLIRDU

CLIMATE REPORT
NATIONAL WEATHER SERVICE RALEIGH NC
127 AM EST MON MAR 2 2015


...................................

...THE RALEIGH-DURHAM INTL AIRPORT NC CLIMATE SUMMARY FOR MARCH 1 2015...

CLIMATE NORMAL PERIOD 1981 TO 2010
CLIMATE RECORD PERIOD 1887 TO 2015


WEATHER ITEM   OBSERVED TIME   RECORD YEAR NORMAL DEPARTURE LAST
                VALUE   (LST)  VALUE       VALUE  FROM      YEAR
                                                  NORMAL
..................................................................
TEMPERATURE (F)
 YESTERDAY
  MAXIMUM         35   1159 PM  82    1997  59    -24       55
                                      1918
  MINIMUM         28    634 AM  11    1980  36     -8       28
  AVERAGE         32                        48    -16       42

PRECIPITATION (IN)
  YESTERDAY        0.67          1.38 2009   0.13   0.54     0.00
  MONTH TO DATE    0.67                      0.13   0.54     0.00
  SINCE MAR 1      0.67                      0.13   0.54     0.00
  SINCE JAN 1      6.93                      6.86   0.07     4.96

SNOWFALL (IN)
  YESTERDAY        0.0           9.3  1969   0.0    0.0      0.0
  MONTH TO DATE    0.0                       0.0    0.0      0.0
  SINCE MAR 1      0.0                       0.0    0.0      0.0
  SINCE JUL 1      7.9                       5.5    2.4      5.6
  SNOW DEPTH       1

DEGREE DAYS
 HEATING
  YESTERDAY       33                        18     15       23
  MONTH TO DATE   33                        18     15       23
  SINCE MAR 1     33                        18     15       23
  SINCE JUL 1   2930                      2590    340     2724

 COOLING
  YESTERDAY        0                         0      0        0
  MONTH TO DATE    0                         0      0        0
  SINCE MAR 1      0                         0      0        0
  SINCE JAN 1      0                         1     -1        0
..................................................................


WIND (MPH)
  HIGHEST WIND SPEED    12   HIGHEST WIND DIRECTION    SW (220)
  HIGHEST GUST SPEED    14   HIGHEST GUST DIRECTION    SW (220)
  AVERAGE WIND SPEED     3.6


SKY COVER
  POSSIBLE SUNSHINE  MM
  AVERAGE SKY COVER 1.0


WEATHER CONDITIONS
 THE FOLLOWING WEATHER WAS RECORDED YESTERDAY.
  LIGHT RAIN
  FREEZING RAIN
  LT FREEZING RAIN
  FOG
  FOG W/VISIBILITY <= 1/4 MILE


RELATIVE HUMIDITY (PERCENT)
 HIGHEST    96           900 PM
 LOWEST     53           100 AM
 AVERAGE    75

..........................................................


THE RALEIGH-DURHAM INTL AIRPORT NC CLIMATE NORMALS FOR TODAY
                         NORMAL    RECORD    YEAR
 MAXIMUM TEMPERATURE (F)   59        82      1976
 MINIMUM TEMPERATURE (F)   36        11      1980


SUNRISE AND SUNSET
MARCH  2 2015.........SUNRISE   644 AM EST   SUNSET   611 PM EST
MARCH  3 2015.........SUNRISE   643 AM EST   SUNSET   612 PM EST


-  INDICATES NEGATIVE NUMBERS.
R  INDICATES RECORD WAS SET OR TIED.
MM INDICATES DATA IS MISSING.
T  INDICATES TRACE AMOUNT.

&&

CLIMATE REPORT NWS FORECAST OFFICE
NCSU CENTENNIAL CAMPUS
RALEIGH, NC

MAXIMUM TEMPERATURE...34

MINIMUM TEMPERATURE...28

PRECIPITATION...0.65

FREEZING RAIN TOTAL = 0.10 INCH (MELTED BY EARLY AFTERNOON).

$$

PWB
