225
CDUS42 KRAH 290653
CLIRDU

CLIMATE REPORT
NATIONAL WEATHER SERVICE RALEIGH NC
252 AM EDT WED MAR 29 2017
...................................

...THE RALEIGH-DURHAM INTL AIRPORT NC CLIMATE SUMMARY FOR MARCH 28 2017...

CLIMATE NORMAL PERIOD 1981 TO 2010
CLIMATE RECORD PERIOD 1887 TO 2017


WEATHER ITEM   OBSERVED TIME   RECORD YEAR NORMAL DEPARTURE LAST
                VALUE   (LST)  VALUE       VALUE  FROM      YEAR
                                                  NORMAL
..................................................................
TEMPERATURE (F)
 YESTERDAY
  MAXIMUM         80    436 PM  91    1907  67     13       75
  MINIMUM         60   1038 PM  20    1969  43     17       54
  AVERAGE         70                        55     15       65

PRECIPITATION (IN)
  YESTERDAY        0.06          1.57 1984   0.14  -0.08     0.08
  MONTH TO DATE    2.71                      3.73  -1.02     4.04
  SINCE MAR 1      2.71                      3.73  -1.02     4.04
  SINCE JAN 1      7.14                     10.46  -3.32    10.45

SNOWFALL (IN)
  YESTERDAY        0.0           0.8  1947   0.0    0.0      0.0
  MONTH TO DATE    0.3                       0.5   -0.2       T
  SINCE MAR 1      0.3                       0.5   -0.2       T
  SINCE JUL 1      0.8                       6.0   -5.2      1.4
  SNOW DEPTH       0

DEGREE DAYS
 HEATING
  YESTERDAY        0                        10    -10        0
  MONTH TO DATE  409                       395     14      216
  SINCE MAR 1    409                       395     14      216
  SINCE JUL 1   2382                      2967   -585     2359

 COOLING
  YESTERDAY        5                         0      5        0
  MONTH TO DATE   14                         0     14       37
  SINCE MAR 1     14                         0     14       37
  SINCE JAN 1     22                         1     21       37
..................................................................


WIND (MPH)
  HIGHEST WIND SPEED    16   HIGHEST WIND DIRECTION    SW (230)
  HIGHEST GUST SPEED    22   HIGHEST GUST DIRECTION    SW (220)
  AVERAGE WIND SPEED     7.5


SKY COVER
  POSSIBLE SUNSHINE  MM
  AVERAGE SKY COVER 0.6


WEATHER CONDITIONS
 THE FOLLOWING WEATHER WAS RECORDED YESTERDAY.
  THUNDERSTORM
  LIGHT RAIN
  FOG


RELATIVE HUMIDITY (PERCENT)
 HIGHEST    90           900 AM
 LOWEST     42           400 PM
 AVERAGE    66

..........................................................


THE RALEIGH-DURHAM INTL AIRPORT NC CLIMATE NORMALS FOR TODAY
                         NORMAL    RECORD    YEAR
 MAXIMUM TEMPERATURE (F)   68        94      1907
 MINIMUM TEMPERATURE (F)   43        20      1966


SUNRISE AND SUNSET
MARCH 29 2017.........SUNRISE   705 AM EDT   SUNSET   735 PM EDT
MARCH 30 2017.........SUNRISE   704 AM EDT   SUNSET   736 PM EDT


-  INDICATES NEGATIVE NUMBERS.
R  INDICATES RECORD WAS SET OR TIED.
MM INDICATES DATA IS MISSING.
T  INDICATES TRACE AMOUNT.


&&

CLIMATE REPORT
NWS FORECAST OFFICE
NCSU CENTENNIAL CAMPUS
RALEIGH NC

MAXIMUM TEMPERATURE... 77

MINIMUM TEMPERATURE... 61

PRECIPITATION... 0.14

$$
