000
CDUS42 KRAH 212153
CLIRDU

CLIMATE REPORT
NATIONAL WEATHER SERVICE RALEIGH NC
450 PM EST TUE NOV 21 2017


...................................

...THE RALEIGH-DURHAM INTL AIRPORT NC CLIMATE SUMMARY FOR NOVEMBER 21 2017...
VALID TODAY AS OF 0400 PM LOCAL TIME.

CLIMATE NORMAL PERIOD 1981 TO 2010
CLIMATE RECORD PERIOD 1887 TO 2017


WEATHER ITEM   OBSERVED TIME   RECORD YEAR NORMAL DEPARTURE LAST
                VALUE   (LST)  VALUE       VALUE  FROM      YEAR
                                                  NORMAL
..................................................................
TEMPERATURE (F)
 TODAY
  MAXIMUM         64    207 PM  79    1942  62      2       54
  MINIMUM         30    339 AM  17    1914  39     -9       27
  AVERAGE         47                        51     -4       41

PRECIPITATION (IN)
  TODAY            0.00          1.97 1985   0.11  -0.11     0.00
  MONTH TO DATE    1.25                      2.19  -0.94     0.41
  SINCE SEP 1      7.82                      9.80  -1.98    12.12
  SINCE JAN 1     43.22                     39.34   3.88    48.87

DEGREE DAYS
 HEATING
  TODAY           18                        15      3       24
  MONTH TO DATE  290                       247     43      259
  SINCE SEP 1    425                       435    -10      343
  SINCE JUL 1    425                       436    -11      343

 COOLING
  TODAY            0                         0      0        0
  MONTH TO DATE    4                         1      3        5
  SINCE SEP 1    336                       280     56      427
  SINCE JAN 1   1968                      1721    247     2095
..................................................................


WIND (MPH)
  HIGHEST WIND SPEED    13   HIGHEST WIND DIRECTION     S (190)
  HIGHEST GUST SPEED    17   HIGHEST GUST DIRECTION     S (170)
  AVERAGE WIND SPEED     2.5


SKY COVER
  POSSIBLE SUNSHINE  MM
  AVERAGE SKY COVER 0.7


WEATHER CONDITIONS
 THE FOLLOWING WEATHER WAS RECORDED TODAY.
  NO SIGNIFICANT WEATHER WAS OBSERVED.


RELATIVE HUMIDITY (PERCENT)
 HIGHEST    89           300 AM
 LOWEST     52           100 PM
 AVERAGE    71

..........................................................


THE RALEIGH-DURHAM INTL AIRPORT NC CLIMATE NORMALS FOR TOMORROW
                         NORMAL    RECORD    YEAR
 MAXIMUM TEMPERATURE (F)   61        77      2011
                                             2007
 MINIMUM TEMPERATURE (F)   39        21      2008


SUNRISE AND SUNSET
NOVEMBER 21 2017......SUNRISE   658 AM EST   SUNSET   504 PM EST
NOVEMBER 22 2017......SUNRISE   659 AM EST   SUNSET   504 PM EST


-  INDICATES NEGATIVE NUMBERS.
R  INDICATES RECORD WAS SET OR TIED.
MM INDICATES DATA IS MISSING.
T  INDICATES TRACE AMOUNT.

&&

CLIMATE REPORT
NWS FORECAST OFFICE
NCSU CENTENNIAL CAMPUS RALEIGH NC

MAXIMUM TEMPERATURE... 63

MINIMUM TEMPERATURE... 32

PRECIPITATION... 0.00

$$
