000
CDUS42 KRAH 202135
CLIRDU


CLIMATE REPORT
NATIONAL WEATHER SERVICE RALEIGH NC
434 PM EST THU NOV 20 2014


...................................

...THE RALEIGH-DURHAM INTL AIRPORT NC CLIMATE SUMMARY FOR NOVEMBER 20 2014...
VALID TODAY AS OF 0400 PM LOCAL TIME.

CLIMATE NORMAL PERIOD 1981 TO 2010
CLIMATE RECORD PERIOD 1887 TO 2014


WEATHER ITEM   OBSERVED TIME   RECORD YEAR NORMAL DEPARTURE LAST
                VALUE   (LST)  VALUE       VALUE  FROM      YEAR
                                                  NORMAL
..................................................................
TEMPERATURE (F)
 TODAY
  MAXIMUM         59    256 PM  78    1991  62     -3       52
                                      1988
                                      1942
  MINIMUM         28    624 AM  19    1951  40    -12       37
  AVERAGE         44                        51     -7       45

PRECIPITATION (IN)
  TODAY            0.00          2.31 1952   0.10  -0.10     0.00
  MONTH TO DATE    1.29                      2.08  -0.79     1.41
  SINCE SEP 1      9.38                      9.69  -0.31     5.73
  SINCE JAN 1     47.79                     39.23   8.56    43.20

DEGREE DAYS
 HEATING
  TODAY           21                        14      7       20
  MONTH TO DATE  345                       232    113      271
  SINCE SEP 1    473                       420     53      430
  SINCE JUL 1    473                       421     52      430

 COOLING
  TODAY            0                         0      0        0
  MONTH TO DATE    0                         1     -1        2
  SINCE SEP 1    298                       280     18      246
  SINCE JAN 1   1656                      1721    -65     1552
..................................................................


WIND (MPH)
  HIGHEST WIND SPEED    21   HIGHEST WIND DIRECTION    SW (240)
  HIGHEST GUST SPEED    26   HIGHEST GUST DIRECTION    SW (220)
  AVERAGE WIND SPEED     9.3


SKY COVER
  POSSIBLE SUNSHINE  MM
  AVERAGE SKY COVER 0.2


WEATHER CONDITIONS
 THE FOLLOWING WEATHER WAS RECORDED TODAY.
  NO SIGNIFICANT WEATHER WAS OBSERVED.


RELATIVE HUMIDITY (PERCENT)
 HIGHEST    63           800 AM
 LOWEST     28           300 PM
 AVERAGE    46

..........................................................


THE RALEIGH-DURHAM INTL AIRPORT NC CLIMATE NORMALS FOR TOMORROW
                         NORMAL    RECORD    YEAR
 MAXIMUM TEMPERATURE (F)   62        79      1942
 MINIMUM TEMPERATURE (F)   39        17      1914


SUNRISE AND SUNSET
NOVEMBER 20 2014......SUNRISE   656 AM EST   SUNSET   505 PM EST
NOVEMBER 21 2014......SUNRISE   657 AM EST   SUNSET   504 PM EST


-  INDICATES NEGATIVE NUMBERS.
R  INDICATES RECORD WAS SET OR TIED.
MM INDICATES DATA IS MISSING.
T  INDICATES TRACE AMOUNT.




$$
