000
CDUS42 KRAH 010047
CLIRDU


CLIMATE REPORT
NATIONAL WEATHER SERVICE RALEIGH NC
845 PM EDT FRI SEP 30 2016


...................................

...THE RALEIGH-DURHAM INTL AIRPORT NC CLIMATE SUMMARY FOR SEPTEMBER 30 2016...
VALID AS OF 0830 PM LOCAL TIME.

CLIMATE NORMAL PERIOD 1981 TO 2010
CLIMATE RECORD PERIOD 1887 TO 2016


WEATHER ITEM   OBSERVED TIME   RECORD YEAR NORMAL DEPARTURE LAST
                VALUE   (LST)  VALUE       VALUE  FROM      YEAR
                                                  NORMAL
..................................................................
TEMPERATURE (F)
 TODAY
  MAXIMUM         83    434 PM  89    1954  77      6       83
  MINIMUM         72   1004 AM  39    1951  56     16       66
                                      1888
  AVERAGE         78                        67     11       75

PRECIPITATION (IN)
  TODAY            0.14          2.65 1944   0.13   0.01     0.06
  MONTH TO DATE    4.61                      4.36   0.25     4.81
  SINCE SEP 1      4.61                      4.36   0.25     4.81
  SINCE JAN 1     41.36                     33.90   7.46    38.83

DEGREE DAYS
 HEATING
  TODAY            0                         2     -2        0
  MONTH TO DATE    0                        18    -18        2
  SINCE SEP 1      0                        20    -20        2
  SINCE JUL 1      0                        21    -21        2

 COOLING
  TODAY           13                         4      9       10
  MONTH TO DATE  350                       227    123      263
  SINCE SEP 1    350                       227    123      263
  SINCE JAN 1   2018                      1668    350     1851
..................................................................


WIND (MPH)
  HIGHEST WIND SPEED    17   HIGHEST WIND DIRECTION    SE (130)
  HIGHEST GUST SPEED    22   HIGHEST GUST DIRECTION    SE (150)
  AVERAGE WIND SPEED     8.3


SKY COVER
  POSSIBLE SUNSHINE  MM
  AVERAGE SKY COVER 0.8


WEATHER CONDITIONS
 THE FOLLOWING WEATHER WAS RECORDED TODAY.
  THUNDERSTORM
  LIGHT RAIN
  FOG


RELATIVE HUMIDITY (PERCENT)
 HIGHEST    93           100 AM
 LOWEST     65           400 PM
 AVERAGE    79

..........................................................


THE RALEIGH-DURHAM INTL AIRPORT NC CLIMATE NORMALS FOR TOMORROW
                         NORMAL    RECORD    YEAR
 MAXIMUM TEMPERATURE (F)   77        90      1986
                                             1954
 MINIMUM TEMPERATURE (F)   56        37      1993
                                             1947
                                             1946


SUNRISE AND SUNSET
SEPTEMBER 30 2016.....SUNRISE   710 AM EDT   SUNSET   700 PM EDT
OCTOBER  1 2016.......SUNRISE   711 AM EDT   SUNSET   658 PM EDT


-  INDICATES NEGATIVE NUMBERS.
R  INDICATES RECORD WAS SET OR TIED.
MM INDICATES DATA IS MISSING.
T  INDICATES TRACE AMOUNT.

&&

CLIMATE REPORT
NWS FORECAST OFFICE
NCSU CENTENNIAL CAMPUS
RALEIGH NC

MAXIMUM TEMPERATURE... 81

MINIMUM TEMPERATURE... 66

PRECIPITATION... 0.78

$$
