000
CDUS42 KRAH 110756
CLIRDU


CLIMATE REPORT
NATIONAL WEATHER SERVICE RALEIGH NC
254 AM EST SUN DEC 11 2016


...................................

...THE RALEIGH-DURHAM INTL AIRPORT NC CLIMATE SUMMARY FOR DECEMBER 10 2016...

CLIMATE NORMAL PERIOD 1981 TO 2010
CLIMATE RECORD PERIOD 1887 TO 2016


WEATHER ITEM   OBSERVED TIME   RECORD YEAR NORMAL DEPARTURE LAST
                VALUE   (LST)  VALUE       VALUE  FROM      YEAR
                                                  NORMAL
..................................................................
TEMPERATURE (F)
 YESTERDAY
  MAXIMUM         45    236 PM  81    2007  55    -10       67
  MINIMUM         20    737 AM  14    1917  34    -14       44
  AVERAGE         33                        45    -12       56

PRECIPITATION (IN)
  YESTERDAY        0.00          1.19 1992   0.10  -0.10     0.00
  MONTH TO DATE    1.29                      1.00   0.29     0.08
  SINCE DEC 1      1.29                      1.00   0.29     0.08
  SINCE JAN 1     50.35                     41.27   9.08    51.11

SNOWFALL (IN)
  YESTERDAY        0.0           0.2  1934   0.0    0.0      0.0
  MONTH TO DATE    0.0                       0.1   -0.1      0.0
  SINCE DEC 1      0.0                       0.1   -0.1      0.0
  SINCE JUL 1      0.0                       0.2   -0.2      0.0
  SNOW DEPTH       0.0

DEGREE DAYS
 HEATING
  YESTERDAY       32                        20     12        9
  MONTH TO DATE  201                       191     10      155
  SINCE DEC 1    201                       191     10      155
  SINCE JUL 1    656                       772   -116      606

 COOLING
  YESTERDAY        0                         0      0        0
  MONTH TO DATE    0                         0      0        0
  SINCE DEC 1      0                         0      0        0
  SINCE JAN 1   2101                      1728    373     1886
..................................................................


WIND (MPH)
  HIGHEST WIND SPEED    10   HIGHEST WIND DIRECTION     W (250)
  HIGHEST GUST SPEED    14   HIGHEST GUST DIRECTION    NW (310)
  AVERAGE WIND SPEED     1.7


SKY COVER
  POSSIBLE SUNSHINE  MM
  AVERAGE SKY COVER 0.1


WEATHER CONDITIONS
 THE FOLLOWING WEATHER WAS RECORDED YESTERDAY.
  NO SIGNIFICANT WEATHER WAS OBSERVED.


RELATIVE HUMIDITY (PERCENT)
 HIGHEST    84           600 AM
 LOWEST     25           300 PM
 AVERAGE    55

..........................................................


THE RALEIGH-DURHAM INTL AIRPORT NC CLIMATE NORMALS FOR TODAY
                         NORMAL    RECORD    YEAR
 MAXIMUM TEMPERATURE (F)   55        74      2007
 MINIMUM TEMPERATURE (F)   34        13      1977
                                             1968


SUNRISE AND SUNSET
DECEMBER 11 2016......SUNRISE   716 AM EST   SUNSET   502 PM EST
DECEMBER 12 2016......SUNRISE   716 AM EST   SUNSET   502 PM EST


-  INDICATES NEGATIVE NUMBERS.
R  INDICATES RECORD WAS SET OR TIED.
MM INDICATES DATA IS MISSING.
T  INDICATES TRACE AMOUNT.

&&

CLIMATE REPORT
NWS FORECAST OFFICE
NCSU CENTENNIAL CAMPUS
RALEIGH NC

MAXIMUM TEMPERATURE... 43

MINIMUM TEMPERATURE... 23

PRECIPITATION... 0.00

$$
