000
CDUS42 KRAH 230718
CLIRDU


CLIMATE REPORT
NATIONAL WEATHER SERVICE RALEIGH NC
318 AM EDT SUN JUL 23 2017


...................................

...THE RALEIGH-DURHAM INTL AIRPORT NC CLIMATE SUMMARY FOR JULY 22 2017...

CLIMATE NORMAL PERIOD 1981 TO 2010
CLIMATE RECORD PERIOD 1887 TO 2017


WEATHER ITEM   OBSERVED TIME   RECORD YEAR NORMAL DEPARTURE LAST
                VALUE   (LST)  VALUE       VALUE  FROM      YEAR
                                                  NORMAL
..................................................................
TEMPERATURE (F)
 YESTERDAY
  MAXIMUM        101    159 PM 103    2011  90     11       93
                                      1952
  MINIMUM         76    511 AM  55    1974  70      6       73
  AVERAGE         89                        80      9       83

PRECIPITATION (IN)
  YESTERDAY        0.00          2.65 1946   0.16  -0.16     0.00
  MONTH TO DATE    1.58                      3.30  -1.72     7.82
  SINCE JUN 1      7.74                      6.82   0.92    13.84
  SINCE JAN 1     29.60                     23.85   5.75    33.45

DEGREE DAYS
 HEATING
  YESTERDAY        0                         0      0        0
  MONTH TO DATE    0                         0      0        0
  SINCE JUN 1      1                         4     -3        0
  SINCE JUL 1      0                         0      0        0

 COOLING
  YESTERDAY       24                        15      9       18
  MONTH TO DATE  395                       330     65      354
  SINCE JUN 1    720                       677     43      713
  SINCE JAN 1   1059                       886    173      949
..................................................................


WIND (MPH)
  HIGHEST WIND SPEED    20   HIGHEST WIND DIRECTION    SW (220)
  HIGHEST GUST SPEED    27   HIGHEST GUST DIRECTION     S (200)
  AVERAGE WIND SPEED    10.8


SKY COVER
  POSSIBLE SUNSHINE  MM
  AVERAGE SKY COVER 0.5


WEATHER CONDITIONS
 THE FOLLOWING WEATHER WAS RECORDED YESTERDAY.
  FOG


RELATIVE HUMIDITY (PERCENT)
 HIGHEST    88           600 AM
 LOWEST     42           200 PM
 AVERAGE    65

..........................................................


THE RALEIGH-DURHAM INTL AIRPORT NC CLIMATE NORMALS FOR TODAY
                         NORMAL    RECORD    YEAR
 MAXIMUM TEMPERATURE (F)   90       105      1952
 MINIMUM TEMPERATURE (F)   70        54      1947


SUNRISE AND SUNSET
JULY 23 2017..........SUNRISE   616 AM EDT   SUNSET   827 PM EDT
JULY 24 2017..........SUNRISE   617 AM EDT   SUNSET   826 PM EDT


-  INDICATES NEGATIVE NUMBERS.
R  INDICATES RECORD WAS SET OR TIED.
MM INDICATES DATA IS MISSING.
T  INDICATES TRACE AMOUNT.

&&

CLIMATE REPORT
NWS FORECAST OFFICE
NCSU CENTENNIAL CAMPUS
RALEIGH NC

MAXIMUM TEMPERATURE... 94

MINIMUM TEMPERATURE... 75

PRECIPITATION... 0.00

$$
