000
CXUS55 KBOU 010900
CF620V
PRELIMINARY LOCAL CLIMATOLOGICAL DATA (WS FORM: F-6)
STATION: KREMMLING
MONTH: JUNE
YEAR: 2023
LATITUDE: 40 3 N
LONGITUDE: 106 22 W
TEMPERATURE IN F: :PCPN: SNOW: WIND :SUNSHINE: SKY :PK WND
================================================================================
1 2 3 4 5 6A 6B 7 8 9 10 11 12 13 14 15 16 17 18
12Z AVG MX 2MIN
DY MAX MIN AVG DEP HDD CDD WTR SNW DPTH SPD SPD DIR MIN PSBL S-S WX SPD DR
================================================================================
1 64 37 51 M 14 0 M M M 5.8 24 260 M M 5 31 260
2 50 39 45 M 20 0 M M M 6.1 16 260 M M 10 23 260
3 61 43 52 M 13 0 M M M 3.1 10 200 M M 7 18 220
4 59 43 51 M 14 0 M M M 4.4 17 120 M M 4 18 110
5 73 36 55 M 10 0 M M M 3.5 13 300 M M 3 21 310
6 73 36 55 M 10 0 M M M 4.1 15 200 M M 1 3 21 310
7 73 37 55 M 10 0 M M M 3.0 16 220 M M 4 26 260
8 73 41 57 M 8 0 M M M 4.0 14 200 M M 1 20 260
9 73 39 56 M 9 0 M M M 5.4 16 250 M M 2 23 340
10 72 36 54 M 11 0 M M M 3.7 15 340 M M 2 23 330
11 73 36 55 M 10 0 M M M 3.6 20 340 M M 3 3 29 340
12 61 45 53 M 12 0 M M M 3.0 18 210 M M 5 3 25 210
13 55 37 46 M 19 0 M M M 1.9 12 190 M M 6 16 280
14 64 37 51 M 14 0 M M M 3.0 9 100 M M 8 3 23 200
15 66 43 55 M 10 0 M M M 3.8 13 360 M M 8 3 18 360
16 61 43 52 M 13 0 M M M 2.7 12 330 M M 9 3 17 330
17 59 41 50 M 15 0 M M M 3.2 17 310 M M 7 3 25 310
18 75 36 56 M 9 0 M M M 5.6 20 230 M M 3 12 26 230
19 79 37 58 M 7 0 M M M 7.0 20 250 M M 0 30 250
20 79 37 58 M 7 0 M M M 5.5 20 250 M M 0 28 230
21 81 34 58 M 7 0 M M M 4.1 18 240 M M 0 24 270
22 81 39 60 M 5 0 M M M 4.0 21 160 M M 1 38 160
23 79 37 58 M 7 0 M M M 9.9 32 260 M M 0 43 260
24 75 34 55 M 10 0 M M M 4.7 12 260 M M 1 21 260
25 81 34 58 M 7 0 M M M 4.7 16 260 M M 0 27 260
26 82 34 58 M 7 0 M M M 5.8 20 220 M M 0 29 230
27 81 43 62 M 3 0 M M M 8.7 25 260 M M 1 35 260
28 81 36 59 M 6 0 M M M 5.9 21 250 M M 0 30 250
29 81 36 59 M 6 0 M M M 6.6 17 260 M M 1 30 200
30 66 37 52 M 13 0 M M M 3.9 16 220 M M 4 3 23 220
================================================================================
SM 2131 1143 306 0 M M 140.5 M 96
================================================================================
AV 71.0 38.1 4.7 FASTST M M 3 MAX(MPH)
MISC ----> 32 260 43 260
================================================================================
NOTES:
# LAST OF SEVERAL OCCURRENCES
COLUMN 17 PEAK WIND IN M.P.H.
PRELIMINARY LOCAL CLIMATOLOGICAL DATA (WS FORM: F-6) , PAGE 2
STATION: KREMMLING
MONTH: JUNE
YEAR: 2023
LATITUDE: 40 3 N
LONGITUDE: 106 22 W
[TEMPERATURE DATA] [PRECIPITATION DATA] SYMBOLS USED IN COLUMN 16
AVERAGE MONTHLY: 54.6 TOTAL FOR MONTH: M 1 = FOG OR MIST
DPTR FM NORMAL: 0.0 DPTR FM NORMAL: M 2 = FOG REDUCING VISIBILITY
HIGHEST: 82 ON 26 GRTST 24HR M ON M TO 1/4 MILE OR LESS
LOWEST: 34 ON 25,21 3 = THUNDER
SNOW, ICE PELLETS, HAIL 4 = ICE PELLETS
TOTAL MONTH: M 5 = HAIL
GRTST 24HR M ON M 6 = FREEZING RAIN OR DRIZZLE
GRTST DEPTH: M ON M 7 = DUSTSTORM OR SANDSTORM:
VSBY 1/2 MILE OR LESS
8 = SMOKE OR HAZE
[NO. OF DAYS WITH] [WEATHER - DAYS WITH] 9 = BLOWING SNOW
X = TORNADO
MAX 32 OR BELOW: 0 0.01 INCH OR MORE: 0
MAX 90 OR ABOVE: 0 0.10 INCH OR MORE: 0
MIN 32 OR BELOW: 0 0.50 INCH OR MORE: 0
MIN 0 OR BELOW: 0 1.00 INCH OR MORE: 0
[HDD (BASE 65) ]
TOTAL THIS MO. 306 CLEAR (SCALE 0-3) 18
DPTR FM NORMAL M PTCLDY (SCALE 4-7) 9
TOTAL FM JUL 1 9631 CLOUDY (SCALE 8-10) 3
DPTR FM NORMAL M
[CDD (BASE 65) ]
TOTAL THIS MO. 0
DPTR FM NORMAL M [PRESSURE DATA]
TOTAL FM JAN 1 0 HIGHEST SLP M ON M
DPTR FM NORMAL M LOWEST SLP M ON M
[REMARKS]
#FINAL-06-23#