000
CXUS55 KBOU 011000
CF633V
PRELIMINARY LOCAL CLIMATOLOGICAL DATA (WS FORM: F-6)
STATION: WALDEN
MONTH: NOVEMBER
YEAR: 2020
LATITUDE: 40 45 N
LONGITUDE: 106 16 W
TEMPERATURE IN F: :PCPN: SNOW: WIND :SUNSHINE: SKY :PK WND
================================================================================
1 2 3 4 5 6A 6B 7 8 9 10 11 12 13 14 15 16 17 18
12Z AVG MX 2MIN
DY MAX MIN AVG DEP HDD CDD WTR SNW DPTH SPD SPD DIR MIN PSBL S-S WX SPD DR
================================================================================
1 54 21 38 M 27 0 0.00 M M 8.7 12 200 M M 0 18 200
2 57 21 39 M 26 0 0.00 M M 5.1 9 140 M M 0 M M
3 59 23 41 M 24 0 0.00 M M 5.8 9 150 M M 1 M M
4 59 30 45 M 20 0 0.00 M M 5.7 12 270 M M 1 16 270
5 59 23 41 M 24 0 0.00 M M 6.8 14 210 M M 0 18 200
6 57 28 43 M 22 0 0.00 M M 9.1 17 200 M M 0 24 200
7 54 30 42 M 23 0 0.00 M M 10.0 20 220 M M 3 37 220
8 39 23 31 M 34 0 0.00 M M 13.9 23 230 M M 6 36 180
9 34 18 26 M 39 0 0.00 M M 6.4 17 250 M M 8 22 250
10 23 14 19 M 46 0 0.00 M M 13.9 26 210 M M 8 33 210
11 32 16 24 M 41 0 0.00 M M 14.9 28 220 M M 8 36 290
12 25 9 17 M 48 0 0.00 M M 12.5 23 230 M M 4 32 210
13 39 9 24 M 41 0 0.00 M M 16.4 31 230 M M 1 43 230
14 30 14 22 M 43 0 0.00 M M 17.5 28 280 M M 9 38 230
15 34 16 25 M 40 0 0.00 M M 15.4 31 220 M M 8 40 220
16 46 30 38 M 27 0 0.00 M M 11.6 23 220 M M 4 30 220
17 54 30 42 M 23 0 0.00 M M 8.4 15 200 M M 0 20 200
18 57 39 48 M 17 0 0.00 M M 16.2 28 220 M M 3 36 220
19 46 23 35 M 30 0 0.00 M M 11.6 18 240 M M 6 27 240
20 39 23 31 M 34 0 0.00 M M 4.7 10 350 M M 5 M M
21 41 16 29 M 36 0 0.00 M M 6.2 13 230 M M 0 17 260
22 41 5 23 M 42 0 0.00 M M 4.6 10 130 M M 1 M M
23 45 25 35 M 30 0 0.00 M M 7.9 17 220 M M 6 25 180
24 32 12 22 M 43 0 0.00 M M 10.4 16 360 M M 7 20 350
25 37 9 23 M 42 0 0.00 M M 11.5 22 200 M M 0 26 200
26 30 7 19 M 46 0 0.00 M M 6.4 14 350 M M 5 M M
27 32 0 16 M 49 0 0.00 M M 4.7 10 130 M M 0 M M
28 37 1 19 M 46 0 0.00 M M 4.6 8 130 M M 0 M M
29 34 5 20 M 45 0 0.00 M M 5.9 12 130 M M 0 M M
30 37 0 19 M 46 0 0.00 M M 9.7 17 190 M M 0 24 190
================================================================================
SM 1263 520 1054 0 0.00 M 286.4 M 94
================================================================================
AV 42.1 17.3 9.5 FASTST M M 3 MAX(MPH)
MISC ----> 31 230 43 230
================================================================================
NOTES:
# LAST OF SEVERAL OCCURRENCES
COLUMN 17 PEAK WIND IN M.P.H.
PRELIMINARY LOCAL CLIMATOLOGICAL DATA (WS FORM: F-6) , PAGE 2
STATION: WALDEN
MONTH: NOVEMBER
YEAR: 2020
LATITUDE: 40 45 N
LONGITUDE: 106 16 W
[TEMPERATURE DATA] [PRECIPITATION DATA] SYMBOLS USED IN COLUMN 16
AVERAGE MONTHLY: 29.7 TOTAL FOR MONTH: 0.00 1 = FOG OR MIST
DPTR FM NORMAL: 0.0 DPTR FM NORMAL: M 2 = FOG REDUCING VISIBILITY
HIGHEST: 59 ON 5, 4 GRTST 24HR 0.00 ON 1- 1 TO 1/4 MILE OR LESS
LOWEST: 0 ON 30,27 3 = THUNDER
SNOW, ICE PELLETS, HAIL 4 = ICE PELLETS
TOTAL MONTH: M 5 = HAIL
GRTST 24HR M ON M 6 = FREEZING RAIN OR DRIZZLE
GRTST DEPTH: M ON M 7 = DUSTSTORM OR SANDSTORM:
VSBY 1/2 MILE OR LESS
8 = SMOKE OR HAZE
[NO. OF DAYS WITH] [WEATHER - DAYS WITH] 9 = BLOWING SNOW
X = TORNADO
MAX 32 OR BELOW: 7 0.01 INCH OR MORE: 0
MAX 90 OR ABOVE: 0 0.10 INCH OR MORE: 0
MIN 32 OR BELOW: 29 0.50 INCH OR MORE: 0
MIN 0 OR BELOW: 2 1.00 INCH OR MORE: 0
[HDD (BASE 65) ]
TOTAL THIS MO. 1054 CLEAR (SCALE 0-3) 17
DPTR FM NORMAL M PTCLDY (SCALE 4-7) 9
TOTAL FM JUL 1 2606 CLOUDY (SCALE 8-10) 4
DPTR FM NORMAL M
[CDD (BASE 65) ]
TOTAL THIS MO. 0
DPTR FM NORMAL M [PRESSURE DATA]
TOTAL FM JAN 1 11 HIGHEST SLP M ON M
DPTR FM NORMAL M LOWEST SLP M ON M
[REMARKS]
#FINAL-11-20#