000
CXUS55 KBOU 010900
CF633V
PRELIMINARY LOCAL CLIMATOLOGICAL DATA (WS FORM: F-6)
STATION: WALDEN
MONTH: OCTOBER
YEAR: 2023
LATITUDE: 40 45 N
LONGITUDE: 106 16 W
TEMPERATURE IN F: :PCPN: SNOW: WIND :SUNSHINE: SKY :PK WND
================================================================================
1 2 3 4 5 6A 6B 7 8 9 10 11 12 13 14 15 16 17 18
12Z AVG MX 2MIN
DY MAX MIN AVG DEP HDD CDD WTR SNW DPTH SPD SPD DIR MIN PSBL S-S WX SPD DR
================================================================================
1 70 34 52 M 13 0 M M M 8.0 21 200 M M 2 29 200
2 68 28 48 M 17 0 M M M 8.4 21 260 M M 4 31 180
3 48 32 40 M 25 0 M M M 12.5 23 230 M M 6 31 230
4 54 32 43 M 22 0 M M M 7.6 18 250 M M 6 29 240
5 55 32 44 M 21 0 M M M 6.9 13 220 M M 5 18 220
6 55 28 42 M 23 0 M M M 4.6 13 340 M M 3 16 330
7 64 21 43 M 22 0 M M M 4.5 10 330 M M 0 M M
8 66 23 45 M 20 0 M M M 5.8 12 360 M M 0 M M
9 64 23 44 M 21 0 M M M 5.9 9 150 M M 1 17 230
10 64 21 43 M 22 0 M M M 6.7 18 260 M M 3 27 260
11 55 32 44 M 21 0 M M M 6.0 15 270 M M 8 29 350
12 34 28 31 M 34 0 M M M 7.6 17 310 M M 10 23 310
13 36 23 30 M 35 0 M M M 4.5 9 90 M M 7 M M
14 46 19 33 M 32 0 M M M 4.7 10 210 M M 2 17 260
15 55 21 38 M 27 0 M M M 4.7 10 130 M M 0 M M
16 64 23 44 M 21 0 M M M 4.1 12 140 M M 0 M M
17 66 27 47 M 18 0 M M M 8.5 20 240 M M 0 25 250
18 61 30 46 M 19 0 M M M 6.7 16 340 M M 0 22 310
19 66 28 47 M 18 0 M M M 7.3 12 240 M M 0 18 240
20 70 27 49 M 16 0 M M M 7.0 14 270 M M 0 22 270
21 68 23 46 M 19 0 M M M 5.8 14 270 M M 2 21 240
22 63 25 44 M 21 0 M M M 6.8 14 260 M M 1 21 240
23 63 23 43 M 22 0 M M M 7.9 22 240 M M 1 25 240
24 57 21 39 M 26 0 M M M 7.1 18 260 M M 0 26 260
25 59 23 41 M 24 0 M M M 9.6 17 240 M M 0 26 220
26 54 18 36 M 29 0 M M M 12.4 30 330 M M 4 41 330
27 45 14 30 M 35 0 M M M 11.0 30 240 M M 4 40 240
28 36 19 28 M 37 0 M M M 10.7 22 340 M M 10 29 340
29 21 1 11 M 54 0 M M M 12.6 21 340 M M 4 22 330
30 32 -6 13 M 52 0 M M M 7.4 13 220 M M 0 17 230
31 39 3 21 M 44 0 M M M 7.7 15 210 M M 0 18 190
================================================================================
SM 1698 696 810 0 M M 230.5 M 83
================================================================================
AV 54.8 22.5 7.4 FASTST M M 3 MAX(MPH)
MISC ----> # 30 240 41 330
================================================================================
NOTES:
# LAST OF SEVERAL OCCURRENCES
COLUMN 17 PEAK WIND IN M.P.H.
PRELIMINARY LOCAL CLIMATOLOGICAL DATA (WS FORM: F-6) , PAGE 2
STATION: WALDEN
MONTH: OCTOBER
YEAR: 2023
LATITUDE: 40 45 N
LONGITUDE: 106 16 W
[TEMPERATURE DATA] [PRECIPITATION DATA] SYMBOLS USED IN COLUMN 16
AVERAGE MONTHLY: 38.6 TOTAL FOR MONTH: M 1 = FOG OR MIST
DPTR FM NORMAL: 0.0 DPTR FM NORMAL: M 2 = FOG REDUCING VISIBILITY
HIGHEST: 70 ON 1,20 GRTST 24HR M ON M TO 1/4 MILE OR LESS
LOWEST: -6 ON 30 3 = THUNDER
SNOW, ICE PELLETS, HAIL 4 = ICE PELLETS
TOTAL MONTH: M 5 = HAIL
GRTST 24HR M ON M 6 = FREEZING RAIN OR DRIZZLE
GRTST DEPTH: M ON M 7 = DUSTSTORM OR SANDSTORM:
VSBY 1/2 MILE OR LESS
8 = SMOKE OR HAZE
[NO. OF DAYS WITH] [WEATHER - DAYS WITH] 9 = BLOWING SNOW
X = TORNADO
MAX 32 OR BELOW: 2 0.01 INCH OR MORE: 0
MAX 90 OR ABOVE: 0 0.10 INCH OR MORE: 0
MIN 32 OR BELOW: 30 0.50 INCH OR MORE: 0
MIN 0 OR BELOW: 1 1.00 INCH OR MORE: 0
[HDD (BASE 65) ]
TOTAL THIS MO. 810 CLEAR (SCALE 0-3) 18
DPTR FM NORMAL M PTCLDY (SCALE 4-7) 11
TOTAL FM JUL 1 1585 CLOUDY (SCALE 8-10) 2
DPTR FM NORMAL M
[CDD (BASE 65) ]
TOTAL THIS MO. 0
DPTR FM NORMAL M [PRESSURE DATA]
TOTAL FM JAN 1 1 HIGHEST SLP M ON M
DPTR FM NORMAL M LOWEST SLP M ON M
[REMARKS]
#FINAL-10-23#