000
CXUS53 KABR 011200
CF68D3
PRELIMINARY LOCAL CLIMATOLOGICAL DATA (WS FORM: F-6)
STATION: SISSETON SD
MONTH: FEBRUARY
YEAR: 2022
LATITUDE: 45 40 N
LONGITUDE: 96 59 W
TEMPERATURE IN F: :PCPN: SNOW: WIND :SUNSHINE: SKY :PK WND
================================================================================
1 2 3 4 5 6A 6B 7 8 9 10 11 12 13 14 15 16 17 18
12Z AVG MX 2MIN
DY MAX MIN AVG DEP HDD CDD WTR SNW DPTH SPD SPD DIR MIN PSBL S-S WX SPD DR
================================================================================
1 38 -2 18 4 47 0 T 0.0 8 27.2 41 290 M M 0 60 290
2 1 -12 -5 -19 70 0 0.00 0.0 8 12.5 21 320 M M 0 26 320
3 -1 -23 -12 -26 77 0 0.00 0.0 8 9.1 18 150 M M 0 22 150
4 13 -8 3 -11 62 0 T T 8 16.1 32 320 M M 0 42 320
5 40 -1 20 5 45 0 0.00 0.0 8 16.1 31 260 M M 0 43 240
6 24 -2 11 -4 54 0 0.01 T 8 11.7 28 340 M M 0 34 340
7 28 6 17 2 48 0 T T 8 11.0 18 140 M M 0 21 140
8 43 18 31 16 34 0 0.00 0.0 7 20.7 32 310 M M 0 43 320
9 37 20 29 13 36 0 T T 5 21.2 33 330 M M 0 52 340
10 45 15 30 14 35 0 0.03 T 5 18.7 41 240 M M 0 59 240
11 39 -4 18 2 47 0 T T 3 28.8 41 340 M M 0 55 340
12 16 -9 4 -12 61 0 0.02 0.2 3 7.6 29 340 M M 0 35 340
13 33 -7 13 -4 52 0 0.00 0.0 3 13.4 38 320 M M 0 47 320
14 27 1 14 -3 51 0 T T 3 12.4 36 320 M M 0 50 330
15 29 10 20 3 45 0 0.00 0.0 3 13.9 26 140 M M 0 35 170
16 23 5 14 -4 51 0 T T 3 19.0 28 320 M M 0 33 330
17 11 -4 4 -14 61 0 0.00 0.0 3 10.8 22 150 M M 0 27 150
18 38 4 21 3 44 0 0.01 T 3 24.0 44 320 M M 0 58 290
19 40 -1 20 1 45 0 0.00 0.0 3 19.8 39 210 M M 0 53 220
20 44 5 25 6 40 0 0.01 0.1 3 21.2 40 330 M M 0 53 320
21 5 -3 1 -19 64 0 0.49 8.0 11 22.5 31 360 M M 0 39 360
22 -1 -8 -4 -24 69 0 0.10 4.9 15 25.7 36 340 M M 0 46 340
23 2 -14 -6 -26 71 0 T T 16 7.5 21 330 M M 0 26 330
24 4 -18 -7 -28 72 0 T T 16 3.5 9 310 M M 0 12 360
25 15 -14 1 -20 64 0 0.00 0.0 16 6.7 20 240 M M 0 28 250
26 31 14 23 1 42 0 0.00 0.0 15 16.2 25 250 M M 0 33 230
27 41 11 26 4 39 0 0.00 0.0 15 5.4 13 260 M M 0 19 260
28 46 14 30 7 35 0 0.00 0.0 14 7.9 22 270 M M 0 28 280
================================================================================
SM 711 -7 1461 0 0.67 13.2 430.6 M 0
================================================================================
AV 25.4 -0.2 15.4 FASTST M M 0 MAX(MPH)
MISC ----> 44 320 60 290
================================================================================
NOTES:
# LAST OF SEVERAL OCCURRENCES
COLUMN 17 PEAK WIND IN M.P.H.
PRELIMINARY LOCAL CLIMATOLOGICAL DATA (WS FORM: F-6) , PAGE 2
STATION: SISSETON SD
MONTH: FEBRUARY
YEAR: 2022
LATITUDE: 45 40 N
LONGITUDE: 96 59 W
[TEMPERATURE DATA] [PRECIPITATION DATA] SYMBOLS USED IN COLUMN 16
AVERAGE MONTHLY: 12.6 TOTAL FOR MONTH: 0.67 1 = FOG OR MIST
DPTR FM NORMAL: -5.0 DPTR FM NORMAL: -0.03 2 = FOG REDUCING VISIBILITY
HIGHEST: 46 ON 28 GRTST 24HR 0.50 ON 20-21 TO 1/4 MILE OR LESS
LOWEST: -23 ON 3 3 = THUNDER
SNOW, ICE PELLETS, HAIL 4 = ICE PELLETS
TOTAL MONTH: 13.2 INCHES 5 = HAIL
GRTST 24HR 8.0 ON 21-21 6 = FREEZING RAIN OR DRIZZLE
GRTST DEPTH: 16 ON 25,24 7 = DUSTSTORM OR SANDSTORM:
VSBY 1/2 MILE OR LESS
8 = SMOKE OR HAZE
[NO. OF DAYS WITH] [WEATHER - DAYS WITH] 9 = BLOWING SNOW
X = TORNADO
MAX 32 OR BELOW: 16 0.01 INCH OR MORE: 7
MAX 90 OR ABOVE: 0 0.10 INCH OR MORE: 2
MIN 32 OR BELOW: 28 0.50 INCH OR MORE: 0
MIN 0 OR BELOW: 16 1.00 INCH OR MORE: 0
[HDD (BASE 65) ]
TOTAL THIS MO. 1461 CLEAR (SCALE 0-3) 28
DPTR FM NORMAL 134 PTCLDY (SCALE 4-7) 0
TOTAL FM JUL 1 5801 CLOUDY (SCALE 8-10) 0
DPTR FM NORMAL -332
[CDD (BASE 65) ]
TOTAL THIS MO. 0
DPTR FM NORMAL 0 [PRESSURE DATA]
TOTAL FM JAN 1 0 HIGHEST SLP 30.90 ON 23
DPTR FM NORMAL 0 LOWEST SLP 29.33 ON 10
[REMARKS]
#FINAL-02-22#