000
CXUS56 KMFR 011000
CF6AAT
PRELIMINARY LOCAL CLIMATOLOGICAL DATA (WS FORM: F-6)
STATION: ALTURAS CA
MONTH: MARCH
YEAR: 2020
LATITUDE: 41 29 N
LONGITUDE: 120 34 W
TEMPERATURE IN F: :PCPN: SNOW: WIND :SUNSHINE: SKY :PK WND
================================================================================
1 2 3 4 5 6A 6B 7 8 9 10 11 12 13 14 15 16 17 18
12Z AVG MX 2MIN
DY MAX MIN AVG DEP HDD CDD WTR SNW DPTH SPD SPD DIR MIN PSBL S-S WX SPD DR
================================================================================
1 42 21 32 -5 33 0 0.00 M M 11.5 24 10 M M 4 35 350
2 55 15 35 -2 30 0 0.00 M M 5.1 22 30 M M 2 18 33 30
3 62 16 39 2 26 0 0.00 M M 3.5 13 320 M M 0 18 16 330
4 65 18 42 5 23 0 0.00 M M 1.7 12 310 M M 0 18 14 310
5 68 16 42 5 23 0 0.00 M M 5.4 20 220 M M 0 18 29 250
6 65 24 45 8 20 0 0.00 M M 12.2 31 220 M M 0 18 39 200
7 41 28 35 -3 30 0 0.06 M M 4.8 18 260 M M 9 18 23 270
8 44 22 33 -5 32 0 T M M 4.9 17 200 M M 8 1 20 200
9 51 23 37 -1 28 0 T M M 1.9 12 250 M M 8 18 15 240
10 61 18 40 2 25 0 0.00 M M 3.0 9 50 M M 1 128 16 70
11 64 17 41 3 24 0 0.00 M M 2.6 15 320 M M 0 1 19 320
12 62 18 40 2 25 0 0.00 M M 6.0 16 20 M M 0 20 20
13 61 13 37 -1 28 0 T M M 10.4 28 210 M M 2 18 35 220
14 41 28 35 -3 30 0 0.07 M M 8.1 22 260 M M 9 1 30 260
15 42 26 34 -4 31 0 0.22 M M 6.8 26 180 M M 10 18 36 170
16 48 27 38 0 27 0 0.28 M M 6.6 16 10 M M 4 12 23 10
17 37 28 33 -6 32 0 0.47 M M 10.6 22 270 M M 9 12 27 270
18 38 17 28 -11 37 0 0.75 M M 2.6 14 170 M M 8 12 16 160
19 38 12 25 -14 40 0 0.00 M M 1.1 6 190 M M 5 12 7 150
20 50 8 29 -10 36 0 0.00 M M 1.2 9 60 M M 5 12 11 60
21 53 19 36 -3 29 0 T M M 1.6 15 10 M M 2 18 18 10
22 55 20 38 -1 27 0 0.00 M M 1.7 10 190 M M 1 18 16 200
23 52 27 40 1 25 0 0.02 M M 9.3 31 260 M M 6 18 41 240
24 44 29 37 -2 28 0 0.12 M M 8.3 26 250 M M 8 1 32 250
25 40 22 31 -8 34 0 0.10 M M 3.4 15 250 M M 7 1 19 250
26 44 17 31 -8 34 0 0.00 M M 3.0 14 290 M M 1 18 18 320
27 47 18 33 -7 32 0 0.00 M M 5.9 20 240 M M 7 18 24 290
28 48 33 41 1 24 0 T M M 5.7 15 260 M M 10 21 250
29 50 33 42 2 23 0 0.01 M M 7.8 20 250 M M 8 25 280
30 51 36 44 4 21 0 T M M 13.6 28 240 M M 10 36 240
31 54 42 48 8 17 0 T M M 15.0 35 240 M M 10 44 250
================================================================================
SM 1573 691 874 0 2.10 M 185.3 M 154
================================================================================
AV 50.7 22.3 6.0 FASTST M M 5 MAX(MPH)
MISC ----> # 35 240 # 44 250
================================================================================
NOTES:
# LAST OF SEVERAL OCCURRENCES
COLUMN 17 PEAK WIND IN M.P.H.
PRELIMINARY LOCAL CLIMATOLOGICAL DATA (WS FORM: F-6) , PAGE 2
STATION: ALTURAS CA
MONTH: MARCH
YEAR: 2020
LATITUDE: 41 29 N
LONGITUDE: 120 34 W
[TEMPERATURE DATA] [PRECIPITATION DATA] SYMBOLS USED IN COLUMN 16
AVERAGE MONTHLY: 36.5 TOTAL FOR MONTH: 2.10 1 = FOG OR MIST
DPTR FM NORMAL: -1.9 DPTR FM NORMAL: 0.58 2 = FOG REDUCING VISIBILITY
HIGHEST: 68 ON 5 GRTST 24HR 0.75 ON 18-18 TO 1/4 MILE OR LESS
LOWEST: 8 ON 20 3 = THUNDER
SNOW, ICE PELLETS, HAIL 4 = ICE PELLETS
TOTAL MONTH: M 5 = HAIL
GRTST 24HR M ON M 6 = FREEZING RAIN OR DRIZZLE
GRTST DEPTH: M ON M 7 = DUSTSTORM OR SANDSTORM:
VSBY 1/2 MILE OR LESS
8 = SMOKE OR HAZE
[NO. OF DAYS WITH] [WEATHER - DAYS WITH] 9 = BLOWING SNOW
X = TORNADO
MAX 32 OR BELOW: 0 0.01 INCH OR MORE: 10
MAX 90 OR ABOVE: 0 0.10 INCH OR MORE: 6
MIN 32 OR BELOW: 27 0.50 INCH OR MORE: 1
MIN 0 OR BELOW: 0 1.00 INCH OR MORE: 0
[HDD (BASE 65) ]
TOTAL THIS MO. 874 CLEAR (SCALE 0-3) 12
DPTR FM NORMAL 49 PTCLDY (SCALE 4-7) 12
TOTAL FM JUL 1 5456 CLOUDY (SCALE 8-10) 7
DPTR FM NORMAL -236
[CDD (BASE 65) ]
TOTAL THIS MO. 0
DPTR FM NORMAL 0 [PRESSURE DATA]
TOTAL FM JAN 1 0 HIGHEST SLP M ON M
DPTR FM NORMAL 0 LOWEST SLP 29.54 ON 13
[REMARKS]
#FINAL-03-20#