000
CXUS55 KABQ 011010
CF6ABQ
PRELIMINARY LOCAL CLIMATOLOGICAL DATA (WS FORM: F-6)
STATION: ALBUQUERQUE NM
MONTH: JUNE
YEAR: 2023
LATITUDE: 35 2 N
LONGITUDE: 106 37 W
TEMPERATURE IN F: :PCPN: SNOW: WIND :SUNSHINE: SKY :PK WND
================================================================================
1 2 3 4 5 6A 6B 7 8 9 10 11 12 13 14 15 16 17 18
12Z AVG MX 2MIN
DY MAX MIN AVG DEP HDD CDD WTR SNW DPTH SPD SPD DIR MIN PSBL S-S WX SPD DR
================================================================================
1 80 57 69 -3 0 4 0.00 0.0 0 10.3 23 180 M M 5 32 220
2 77 57 67 -5 0 2 T 0.0 0 7.8 31 350 M M 7 41 350
3 81 51 66 -7 0 1 T 0.0 0 6.5 35 270 M M 4 3 47 280
4 85 57 71 -2 0 6 T 0.0 0 10.4 32 80 M M 4 43 90
5 85 61 73 -1 0 8 T 0.0 0 16.7 33 90 M M 5 3 42 80
6 83 59 71 -3 0 6 T 0.0 0 10.9 35 270 M M 8 3 47 260
7 83 55 69 -5 0 4 0.00 0.0 0 7.1 23 220 M M 6 38 29 210
8 86 58 72 -2 0 7 0.00 0.0 0 5.9 14 280 M M 2 21 220
9 84 60 72 -3 0 7 0.00 0.0 0 7.3 20 250 M M 7 29 250
10 87 54 71 -4 0 6 0.00 0.0 0 6.9 14 190 M M 3 22 220
11 88 57 73 -2 0 8 0.00 0.0 0 11.5 33 170 M M 5 42 190
12 83 58 71 -5 0 6 0.00 0.0 0 8.3 22 290 M M 2 35 130
13 83 52 68 -8 0 3 0.00 0.0 0 8.9 23 270 M M 2 8 37 260
14 87 55 71 -5 0 6 0.00 0.0 0 6.6 18 220 M M 2 26 240
15 88 58 73 -3 0 8 0.00 0.0 0 10.6 26 230 M M 1 38 230
16 88 56 72 -5 0 7 0.00 0.0 0 9.4 32 270 M M 3 8 54 280
17 87 55 71 -6 0 6 0.00 0.0 0 11.6 32 290 M M 2 47 290
18 93 56 75 -2 0 10 0.00 0.0 0 10.8 30 280 M M 2 40 260
19 95 61 78 1 0 13 0.00 0.0 0 10.6 25 270 M M 2 34 270
20 94 69 82 4 0 17 T 0.0 0 7.0 20 240 M M 6 28 180
21 94 59 77 -1 0 12 T 0.0 0 6.2 38 220 M M 4 57 160
22 95 66 81 3 0 16 0.00 0.0 0 8.0 21 220 M M 4 30 190
23 97 70 84 6 0 19 0.00 0.0 0 12.2 36 240 M M 4 51 240
24 96 57 77 -1 0 12 0.00 0.0 0 7.6 23 270 M M 0 30 270
25 96 60 78 0 0 13 T 0.0 0 6.9 25 220 M M 3 35 230
26 98 68 83 5 0 18 0.00 0.0 0 8.8 33 290 M M 4 57 290
27 96 72 84 6 0 19 T 0.0 0 9.7 24 170 M M 7 3 39 310
28 96 68 82 3 0 17 T 0.0 0 6.6 26 130 M M 6 3 44 200
29 94 73 84 5 0 19 T 0.0 0 8.2 35 240 M M 6 3 54 280
30 94 67 81 2 0 16 T 0.0 0 5.6 16 190 M M 3 3 26 200
================================================================================
SM 2673 1806 0 296 T 0.0 264.9 M 119
================================================================================
AV 89.1 60.2 8.8 FASTST M M 4 MAX(MPH)
MISC ----> 38 220 # 57 160
================================================================================
NOTES:
# LAST OF SEVERAL OCCURRENCES
COLUMN 17 PEAK WIND IN M.P.H.
PRELIMINARY LOCAL CLIMATOLOGICAL DATA (WS FORM: F-6) , PAGE 2
STATION: ALBUQUERQUE NM
MONTH: JUNE
YEAR: 2023
LATITUDE: 35 2 N
LONGITUDE: 106 37 W
[TEMPERATURE DATA] [PRECIPITATION DATA] SYMBOLS USED IN COLUMN 16
AVERAGE MONTHLY: 74.7 TOTAL FOR MONTH: T 1 = FOG OR MIST
DPTR FM NORMAL: -1.4 DPTR FM NORMAL: -0.57 2 = FOG REDUCING VISIBILITY
HIGHEST: 98 ON 26 GRTST 24HR T ON 2- 2 TO 1/4 MILE OR LESS
LOWEST: 51 ON 3 3 = THUNDER
SNOW, ICE PELLETS, HAIL 4 = ICE PELLETS
TOTAL MONTH: 0.0 INCH 5 = HAIL
GRTST 24HR 0.0 6 = FREEZING RAIN OR DRIZZLE
GRTST DEPTH: 0 7 = DUSTSTORM OR SANDSTORM:
VSBY 1/2 MILE OR LESS
8 = SMOKE OR HAZE
[NO. OF DAYS WITH] [WEATHER - DAYS WITH] 9 = BLOWING SNOW
X = TORNADO
MAX 32 OR BELOW: 0 0.01 INCH OR MORE: 0
MAX 90 OR ABOVE: 13 0.10 INCH OR MORE: 0
MIN 32 OR BELOW: 0 0.50 INCH OR MORE: 0
MIN 0 OR BELOW: 0 1.00 INCH OR MORE: 0
[HDD (BASE 65) ]
TOTAL THIS MO. 0 CLEAR (SCALE 0-3) 12
DPTR FM NORMAL -2 PTCLDY (SCALE 4-7) 18
TOTAL FM JUL 1 4132 CLOUDY (SCALE 8-10) 0
DPTR FM NORMAL 136
[CDD (BASE 65) ]
TOTAL THIS MO. 296
DPTR FM NORMAL -40 [PRESSURE DATA]
TOTAL FM JAN 1 387 HIGHEST SLP M ON M
DPTR FM NORMAL -61 LOWEST SLP 29.59 ON 14
[REMARKS]
#FINAL-06-23#