000
CXUS55 KABQ 190127
CF6ABQ
PRELIMINARY LOCAL CLIMATOLOGICAL DATA (WS FORM: F-6)
STATION: ALBUQUERQUE NM
MONTH: FEBRUARY
YEAR: 2021
LATITUDE: 35 2 N
LONGITUDE: 106 37 W
TEMPERATURE IN F: :PCPN: SNOW: WIND :SUNSHINE: SKY :PK WND
================================================================================
1 2 3 4 5 6A 6B 7 8 9 10 11 12 13 14 15 16 17 18
12Z AVG MX 2MIN
DY MAX MIN AVG DEP HDD CDD WTR SNW DPTH SPD SPD DIR MIN PSBL S-S WX SPD DR
================================================================================
1 51 30 41 2 24 0 0.00 0.0 0 5.2 14 190 M M 7 19 200
2 64 35 50 10 15 0 0.00 0.0 0 2.5 9 60 M M 7 11 240
3 62 41 52 12 13 0 0.00 0.0 0 9.8 22 270 M M 8 30 220
4 52 36 44 4 21 0 0.00 0.0 0 13.6 25 250 M M 3 33 260
5 53 31 42 2 23 0 0.00 0.0 0 9.2 20 360 M M 1 29 360
6 53 31 42 2 23 0 0.00 0.0 0 7.9 20 310 M M 0 27 340
7 62 28 45 5 20 0 0.00 0.0 0 4.6 14 300 M M 1 21 310
8 67 28 48 8 17 0 0.00 0.0 0 9.1 22 260 M M 4 31 290
9 63 37 50 9 15 0 0.00 0.0 0 9.5 23 250 M M 7 32 260
10 58 40 49 8 16 0 0.00 0.0 0 7.1 22 220 M M 8 29 210
11 59 31 45 4 20 0 0.00 0.0 0 3.8 15 280 M M 2 21 250
12 57 35 46 5 19 0 0.00 0.0 0 9.2 24 180 M M 7 35 170
13 56 20 38 -4 27 0 0.03 0.2 0 14.4 38 80 M M 6 138 45 80
14 20 7 14 -28 51 0 0.15 1.9 1 25.5 46 80 M M 10 1289 62 90
15 27 10 19 -23 46 0 T T T 5.4 14 160 M M 9 18 20 200
16 40 23 32 -10 33 0 0.16 1.7 T 7.6 17 330 M M 9 125 24 340
17 38 24 31 -11 34 0 0.02 0.5 T 5.8 18 340 M M 6 1 24 350
18 40 23 32 -11 33 0 0.06 2.2 1 5.4 16 320 M M 6 12 22 340
19 46 21 34 -9 31 0 0.00 0.0 0 2.5 9 160 M M 0 13 170
20 65 27 46 3 19 0 0.00 0.0 0 12.6 37 240 M M 1 8 47 250
21 47 34 41 -2 24 0 0.00 0.0 0 14.6 29 310 M M 1 38 320
22 57 28 43 -1 22 0 0.00 0.0 0 9.2 22 310 M M 0 30 320
23 62 27 45 1 20 0 0.00 0.0 0 4.3 16 270 M M 3 25 270
24 62 28 45 1 20 0 0.00 0.0 0 7.7 25 260 M M 3 37 290
25 53 33 43 -1 22 0 0.00 0.0 0 13.9 36 80 M M 3 43 90
26 56 25 41 -4 24 0 0.00 0.0 0 5.6 16 250 M M 3 24 270
27 59 28 44 -1 21 0 0.00 0.0 0 12.0 32 280 M M 2 40 280
28 48 24 36 -9 29 0 0.00 0.0 0 7.9 29 90 M M 4 38 90
================================================================================
SM 1477 785 682 0 0.42 6.5 245.9 M 121
================================================================================
AV 52.8 28.0 8.8 FASTST M M 4 MAX(MPH)
MISC ----> 46 80 62 90
================================================================================
NOTES:
# LAST OF SEVERAL OCCURRENCES
COLUMN 17 PEAK WIND IN M.P.H.
PRELIMINARY LOCAL CLIMATOLOGICAL DATA (WS FORM: F-6) , PAGE 2
STATION: ALBUQUERQUE NM
MONTH: FEBRUARY
YEAR: 2021
LATITUDE: 35 2 N
LONGITUDE: 106 37 W
[TEMPERATURE DATA] [PRECIPITATION DATA] SYMBOLS USED IN COLUMN 16
AVERAGE MONTHLY: 40.4 TOTAL FOR MONTH: 0.42 1 = FOG OR MIST
DPTR FM NORMAL: -1.5 DPTR FM NORMAL: -0.01 2 = FOG REDUCING VISIBILITY
HIGHEST: 67 ON 8 GRTST 24HR 0.18 ON 13-14 TO 1/4 MILE OR LESS
LOWEST: 7 ON 14 3 = THUNDER
SNOW, ICE PELLETS, HAIL 4 = ICE PELLETS
TOTAL MONTH: 6.5 INCHES 5 = HAIL
GRTST 24HR 2.2 ON 18-18 6 = FREEZING RAIN OR DRIZZLE
GRTST DEPTH: 1 ON 18,14 7 = DUSTSTORM OR SANDSTORM:
VSBY 1/2 MILE OR LESS
8 = SMOKE OR HAZE
[NO. OF DAYS WITH] [WEATHER - DAYS WITH] 9 = BLOWING SNOW
X = TORNADO
MAX 32 OR BELOW: 2 0.01 INCH OR MORE: 5
MAX 90 OR ABOVE: 0 0.10 INCH OR MORE: 2
MIN 32 OR BELOW: 20 0.50 INCH OR MORE: 0
MIN 0 OR BELOW: 0 1.00 INCH OR MORE: 0
[HDD (BASE 65) ]
TOTAL THIS MO. 682 CLEAR (SCALE 0-3) 13
DPTR FM NORMAL 37 PTCLDY (SCALE 4-7) 12
TOTAL FM JUL 1 3150 CLOUDY (SCALE 8-10) 3
DPTR FM NORMAL -41
[CDD (BASE 65) ]
TOTAL THIS MO. 0
DPTR FM NORMAL 0 [PRESSURE DATA]
TOTAL FM JAN 1 0 HIGHEST SLP 30.43 ON 1
DPTR FM NORMAL 0 LOWEST SLP 29.43 ON 13
[REMARKS]
#FINAL-02-21#