000
CXUS55 KABQ 032215
CF6ABQ
PRELIMINARY LOCAL CLIMATOLOGICAL DATA (WS FORM: F-6)
STATION: ALBUQUERQUE NM
MONTH: AUGUST
YEAR: 2023
LATITUDE: 35 2 N
LONGITUDE: 106 37 W
TEMPERATURE IN F: :PCPN: SNOW: WIND :SUNSHINE: SKY :PK WND
================================================================================
1 2 3 4 5 6A 6B 7 8 9 10 11 12 13 14 15 16 17 18
12Z AVG MX 2MIN
DY MAX MIN AVG DEP HDD CDD WTR SNW DPTH SPD SPD DIR MIN PSBL S-S WX SPD DR
================================================================================
1 93 70 82 4 0 17 T 0.0 0 6.1 30 270 M M 7 42 270
2 96 68 82 4 0 17 0.00 0.0 0 6.4 30 260 M M 4 3 40 250
3 95 67 81 3 0 16 0.00 0.0 0 5.0 16 340 M M 4 21 330
4 99 72 86 8 0 21 T 0.0 0 5.1 15 220 M M 4 29 230
5 102 69 86 8 0 21 0.00 0.0 0 5.4 24 280 M M 4 30 240
6 101 71 86 8 0 21 0.00 0.0 0 9.5 30 280 M M 5 8 41 270
7 93 64 79 1 0 14 0.07 0.0 0 10.5 32 160 M M 7 378 42 210
8 90 63 77 -1 0 12 0.35 0.0 0 10.2 24 70 M M 7 3 32 170
9 95 63 79 1 0 14 0.00 0.0 0 8.5 25 250 M M 6 37 250
10 91 63 77 -1 0 12 T 0.0 0 8.1 31 190 M M 5 3 41 200
11 94 66 80 2 0 15 T 0.0 0 7.2 24 250 M M 6 32 260
12 88 65 77 0 0 12 0.00 0.0 0 7.1 16 270 M M 6 22 270
13 90 66 78 1 0 13 0.00 0.0 0 7.3 28 90 M M 7 39 90
14 85 67 76 -1 0 11 T 0.0 0 17.9 32 80 M M 7 42 90
15 91 67 79 2 0 14 0.00 0.0 0 6.1 14 220 M M 3 20 240
16 94 68 81 4 0 16 0.00 0.0 0 7.1 28 10 M M 4 37 10
17 95 70 83 6 0 18 T 0.0 0 8.1 33 170 M M 5 38 47 160
18 96 68 82 5 0 17 T 0.0 0 6.0 25 280 M M 4 34 290
19 96 68 82 5 0 17 0.00 0.0 0 11.6 29 120 M M 5 38 140
20 96 73 85 8 0 20 0.00 0.0 0 17.7 32 110 M M 3 44 130
21 93 73 83 7 0 18 0.00 0.0 0 13.8 35 130 M M 4 3 45 130
22 93 67 80 4 0 15 T 0.0 0 12.5 29 90 M M 5 3 39 140
23 84 65 75 -1 0 10 0.02 0.0 0 11.3 31 100 M M 7 41 100
24 84 63 74 -2 0 9 0.04 0.0 0 7.6 16 220 M M 6 1 22 190
25 89 65 77 1 0 12 0.20 0.0 0 8.1 29 150 M M 6 3 39 160
26 87 65 76 0 0 11 T 0.0 0 7.5 26 240 M M 8 36 250
27 91 67 79 3 0 14 0.00 0.0 0 6.0 17 250 M M 6 22 240
28 93 71 82 7 0 17 0.01 0.0 0 16.8 35 90 M M 4 3 47 90
29 90 67 79 4 0 14 0.00 0.0 0 13.0 26 100 M M 2 8 38 120
30 93 66 80 5 0 15 0.00 0.0 0 5.8 14 110 M M 2 17 120
31 96 69 83 8 0 18 0.00 0.0 0 6.9 13 190 M M 3 19 180
================================================================================
SM 2873 2086 0 471 0.69 0.0 280.2 M 156
================================================================================
AV 92.7 67.3 9.0 FASTST M M 5 MAX(MPH)
MISC ----> # 35 130 # 47 160
================================================================================
NOTES:
# LAST OF SEVERAL OCCURRENCES
COLUMN 17 PEAK WIND IN M.P.H.
PRELIMINARY LOCAL CLIMATOLOGICAL DATA (WS FORM: F-6) , PAGE 2
STATION: ALBUQUERQUE NM
MONTH: AUGUST
YEAR: 2023
LATITUDE: 35 2 N
LONGITUDE: 106 37 W
[TEMPERATURE DATA] [PRECIPITATION DATA] SYMBOLS USED IN COLUMN 16
AVERAGE MONTHLY: 80.0 TOTAL FOR MONTH: 0.69 1 = FOG OR MIST
DPTR FM NORMAL: 3.1 DPTR FM NORMAL: -0.62 2 = FOG REDUCING VISIBILITY
HIGHEST: 102 ON 5 GRTST 24HR 0.35 ON 8- 8 TO 1/4 MILE OR LESS
LOWEST: 63 ON 24,10 3 = THUNDER
SNOW, ICE PELLETS, HAIL 4 = ICE PELLETS
TOTAL MONTH: 0.0 INCH 5 = HAIL
GRTST 24HR 0.0 6 = FREEZING RAIN OR DRIZZLE
GRTST DEPTH: 0 7 = DUSTSTORM OR SANDSTORM:
VSBY 1/2 MILE OR LESS
8 = SMOKE OR HAZE
[NO. OF DAYS WITH] [WEATHER - DAYS WITH] 9 = BLOWING SNOW
X = TORNADO
MAX 32 OR BELOW: 0 0.01 INCH OR MORE: 6
MAX 90 OR ABOVE: 25 0.10 INCH OR MORE: 2
MIN 32 OR BELOW: 0 0.50 INCH OR MORE: 0
MIN 0 OR BELOW: 0 1.00 INCH OR MORE: 0
[HDD (BASE 65) ]
TOTAL THIS MO. 0 CLEAR (SCALE 0-3) 5
DPTR FM NORMAL 0 PTCLDY (SCALE 4-7) 26
TOTAL FM JUL 1 0 CLOUDY (SCALE 8-10) 0
DPTR FM NORMAL 0
[CDD (BASE 65) ]
TOTAL THIS MO. 471
DPTR FM NORMAL 104 [PRESSURE DATA]
TOTAL FM JAN 1 1507 HIGHEST SLP 30.21 ON 15
DPTR FM NORMAL 263 LOWEST SLP 29.73 ON 31
[REMARKS]
#FINAL-08-23#