000
CXUS54 KFWD 262208
CF6ACT
PRELIMINARY LOCAL CLIMATOLOGICAL DATA (WS FORM: F-6)
STATION: WACO
MONTH: JUNE
YEAR: 2023
LATITUDE: 31 37 N
LONGITUDE: 97 13 W
TEMPERATURE IN F: :PCPN: SNOW: WIND :SUNSHINE: SKY :PK WND
================================================================================
1 2 3 4 5 6A 6B 7 8 9 10 11 12 13 14 15 16 17 18
12Z AVG MX 2MIN
DY MAX MIN AVG DEP HDD CDD WTR SNW DPTH SPD SPD DIR MIN PSBL S-S WX SPD DR
================================================================================
1 88 68 78 -1 0 13 0.00 0.0 0 8.7 15 160 M M 2 23 150
2 90 68 79 0 0 14 0.00 0.0 0 8.0 16 160 M M 1 23 170
3 91 66 79 -1 0 14 0.01 0.0 0 6.0 17 20 M M 3 3 27 70
4 83 64 74 -6 0 9 0.00 0.0 0 7.2 16 20 M M 1 3 22 320
5 86 66 76 -4 0 11 T 0.0 0 6.9 14 10 M M 2 3 19 10
6 89 65 77 -3 0 12 0.00 0.0 0 4.3 16 350 M M 1 13 20 350
7 90 64 77 -3 0 12 0.00 0.0 0 3.7 15 80 M M 1 24 60
8 91 66 79 -2 0 14 0.29 0.0 0 4.9 21 100 M M 2 13 27 100
9 94 66 80 -1 0 15 0.00 0.0 0 6.3 14 150 M M 0 1 21 180
10 100 70 85 4 0 20 T 0.0 0 12.9 44 10 M M 1 3 59 10
11 97 66 82 1 0 17 T 0.0 0 12.2 43 30 M M 1 13 56 40
12 91 67 79 -3 0 14 0.00 0.0 0 8.1 15 130 M M 5 21 40
13 89 75 82 0 0 17 T 0.0 0 7.9 17 180 M M 6 18 23 180
14 93 78 86 4 0 21 0.00 0.0 0 10.1 18 180 M M 5 18 27 180
15 95 74 85 3 0 20 0.00 0.0 0 9.9 18 180 M M 3 18 25 180
16 99 70 85 3 0 20 0.10 0.0 0 14.2 40 50 M M 5 138 59 70
17 93 68 81 -1 0 16 T 0.0 0 6.0 18 120 M M 3 1 22 120
18 97 77 87 5 0 22 T 0.0 0 10.0 21 190 M M 3 29 200
19 98 77 88 5 0 23 0.00 0.0 0 10.4 20 160 M M 1 24 160
20 98 78 88 5 0 23 0.00 0.0 0 11.2 20 180 M M 2 24 170
21 95 73 84 1 0 19 T 0.0 0 10.2 28 60 M M 4 3 36 60
22 90 72 81 -2 0 16 0.00 0.0 0 7.1 22 190 M M 1 28 180
23 96 73 85 2 0 20 T 0.0 0 9.7 20 160 M M 3 1 28 160
24 98 76 87 4 0 22 0.00 0.0 0 15.4 23 180 M M 0 30 180
25 100 75 88 5 0 23 0.00 0.0 0 14.5 24 180 M M 0 30 210
26 100 77 89 5 0 24 0.00 0.0 0 12.9 20 180 M M 0 27 170
27 100 76 88 4 0 23 0.00 0.0 0 13.5 18 180 M M 0 26 160
28 100 74 87 3 0 22 0.00 0.0 0 13.2 18 190 M M 0 25 190
29 99 77 88 4 0 23 0.00 0.0 0 12.8 20 170 M M 0 27 150
30 97 73 85 1 0 20 0.00 0.0 0 13.7 22 140 M M 0 29 130
================================================================================
SM 2827 2139 0 539 0.40 0.0 291.9 M 56
================================================================================
AV 94.2 71.3 9.7 FASTST M M 2 MAX(MPH)
MISC ----> 44 10 # 59 10
================================================================================
NOTES:
# LAST OF SEVERAL OCCURRENCES
COLUMN 17 PEAK WIND IN M.P.H.
PRELIMINARY LOCAL CLIMATOLOGICAL DATA (WS FORM: F-6) , PAGE 2
STATION: WACO
MONTH: JUNE
YEAR: 2023
LATITUDE: 31 37 N
LONGITUDE: 97 13 W
[TEMPERATURE DATA] [PRECIPITATION DATA] SYMBOLS USED IN COLUMN 16
AVERAGE MONTHLY: 82.8 TOTAL FOR MONTH: 0.40 1 = FOG OR MIST
DPTR FM NORMAL: 0.9 DPTR FM NORMAL: -2.95 2 = FOG REDUCING VISIBILITY
HIGHEST: 100 ON 28,27 GRTST 24HR 0.29 ON 8- 8 TO 1/4 MILE OR LESS
LOWEST: 64 ON 7, 4 3 = THUNDER
SNOW, ICE PELLETS, HAIL 4 = ICE PELLETS
TOTAL MONTH: 0.0 INCH 5 = HAIL
GRTST 24HR 0.0 6 = FREEZING RAIN OR DRIZZLE
GRTST DEPTH: 0 7 = DUSTSTORM OR SANDSTORM:
VSBY 1/2 MILE OR LESS
8 = SMOKE OR HAZE
[NO. OF DAYS WITH] [WEATHER - DAYS WITH] 9 = BLOWING SNOW
X = TORNADO
MAX 32 OR BELOW: 0 0.01 INCH OR MORE: 3
MAX 90 OR ABOVE: 25 0.10 INCH OR MORE: 2
MIN 32 OR BELOW: 0 0.50 INCH OR MORE: 0
MIN 0 OR BELOW: 0 1.00 INCH OR MORE: 0
[HDD (BASE 65) ]
TOTAL THIS MO. 0 CLEAR (SCALE 0-3) 24
DPTR FM NORMAL 0 PTCLDY (SCALE 4-7) 6
TOTAL FM JUL 1 2011 CLOUDY (SCALE 8-10) 0
DPTR FM NORMAL -68
[CDD (BASE 65) ]
TOTAL THIS MO. 539
DPTR FM NORMAL 32 [PRESSURE DATA]
TOTAL FM JAN 1 906 HIGHEST SLP 29.99 ON 30
DPTR FM NORMAL -63 LOWEST SLP 29.58 ON 10
[REMARKS]
#FINAL-06-23#