000
CXUS54 KFWD 010831
CF6ACT
PRELIMINARY LOCAL CLIMATOLOGICAL DATA (WS FORM: F-6)
STATION: WACO
MONTH: FEBRUARY
YEAR: 2024
LATITUDE: 31 37 N
LONGITUDE: 97 13 W
TEMPERATURE IN F: :PCPN: SNOW: WIND :SUNSHINE: SKY :PK WND
================================================================================
1 2 3 4 5 6A 6B 7 8 9 10 11 12 13 14 15 16 17 18
12Z AVG MX 2MIN
DY MAX MIN AVG DEP HDD CDD WTR SNW DPTH SPD SPD DIR MIN PSBL S-S WX SPD DR
================================================================================
1 73 43 58 9 7 0 0.00 0.0 0 10.1 21 190 M M 1 27 190
2 66 54 60 11 5 0 0.42 0.0 0 10.8 32 130 M M 9 13 46 290
3 71 43 57 8 8 0 0.01 0.0 0 5.9 17 250 M M 3 13 24 250
4 67 44 56 6 9 0 0.00 0.0 0 13.2 24 320 M M 4 33 300
5 63 46 55 5 10 0 0.00 0.0 0 12.9 26 340 M M 5 34 350
6 67 33 50 0 15 0 0.00 0.0 0 3.5 9 130 M M 0 1 12 190
7 68 43 56 6 9 0 0.00 0.0 0 11.9 23 180 M M 1 30 160
8 70 52 61 11 4 0 0.00 0.0 0 6.0 14 220 M M 4 18 210
9 74 50 62 12 3 0 0.00 0.0 0 6.2 18 200 M M 4 1 24 200
10 64 53 59 8 6 0 0.55 0.0 0 8.4 17 70 M M 10 13 25 360
11 56 42 49 -2 16 0 0.58 0.0 0 12.6 23 310 M M 10 13 33 310
12 59 33 46 -5 19 0 0.00 0.0 0 13.0 24 310 M M 4 32 290
13 64 30 47 -4 18 0 0.00 0.0 0 5.9 10 160 M M 0 M M
14 67 40 54 3 11 0 0.00 0.0 0 10.6 18 190 M M 2 23 190
15 70 52 61 9 4 0 0.00 0.0 0 9.2 15 220 M M 2 20 240
16 75 48 62 10 3 0 0.00 0.0 0 13.9 24 340 M M 0 32 340
17 48 34 41 -11 24 0 0.00 0.0 0 16.5 26 10 M M 3 34 10
18 54 25 40 -12 25 0 0.00 0.0 0 5.8 15 340 M M 1 22 340
19 68 30 49 -3 16 0 0.00 0.0 0 10.0 22 180 M M 0 28 200
20 79 42 61 8 4 0 0.00 0.0 0 10.1 18 180 M M 0 26 180
21 77 58 68 15 0 3 0.00 0.0 0 16.3 26 190 M M 3 34 190
22 85 61 73 20 0 8 0.00 0.0 0 12.2 25 190 M M 3 32 180
23 74 49 62 9 3 0 0.00 0.0 0 8.3 21 20 M M 0 25 330
24 78 37 58 4 7 0 0.00 0.0 0 7.2 17 200 M M 0 27 200
25 83 49 66 12 0 1 0.00 0.0 0 11.9 22 200 M M 0 29 200
26 87 55 71 17 0 6 0.00 0.0 0 12.4 21 180 M M 0 1 28 170
27 77 65 71 17 0 6 0.00 0.0 0 12.5 20 180 M M 5 18 25 200
28 71 44 58 4 7 0 T 0.0 0 15.7 32 340 M M 2 8 46 350
29 56 41 49 -6 16 0 0.04 0.0 0 8.1 16 60 M M 8 3 21 70
================================================================================
SM 2011 1296 249 24 1.60 0.0 301.1 M 84
================================================================================
AV 69.3 44.7 10.4 FASTST M M 3 MAX(MPH)
MISC ----> # 32 130 # 46 290
================================================================================
NOTES:
# LAST OF SEVERAL OCCURRENCES
COLUMN 17 PEAK WIND IN M.P.H.
PRELIMINARY LOCAL CLIMATOLOGICAL DATA (WS FORM: F-6) , PAGE 2
STATION: WACO
MONTH: FEBRUARY
YEAR: 2024
LATITUDE: 31 37 N
LONGITUDE: 97 13 W
[TEMPERATURE DATA] [PRECIPITATION DATA] SYMBOLS USED IN COLUMN 16
AVERAGE MONTHLY: 57.0 TOTAL FOR MONTH: 1.60 1 = FOG OR MIST
DPTR FM NORMAL: 5.4 DPTR FM NORMAL: -1.08 2 = FOG REDUCING VISIBILITY
HIGHEST: 87 ON 26 GRTST 24HR 1.07 ON 10-11 TO 1/4 MILE OR LESS
LOWEST: 25 ON 18 3 = THUNDER
SNOW, ICE PELLETS, HAIL 4 = ICE PELLETS
TOTAL MONTH: 0.0 INCH 5 = HAIL
GRTST 24HR 0.0 6 = FREEZING RAIN OR DRIZZLE
GRTST DEPTH: 0 7 = DUSTSTORM OR SANDSTORM:
VSBY 1/2 MILE OR LESS
8 = SMOKE OR HAZE
[NO. OF DAYS WITH] [WEATHER - DAYS WITH] 9 = BLOWING SNOW
X = TORNADO
MAX 32 OR BELOW: 0 0.01 INCH OR MORE: 5
MAX 90 OR ABOVE: 0 0.10 INCH OR MORE: 3
MIN 32 OR BELOW: 3 0.50 INCH OR MORE: 2
MIN 0 OR BELOW: 0 1.00 INCH OR MORE: 0
[HDD (BASE 65) ]
TOTAL THIS MO. 249 CLEAR (SCALE 0-3) 18
DPTR FM NORMAL -136 PTCLDY (SCALE 4-7) 8
TOTAL FM JUL 1 1652 CLOUDY (SCALE 8-10) 3
DPTR FM NORMAL -136
[CDD (BASE 65) ]
TOTAL THIS MO. 24
DPTR FM NORMAL 14 [PRESSURE DATA]
TOTAL FM JAN 1 24 HIGHEST SLP 30.41 ON 29
DPTR FM NORMAL 11 LOWEST SLP 29.47 ON 4
[REMARKS]
#FINAL-02-24#