000
CXUS54 KFWD 120320
CF6ACT
PRELIMINARY LOCAL CLIMATOLOGICAL DATA (WS FORM: F-6)
STATION: WACO
MONTH: FEBRUARY
YEAR: 2022
LATITUDE: 31 37 N
LONGITUDE: 97 13 W
TEMPERATURE IN F: :PCPN: SNOW: WIND :SUNSHINE: SKY :PK WND
================================================================================
1 2 3 4 5 6A 6B 7 8 9 10 11 12 13 14 15 16 17 18
12Z AVG MX 2MIN
DY MAX MIN AVG DEP HDD CDD WTR SNW DPTH SPD SPD DIR MIN PSBL S-S WX SPD DR
================================================================================
1 71 49 60 11 5 0 0.00 0.0 0 6.6 15 160 M M 7 1 19 170
2 56 35 46 -3 19 0 1.25 T 0 13.3 28 340 M M 8 14 40 340
3 35 20 28 -21 37 0 0.31 0.2 T 17.3 28 350 M M 10 146 38 340
4 39 20 30 -20 35 0 0.00 0.0 T 12.6 24 350 M M 7 31 360
5 49 17 33 -17 32 0 0.00 0.0 T 6.4 15 180 M M 0 21 180
6 57 24 41 -9 24 0 0.00 0.0 0 7.7 16 170 M M 0 22 170
7 61 26 44 -6 21 0 0.00 0.0 0 8.6 21 10 M M 0 29 10
8 68 25 47 -3 18 0 0.00 0.0 0 8.1 16 200 M M 0 22 190
9 72 30 51 1 14 0 0.00 0.0 0 6.1 16 50 M M 0 21 60
10 75 27 51 0 14 0 0.00 0.0 0 4.2 10 10 M M 0 14 10
11 78 40 59 8 6 0 0.00 0.0 0 11.1 22 210 M M 0 28 210
12 57 34 46 -5 19 0 0.00 0.0 0 16.1 33 20 M M 6 46 10
13 68 20 44 -7 21 0 0.00 0.0 0 5.1 17 280 M M 0 30 290
14 72 26 49 -2 16 0 0.00 0.0 0 9.5 21 180 M M 0 26 180
15 73 40 57 5 8 0 0.00 0.0 0 16.0 31 180 M M 0 41 170
16 69 60 65 13 0 0 0.05 0.0 0 17.4 25 180 M M 9 1 36 190
17 69 32 51 -1 14 0 0.03 0.0 0 16.8 32 340 M M 8 1 41 340
18 57 27 42 -10 23 0 0.00 0.0 0 6.4 18 350 M M 0 8 27 350
19 66 21 44 -8 21 0 0.00 0.0 0 3.8 12 160 M M 0 17 160
20 71 33 52 -1 13 0 0.00 0.0 0 11.8 23 190 M M 0 30 190
21 85 58 72 19 0 7 0.00 0.0 0 15.4 28 180 M M 5 1 39 160
22 76 43 60 7 5 0 T 0.0 0 15.2 30 190 M M 4 43 180
23 43 26 35 -18 30 0 T 0.0 0 15.7 24 10 M M 10 16 33 360
24 33 25 29 -25 36 0 T 0.0 T 11.5 18 350 M M 10 16 24 350
25 40 26 33 -21 32 0 T 0.0 0 12.8 22 350 M M 9 30 330
26 40 36 38 -16 27 0 0.07 0.0 0 9.3 15 340 M M 10 1 20 340
27 59 25 42 -12 23 0 0.00 0.0 0 9.5 18 330 M M 2 1 28 340
28 67 21 44 -10 21 0 0.00 0.0 0 4.3 10 150 M M 0 14 170
================================================================================
SM 1706 866 534 7 1.71 0.2 298.6 M 105
================================================================================
AV 60.9 30.9 10.7 FASTST M M 4 MAX(MPH)
MISC ----> 33 20 46 10
================================================================================
NOTES:
# LAST OF SEVERAL OCCURRENCES
COLUMN 17 PEAK WIND IN M.P.H.
PRELIMINARY LOCAL CLIMATOLOGICAL DATA (WS FORM: F-6) , PAGE 2
STATION: WACO
MONTH: FEBRUARY
YEAR: 2022
LATITUDE: 31 37 N
LONGITUDE: 97 13 W
[TEMPERATURE DATA] [PRECIPITATION DATA] SYMBOLS USED IN COLUMN 16
AVERAGE MONTHLY: 45.9 TOTAL FOR MONTH: 1.71 1 = FOG OR MIST
DPTR FM NORMAL: -5.7 DPTR FM NORMAL: -0.97 2 = FOG REDUCING VISIBILITY
HIGHEST: 85 ON 21 GRTST 24HR 1.56 ON 2- 3 TO 1/4 MILE OR LESS
LOWEST: 17 ON 5 3 = THUNDER
SNOW, ICE PELLETS, HAIL 4 = ICE PELLETS
TOTAL MONTH: 0.2 INCH 5 = HAIL
GRTST 24HR 0.2 ON 3- 3 6 = FREEZING RAIN OR DRIZZLE
GRTST DEPTH: T 7 = DUSTSTORM OR SANDSTORM:
VSBY 1/2 MILE OR LESS
8 = SMOKE OR HAZE
[NO. OF DAYS WITH] [WEATHER - DAYS WITH] 9 = BLOWING SNOW
X = TORNADO
MAX 32 OR BELOW: 0 0.01 INCH OR MORE: 5
MAX 90 OR ABOVE: 0 0.10 INCH OR MORE: 2
MIN 32 OR BELOW: 18 0.50 INCH OR MORE: 1
MIN 0 OR BELOW: 0 1.00 INCH OR MORE: 1
[HDD (BASE 65) ]
TOTAL THIS MO. 534 CLEAR (SCALE 0-3) 15
DPTR FM NORMAL 149 PTCLDY (SCALE 4-7) 7
TOTAL FM JUL 1 1531 CLOUDY (SCALE 8-10) 6
DPTR FM NORMAL -235
[CDD (BASE 65) ]
TOTAL THIS MO. 7
DPTR FM NORMAL -3 [PRESSURE DATA]
TOTAL FM JAN 1 7 HIGHEST SLP 30.67 ON 4
DPTR FM NORMAL 2 LOWEST SLP 29.69 ON 21
[REMARKS]
#FINAL-02-22#