000
CXUS54 KFWD 161603
CF6ACT
PRELIMINARY LOCAL CLIMATOLOGICAL DATA (WS FORM: F-6)
STATION: WACO
MONTH: JANUARY
YEAR: 2024
LATITUDE: 31 37 N
LONGITUDE: 97 13 W
TEMPERATURE IN F: :PCPN: SNOW: WIND :SUNSHINE: SKY :PK WND
================================================================================
1 2 3 4 5 6A 6B 7 8 9 10 11 12 13 14 15 16 17 18
12Z AVG MX 2MIN
DY MAX MIN AVG DEP HDD CDD WTR SNW DPTH SPD SPD DIR MIN PSBL S-S WX SPD DR
================================================================================
1 51 34 43 -4 22 0 0.00 0.0 0 10.5 20 10 M M 0 26 360
2 52 29 41 -6 24 0 1.02 0.0 0 6.8 15 10 M M 6 1 20 320
3 51 38 45 -2 20 0 0.03 0.0 0 6.5 12 10 M M 9 1 16 20
4 59 34 47 0 18 0 0.04 0.0 0 6.9 25 150 M M 7 12 36 140
5 59 43 51 4 14 0 0.24 0.0 0 4.4 21 280 M M 5 1 30 280
6 56 34 45 -2 20 0 0.00 0.0 0 6.9 14 340 M M 0 18 350
7 60 29 45 -2 20 0 0.00 0.0 0 11.3 22 140 M M 1 1 32 140
8 63 42 53 6 12 0 0.11 0.0 0 17.0 40 310 M M 9 1 60 270
9 54 28 41 -6 24 0 0.00 0.0 0 15.6 28 310 M M 0 40 280
10 68 28 48 1 17 0 0.00 0.0 0 12.3 29 220 M M 0 39 220
11 69 34 52 5 13 0 0.00 0.0 0 11.2 28 180 M M 1 12 43 170
12 64 29 47 0 18 0 0.19 0.0 0 13.0 31 310 M M 3 13 47 310
13 62 28 45 -2 20 0 0.00 0.0 0 13.8 26 350 M M 0 36 350
14 27 16 22 -25 43 0 T T 0 15.4 21 360 M M 9 1 27 350
15 24 14 19 -28 46 0 T T T 13.5 22 360 M M 8 16 29 350
16 30 14 22 -25 43 0 0.00 0.0 0 10.8 23 360 M M 0 33 350
17 45 12 29 -18 36 0 0.00 0.0 0 12.6 24 160 M M 0 30 160
18 73 36 55 8 10 0 0.00 0.0 0 10.7 17 190 M M 0 25 200
19 43 25 34 -13 31 0 0.00 0.0 0 15.2 25 10 M M 0 35 360
20 39 19 29 -19 36 0 0.00 0.0 0 7.2 14 40 M M 2 20 20
21 43 35 39 -9 26 0 0.01 0.0 0 9.9 16 140 M M 10 20 130
22 47 36 42 -6 23 0 2.07 0.0 0 5.0 13 150 M M 10 12 17 110
23 51 45 48 0 17 0 0.55 0.0 0 6.0 12 350 M M 10 123 15 40
24 53 48 51 3 14 0 0.15 0.0 0 5.9 13 30 M M 10 1 16 320
25 55 49 52 4 13 0 0.02 0.0 0 5.0 15 300 M M 10 1 19 120
26 54 48 51 3 14 0 0.12 0.0 0 6.0 14 290 M M 10 12 17 290
27 57 41 49 1 16 0 0.00 0.0 0 12.0 22 300 M M 6 1 32 320
28 65 31 48 0 17 0 0.00 0.0 0 5.6 10 220 M M 0 14 10
29 71 35 53 4 12 0 0.00 0.0 0 6.9 13 210 M M 0 16 230
30 77 37 57 8 8 0 0.00 0.0 0 5.3 12 310 M M 0 16 320
31 75 36 56 7 9 0 0.00 0.0 0 4.9 10 170 M M 0 8 13 180
================================================================================
SM 1697 1007 656 0 4.55 T 294.1 M 126
================================================================================
AV 54.7 32.5 9.5 FASTST M M 4 MAX(MPH)
MISC ----> 40 310 60 270
================================================================================
NOTES:
# LAST OF SEVERAL OCCURRENCES
COLUMN 17 PEAK WIND IN M.P.H.
PRELIMINARY LOCAL CLIMATOLOGICAL DATA (WS FORM: F-6) , PAGE 2
STATION: WACO
MONTH: JANUARY
YEAR: 2024
LATITUDE: 31 37 N
LONGITUDE: 97 13 W
[TEMPERATURE DATA] [PRECIPITATION DATA] SYMBOLS USED IN COLUMN 16
AVERAGE MONTHLY: 43.6 TOTAL FOR MONTH: 4.55 1 = FOG OR MIST
DPTR FM NORMAL: -3.8 DPTR FM NORMAL: 1.96 2 = FOG REDUCING VISIBILITY
HIGHEST: 77 ON 30 GRTST 24HR 2.07 ON 22-22 TO 1/4 MILE OR LESS
LOWEST: 12 ON 17 3 = THUNDER
SNOW, ICE PELLETS, HAIL 4 = ICE PELLETS
TOTAL MONTH: T 5 = HAIL
GRTST 24HR T ON 14-14 6 = FREEZING RAIN OR DRIZZLE
GRTST DEPTH: T 7 = DUSTSTORM OR SANDSTORM:
VSBY 1/2 MILE OR LESS
8 = SMOKE OR HAZE
[NO. OF DAYS WITH] [WEATHER - DAYS WITH] 9 = BLOWING SNOW
X = TORNADO
MAX 32 OR BELOW: 3 0.01 INCH OR MORE: 12
MAX 90 OR ABOVE: 0 0.10 INCH OR MORE: 8
MIN 32 OR BELOW: 13 0.50 INCH OR MORE: 3
MIN 0 OR BELOW: 0 1.00 INCH OR MORE: 2
[HDD (BASE 65) ]
TOTAL THIS MO. 656 CLEAR (SCALE 0-3) 17
DPTR FM NORMAL 109 PTCLDY (SCALE 4-7) 5
TOTAL FM JUL 1 1403 CLOUDY (SCALE 8-10) 9
DPTR FM NORMAL 26
[CDD (BASE 65) ]
TOTAL THIS MO. 0
DPTR FM NORMAL -3 [PRESSURE DATA]
TOTAL FM JAN 1 0 HIGHEST SLP 30.63 ON 20
DPTR FM NORMAL -3 LOWEST SLP 29.46 ON 12
[REMARKS]
#FINAL-01-24#