000
CXUS54 KFWD 010730
CF6ACT
PRELIMINARY LOCAL CLIMATOLOGICAL DATA (WS FORM: F-6)
STATION: WACO
MONTH: APRIL
YEAR: 2021
LATITUDE: 31 37 N
LONGITUDE: 97 13 W
TEMPERATURE IN F: :PCPN: SNOW: WIND :SUNSHINE: SKY :PK WND
================================================================================
1 2 3 4 5 6A 6B 7 8 9 10 11 12 13 14 15 16 17 18
12Z AVG MX 2MIN
DY MAX MIN AVG DEP HDD CDD WTR SNW DPTH SPD SPD DIR MIN PSBL S-S WX SPD DR
================================================================================
1 69 33 51 -11 14 0 0.00 0.0 0 4.5 14 40 M M 0 18 40
2 71 36 54 -9 11 0 0.00 0.0 0 10.5 21 150 M M 2 8 31 150
3 66 53 60 -3 5 0 0.00 0.0 0 11.5 21 180 M M 9 26 180
4 73 56 65 2 0 0 0.00 0.0 0 9.0 16 150 M M 7 20 160
5 80 55 68 5 0 3 0.00 0.0 0 12.1 21 180 M M 3 1 26 170
6 84 65 75 11 0 10 T 0.0 0 19.0 28 160 M M 7 39 180
7 83 48 66 2 0 1 0.00 0.0 0 11.7 23 170 M M 5 8 31 180
8 85 42 64 0 1 0 0.04 0.0 0 8.1 24 160 M M 1 3 35 150
9 88 65 77 13 0 12 0.00 0.0 0 15.1 28 360 M M 4 18 38 350
10 77 47 62 -3 3 0 0.00 0.0 0 11.4 22 340 M M 0 32 20
11 85 41 63 -2 2 0 0.00 0.0 0 9.4 18 140 M M 0 25 170
12 82 58 70 5 0 5 0.00 0.0 0 9.2 18 170 M M 0 18 23 170
13 82 61 72 7 0 7 0.05 0.0 0 9.0 17 340 M M 7 8 23 350
14 80 62 71 5 0 6 T 0.0 0 10.7 21 20 M M 8 18 27 360
15 64 59 62 -4 3 0 0.44 0.0 0 8.8 28 50 M M 10 13 35 50
16 66 57 62 -4 3 0 0.09 0.0 0 10.3 24 350 M M 10 13 33 360
17 59 49 54 -12 11 0 0.02 0.0 0 12.0 24 350 M M 7 32 340
18 70 44 57 -10 8 0 0.00 0.0 0 8.3 18 340 M M 0 26 330
19 76 40 58 -9 7 0 0.00 0.0 0 5.8 16 180 M M 2 20 180
20 73 44 59 -8 6 0 0.00 0.0 0 14.3 25 360 M M 0 36 20
21 61 37 49 -19 16 0 0.00 0.0 M 8.0 17 40 M M 6 23 50
22 68 42 55 -13 10 0 0.00 0.0 0 8.1 18 130 M M 9 24 120
23 73 62 68 0 0 3 0.39 0.0 0 9.1 18 140 M M 10 138 25 150
24 80 54 67 -1 0 2 0.00 0.0 0 11.1 20 340 M M 2 1 26 330
25 84 46 65 -4 0 0 0.00 0.0 0 9.9 20 170 M M 0 12 29 150
26 84 65 75 6 0 10 0.00 0.0 0 16.2 25 160 M M 3 33 150
27 78 70 74 5 0 9 T 0.0 0 15.3 24 170 M M 9 34 170
28 85 73 79 9 0 14 T 0.0 0 15.1 29 170 M M 10 39 160
29 77 67 72 2 0 7 0.47 0.0 0 9.3 18 360 M M 9 13 24 360
30 74 66 70 0 0 5 0.09 0.0 0 8.2 16 100 M M 10 1 22 100
================================================================================
SM 2277 1597 100 94 1.59 0.0 321.0 M 150
================================================================================
AV 75.9 53.2 10.7 FASTST M M 5 MAX(MPH)
MISC ----> 29 170 # 39 180
================================================================================
NOTES:
# LAST OF SEVERAL OCCURRENCES
COLUMN 17 PEAK WIND IN M.P.H.
PRELIMINARY LOCAL CLIMATOLOGICAL DATA (WS FORM: F-6) , PAGE 2
STATION: WACO
MONTH: APRIL
YEAR: 2021
LATITUDE: 31 37 N
LONGITUDE: 97 13 W
[TEMPERATURE DATA] [PRECIPITATION DATA] SYMBOLS USED IN COLUMN 16
AVERAGE MONTHLY: 64.6 TOTAL FOR MONTH: 1.59 1 = FOG OR MIST
DPTR FM NORMAL: -1.5 DPTR FM NORMAL: -1.10 2 = FOG REDUCING VISIBILITY
HIGHEST: 88 ON 9 GRTST 24HR 0.52 ON 15-16 TO 1/4 MILE OR LESS
LOWEST: 33 ON 1 3 = THUNDER
SNOW, ICE PELLETS, HAIL 4 = ICE PELLETS
TOTAL MONTH: 0.0 INCH 5 = HAIL
GRTST 24HR 0.0 6 = FREEZING RAIN OR DRIZZLE
GRTST DEPTH: 0 7 = DUSTSTORM OR SANDSTORM:
VSBY 1/2 MILE OR LESS
8 = SMOKE OR HAZE
[NO. OF DAYS WITH] [WEATHER - DAYS WITH] 9 = BLOWING SNOW
X = TORNADO
MAX 32 OR BELOW: 0 0.01 INCH OR MORE: 8
MAX 90 OR ABOVE: 0 0.10 INCH OR MORE: 3
MIN 32 OR BELOW: 0 0.50 INCH OR MORE: 0
MIN 0 OR BELOW: 0 1.00 INCH OR MORE: 0
[HDD (BASE 65) ]
TOTAL THIS MO. 100 CLEAR (SCALE 0-3) 12
DPTR FM NORMAL 22 PTCLDY (SCALE 4-7) 9
TOTAL FM JUL 1 2128 CLOUDY (SCALE 8-10) 9
DPTR FM NORMAL -8
[CDD (BASE 65) ]
TOTAL THIS MO. 94
DPTR FM NORMAL -17 [PRESSURE DATA]
TOTAL FM JAN 1 144 HIGHEST SLP M ON M
DPTR FM NORMAL -10 LOWEST SLP 29.49 ON 9
[REMARKS]
#FINAL-04-21#