000
CXUS54 KFWD 010830
CF6ACT
PRELIMINARY LOCAL CLIMATOLOGICAL DATA (WS FORM: F-6)
STATION: WACO
MONTH: JANUARY
YEAR: 2021
LATITUDE: 31 37 N
LONGITUDE: 97 13 W
TEMPERATURE IN F: :PCPN: SNOW: WIND :SUNSHINE: SKY :PK WND
================================================================================
1 2 3 4 5 6A 6B 7 8 9 10 11 12 13 14 15 16 17 18
12Z AVG MX 2MIN
DY MAX MIN AVG DEP HDD CDD WTR SNW DPTH SPD SPD DIR MIN PSBL S-S WX SPD DR
================================================================================
1 42 36 39 -8 26 0 0.00 0.0 0 13.1 21 350 M M 9 32 320
2 58 32 45 -2 20 0 0.00 0.0 0 8.3 16 360 M M 3 22 10
3 69 38 54 7 11 0 0.00 0.0 0 10.8 22 200 M M 0 29 190
4 69 32 51 4 14 0 0.00 0.0 0 4.8 13 30 M M 0 16 20
5 68 32 50 3 15 0 0.00 0.0 0 7.7 15 170 M M 2 20 160
6 62 47 55 8 10 0 0.06 0.0 0 12.4 29 310 M M 8 13 40 330
7 58 37 48 1 17 0 0.00 0.0 0 11.0 21 350 M M 1 28 340
8 50 30 40 -7 25 0 0.00 0.0 0 6.0 15 360 M M 6 18 10
9 51 26 39 -8 26 0 0.00 0.0 0 5.3 12 40 M M 1 18 16 30
10 43 33 38 -9 27 0 0.65 4.4 0 8.1 13 350 M M 9 12 18 350
11 45 30 38 -9 27 0 0.00 0.0 3 6.5 12 340 M M 2 16 310
12 53 26 40 -7 25 0 0.00 0.0 T 4.2 12 200 M M 0 16 220
13 62 31 47 0 18 0 0.00 0.0 T 9.5 15 180 M M 0 20 190
14 66 39 53 6 12 0 0.00 0.0 0 14.0 33 360 M M 0 44 340
15 58 34 46 -1 19 0 0.00 0.0 0 13.3 31 310 M M 1 44 320
16 62 32 47 0 18 0 0.00 0.0 0 6.4 13 300 M M 3 8 17 300
17 64 29 47 0 18 0 0.00 0.0 0 5.7 17 10 M M 0 21 20
18 71 29 50 3 15 0 0.00 0.0 0 8.5 25 190 M M 3 33 190
19 61 49 55 8 10 0 0.04 0.0 0 9.9 22 20 M M 10 1 29 20
20 53 47 50 3 15 0 0.03 0.0 0 6.5 15 30 M M 10 18 19 40
21 62 48 55 8 10 0 0.07 0.0 0 6.1 14 230 M M 8 18 19 190
22 56 50 53 6 12 0 0.01 0.0 0 7.0 15 170 M M 9 1 19 160
23 59 50 55 7 10 0 0.02 0.0 0 3.4 9 10 M M 10 18 12 90
24 69 56 63 15 2 0 0.01 0.0 0 7.4 18 160 M M 10 12 28 160
25 73 38 56 8 9 0 0.02 0.0 0 11.0 25 300 M M 4 18 34 290
26 63 36 50 2 15 0 0.00 0.0 0 9.4 16 350 M M 1 25 350
27 56 35 46 -2 19 0 0.00 0.0 0 10.5 24 330 M M 2 33 340
28 53 29 41 -7 24 0 0.00 0.0 0 4.8 12 60 M M 0 18 15 40
29 65 35 50 2 15 0 0.00 0.0 0 9.1 18 170 M M 1 23 170
30 81 54 68 20 0 3 0.01 0.0 0 15.0 29 250 M M 7 18 40 240
31 61 42 52 4 13 0 0.00 M 0 13.6 24 340 M M 0 8 33 340
================================================================================
SM 1863 1162 497 3 0.92 4.4 269.3 M 120
================================================================================
AV 60.1 37.5 8.7 FASTST M M 4 MAX(MPH)
MISC ----> 33 360 # 44 320
================================================================================
NOTES:
# LAST OF SEVERAL OCCURRENCES
COLUMN 17 PEAK WIND IN M.P.H.
PRELIMINARY LOCAL CLIMATOLOGICAL DATA (WS FORM: F-6) , PAGE 2
STATION: WACO
MONTH: JANUARY
YEAR: 2021
LATITUDE: 31 37 N
LONGITUDE: 97 13 W
[TEMPERATURE DATA] [PRECIPITATION DATA] SYMBOLS USED IN COLUMN 16
AVERAGE MONTHLY: 48.8 TOTAL FOR MONTH: 0.92 1 = FOG OR MIST
DPTR FM NORMAL: 1.6 DPTR FM NORMAL: -1.20 2 = FOG REDUCING VISIBILITY
HIGHEST: 81 ON 30 GRTST 24HR 0.65 ON 10-10 TO 1/4 MILE OR LESS
LOWEST: 26 ON 9,12 3 = THUNDER
SNOW, ICE PELLETS, HAIL 4 = ICE PELLETS
TOTAL MONTH: 4.4 INCHES 5 = HAIL
GRTST 24HR 4.4 ON 10-10 6 = FREEZING RAIN OR DRIZZLE
GRTST DEPTH: 3 ON 11 7 = DUSTSTORM OR SANDSTORM:
VSBY 1/2 MILE OR LESS
8 = SMOKE OR HAZE
[NO. OF DAYS WITH] [WEATHER - DAYS WITH] 9 = BLOWING SNOW
X = TORNADO
MAX 32 OR BELOW: 0 0.01 INCH OR MORE: 10
MAX 90 OR ABOVE: 0 0.10 INCH OR MORE: 1
MIN 32 OR BELOW: 12 0.50 INCH OR MORE: 1
MIN 0 OR BELOW: 0 1.00 INCH OR MORE: 0
[HDD (BASE 65) ]
TOTAL THIS MO. 497 CLEAR (SCALE 0-3) 17
DPTR FM NORMAL -59 PTCLDY (SCALE 4-7) 7
TOTAL FM JUL 1 1247 CLOUDY (SCALE 8-10) 7
DPTR FM NORMAL -161
[CDD (BASE 65) ]
TOTAL THIS MO. 3
DPTR FM NORMAL 0 [PRESSURE DATA]
TOTAL FM JAN 1 3 HIGHEST SLP 30.63 ON 28
DPTR FM NORMAL 0 LOWEST SLP 29.60 ON 25
[REMARKS]
#FINAL-01-21#