000
CXUS56 KEKA 011230
CF6ACV
PRELIMINARY LOCAL CLIMATOLOGICAL DATA (WS FORM: F-6)
STATION: ARCATA CA
MONTH: JUNE
YEAR: 2022
LATITUDE: 40 58 N
LONGITUDE: 124 6 W
TEMPERATURE IN F: :PCPN: SNOW: WIND :SUNSHINE: SKY :PK WND
================================================================================
1 2 3 4 5 6A 6B 7 8 9 10 11 12 13 14 15 16 17 18
12Z AVG MX 2MIN
DY MAX MIN AVG DEP HDD CDD WTR SNW DPTH SPD SPD DIR MIN PSBL S-S WX SPD DR
================================================================================
1 57 49 53 -1 12 0 0.00 M M 4.2 16 310 M M 9 1 21 310
2 62 50 56 1 9 0 0.00 M M 2.9 12 260 M M 6 18 14 310
3 60 53 57 2 8 0 0.12 M M 2.6 10 240 M M 10 28 13 250
4 68 53 61 6 4 0 0.96 M M 7.8 23 180 M M 10 1 34 180
5 62 55 59 4 6 0 0.79 M M 6.3 16 200 M M 10 2 23 200
6 63 47 55 0 10 0 0.01 M M 8.8 22 310 M M 5 2 29 310
7 60 46 53 -2 12 0 0.08 M M 4.3 13 260 M M 6 1 17 260
8 63 48 56 1 9 0 0.00 M M 7.6 21 310 M M 4 27 300
9 73 48 61 6 4 0 0.00 M M 3.6 12 270 M M 2 18 14 290
10 71 57 64 9 1 0 0.00 M M 3.0 10 280 M M 2 18 12 280
11 67 59 63 8 2 0 0.17 M M 3.2 12 200 M M 10 2 15 220
12 62 51 57 2 8 0 0.56 M M 9.2 22 310 M M 9 2 29 310
13 61 49 55 0 10 0 0.00 M M 12.2 23 320 M M 3 34 330
14 62 44 53 -2 12 0 0.00 M M 8.7 24 310 M M 1 33 310
15 62 45 54 -2 11 0 0.00 M M 4.4 15 270 M M 6 1 22 270
16 60 49 55 -1 10 0 0.04 M M 4.5 12 300 M M 8 1 14 300
17 61 45 53 -3 12 0 0.00 M M 6.0 15 310 M M 4 21 310
18 61 43 52 -4 13 0 0.00 M M 8.6 21 310 M M 1 29 310
19 62 51 57 1 8 0 0.00 M M 10.7 21 310 M M 4 30 320
20 72 49 61 5 4 0 0.00 M M 7.0 23 310 M M 4 8 31 300
21 72 46 59 3 6 0 0.00 M M 3.9 14 170 M M 0 18 150
22 65 50 58 2 7 0 0.00 M M 5.4 18 310 M M 2 18 26 310
23 59 48 54 -2 11 0 0.00 M M 5.0 12 300 M M 6 28 16 290
24 62 44 53 -3 12 0 0.00 M M 4.5 13 310 M M 1 18 17 300
25 66 48 57 1 8 0 0.00 M M 3.4 9 240 M M 2 28 12 220
26 59 51 55 -1 10 0 0.00 M M 4.3 10 310 M M 10 2 14 300
27 59 52 56 0 9 0 0.00 M M 4.0 10 240 M M 10 2 13 240
28 66 52 59 3 6 0 0.00 M M 10.4 22 300 M M 4 1 28 300
29 59 53 56 0 9 0 0.00 M M 6.5 16 310 M M 9 1 23 310
30 60 53 57 1 8 0 0.00 M M 5.8 15 330 M M 8 1 21 310
================================================================================
SM 1896 1488 251 0 2.73 M 178.8 M 166
================================================================================
AV 63.2 49.6 6.0 FASTST M M 6 MAX(MPH)
MISC ----> 24 310 # 34 180
================================================================================
NOTES:
# LAST OF SEVERAL OCCURRENCES
COLUMN 17 PEAK WIND IN M.P.H.
PRELIMINARY LOCAL CLIMATOLOGICAL DATA (WS FORM: F-6) , PAGE 2
STATION: ARCATA CA
MONTH: JUNE
YEAR: 2022
LATITUDE: 40 58 N
LONGITUDE: 124 6 W
[TEMPERATURE DATA] [PRECIPITATION DATA] SYMBOLS USED IN COLUMN 16
AVERAGE MONTHLY: 56.4 TOTAL FOR MONTH: 2.73 1 = FOG OR MIST
DPTR FM NORMAL: 0.9 DPTR FM NORMAL: 1.77 2 = FOG REDUCING VISIBILITY
HIGHEST: 73 ON 9 GRTST 24HR 1.61 ON 4- 5 TO 1/4 MILE OR LESS
LOWEST: 43 ON 18 3 = THUNDER
SNOW, ICE PELLETS, HAIL 4 = ICE PELLETS
TOTAL MONTH: M 5 = HAIL
GRTST 24HR M ON M 6 = FREEZING RAIN OR DRIZZLE
GRTST DEPTH: M ON M 7 = DUSTSTORM OR SANDSTORM:
VSBY 1/2 MILE OR LESS
8 = SMOKE OR HAZE
[NO. OF DAYS WITH] [WEATHER - DAYS WITH] 9 = BLOWING SNOW
X = TORNADO
MAX 32 OR BELOW: 0 0.01 INCH OR MORE: 8
MAX 90 OR ABOVE: 0 0.10 INCH OR MORE: 5
MIN 32 OR BELOW: 0 0.50 INCH OR MORE: 3
MIN 0 OR BELOW: 0 1.00 INCH OR MORE: 0
[HDD (BASE 65) ]
TOTAL THIS MO. 251 CLEAR (SCALE 0-3) 8
DPTR FM NORMAL -34 PTCLDY (SCALE 4-7) 12
TOTAL FM JUL 1 4817 CLOUDY (SCALE 8-10) 10
DPTR FM NORMAL 243
[CDD (BASE 65) ]
TOTAL THIS MO. 0
DPTR FM NORMAL 0 [PRESSURE DATA]
TOTAL FM JAN 1 0 HIGHEST SLP 30.27 ON 13
DPTR FM NORMAL 0 LOWEST SLP 29.75 ON 4
[REMARKS]
#FINAL-06-22#