000
CXUS51 KPHI 021255
CF6ACY
PRELIMINARY LOCAL CLIMATOLOGICAL DATA (WS FORM: F-6)
STATION: ATLANTIC CITY AIRPORT NJ
MONTH: FEBRUARY
YEAR: 2023
LATITUDE: 39 27 N
LONGITUDE: 74 34 W
TEMPERATURE IN F: :PCPN: SNOW: WIND :SUNSHINE: SKY :PK WND
================================================================================
1 2 3 4 5 6A 6B 7 8 9 10 11 12 13 14 15 16 17 18
12Z AVG MX 2MIN
DY MAX MIN AVG DEP HDD CDD WTR SNW DPTH SPD SPD DIR MIN PSBL S-S WX SPD DR
================================================================================
1 39 24 32 -2 33 0 0.03 0.2 T 6.2 13 310 M M 6 1 16 310
2 40 21 31 -3 34 0 0.00 0.0 0 4.6 12 220 M M 0 18 260
3 35 17 26 -8 39 0 T T T 17.7 33 300 M M 2 53 300
4 28 12 20 -14 45 0 0.00 0.0 0 8.6 25 310 M M 0 38 330
5 54 28 41 7 24 0 0.00 0.0 0 11.1 22 200 M M 0 34 200
6 56 31 44 9 21 0 0.00 0.0 0 11.2 29 310 M M 5 12 37 310
7 44 23 34 -1 31 0 0.00 0.0 0 6.1 13 200 M M 0 19 190
8 61 29 45 10 20 0 0.01 0.0 0 5.8 17 310 M M 3 18 24 300
9 57 27 42 7 23 0 0.00 0.0 0 7.9 22 200 M M 5 12 30 190
10 63 43 53 18 12 0 0.00 0.0 0 14.0 26 310 M M 0 37 270
11 50 30 40 5 25 0 0.00 0.0 0 6.6 22 320 M M 0 29 310
12 43 30 37 2 28 0 0.26 0.0 0 7.9 23 20 M M 6 1 35 20
13 59 39 49 13 16 0 T 0.0 0 14.0 23 360 M M 4 34 350
14 56 34 45 9 20 0 0.00 0.0 0 7.8 20 290 M M 0 26 300
15 67 45 56 20 9 0 0.00 0.0 0 11.7 26 210 M M 2 41 210
16 66 49 58 22 7 0 0.20 0.0 0 4.6 12 140 M M 4 13 20 210
17 63 34 49 13 16 0 0.37 0.0 0 14.3 31 300 M M 7 1 42 300
18 44 25 35 -1 30 0 0.00 0.0 0 8.8 28 320 M M 0 36 330
19 51 27 39 2 26 0 0.00 0.0 0 9.6 22 190 M M 2 35 180
20 59 45 52 15 13 0 0.00 0.0 0 6.8 14 230 M M 1 19 260
21 55 38 47 10 18 0 0.09 0.0 0 7.0 16 290 M M 5 3 23 340
22 47 26 37 0 28 0 0.02 0.0 0 6.9 17 100 M M 6 25 100
23 57 43 50 12 15 0 T 0.0 0 6.8 15 120 M M 8 1 23 150
24 54 29 42 4 23 0 T 0.0 0 13.5 33 290 M M 2 1 43 290
25 35 24 30 -8 35 0 0.02 0.1 0 5.9 13 20 M M 6 1 16 50
26 51 26 39 1 26 0 0.00 0.0 0 6.9 17 230 M M 4 12 26 230
27 46 24 35 -3 30 0 0.47 T 0 9.1 26 100 M M 4 14 40 100
28 47 29 38 0 27 0 0.28 0.0 0 9.7 21 40 M M 7 1 31 50
================================================================================
SM 1427 852 674 0 1.75 0.3 251.1 M 89
================================================================================
AV 51.0 30.4 9.0 FASTST M M 3 MAX(MPH)
MISC ----> # 33 300 53 300
================================================================================
NOTES:
# LAST OF SEVERAL OCCURRENCES
COLUMN 17 PEAK WIND IN M.P.H.
PRELIMINARY LOCAL CLIMATOLOGICAL DATA (WS FORM: F-6) , PAGE 2
STATION: ATLANTIC CITY AIRPORT NJ
MONTH: FEBRUARY
YEAR: 2023
LATITUDE: 39 27 N
LONGITUDE: 74 34 W
[TEMPERATURE DATA] [PRECIPITATION DATA] SYMBOLS USED IN COLUMN 16
AVERAGE MONTHLY: 40.7 TOTAL FOR MONTH: 1.75 1 = FOG OR MIST
DPTR FM NORMAL: 4.7 DPTR FM NORMAL: -1.48 2 = FOG REDUCING VISIBILITY
HIGHEST: 67 ON 15 GRTST 24HR 0.75 ON 27-28 TO 1/4 MILE OR LESS
LOWEST: 12 ON 4 3 = THUNDER
SNOW, ICE PELLETS, HAIL 4 = ICE PELLETS
TOTAL MONTH: 0.3 INCH 5 = HAIL
GRTST 24HR 0.2 ON 1- 1 6 = FREEZING RAIN OR DRIZZLE
GRTST DEPTH: T 7 = DUSTSTORM OR SANDSTORM:
VSBY 1/2 MILE OR LESS
8 = SMOKE OR HAZE
[NO. OF DAYS WITH] [WEATHER - DAYS WITH] 9 = BLOWING SNOW
X = TORNADO
MAX 32 OR BELOW: 1 0.01 INCH OR MORE: 10
MAX 90 OR ABOVE: 0 0.10 INCH OR MORE: 5
MIN 32 OR BELOW: 19 0.50 INCH OR MORE: 0
MIN 0 OR BELOW: 0 1.00 INCH OR MORE: 0
[HDD (BASE 65) ]
TOTAL THIS MO. 674 CLEAR (SCALE 0-3) 14
DPTR FM NORMAL -138 PTCLDY (SCALE 4-7) 13
TOTAL FM JUL 1 3016 CLOUDY (SCALE 8-10) 1
DPTR FM NORMAL -425
[CDD (BASE 65) ]
TOTAL THIS MO. 0
DPTR FM NORMAL 0 [PRESSURE DATA]
TOTAL FM JAN 1 0 HIGHEST SLP 30.68 ON 4
DPTR FM NORMAL 0 LOWEST SLP 29.46 ON 28
[REMARKS]
#FINAL-02-23#
ADDING TRACE SNOWFALL FROM SLEET TO THE 27TH.
STAARMANN