000
CXUS54 KLZK 011230
CF6ADF
PRELIMINARY LOCAL CLIMATOLOGICAL DATA (WS FORM: F-6)
STATION: ARKADELPHIA AIRPORT
MONTH: SEPTEMBER
YEAR: 2023
LATITUDE: 34 9 N
LONGITUDE: 93 4 W
TEMPERATURE IN F: :PCPN: SNOW: WIND :SUNSHINE: SKY :PK WND
================================================================================
1 2 3 4 5 6A 6B 7 8 9 10 11 12 13 14 15 16 17 18
12Z AVG MX 2MIN
DY MAX MIN AVG DEP HDD CDD WTR SNW DPTH SPD SPD DIR MIN PSBL S-S WX SPD DR
================================================================================
1 89 57 73 -5 0 8 T M M 2.4 7 50 M M 0 M M
2 93 65 79 1 0 14 0.00 M M 3.4 10 10 M M 0 M M
3 96 72 84 6 0 19 0.04 M M 2.6 16 260 M M 0 3 31 270
4 94 70 82 5 0 17 0.42 M M 3.5 14 190 M M 0 138 39 170
5 94 70 82 5 0 17 0.00 M M 2.4 9 180 M M 3 18 M M
6 98 68 83 6 0 18 0.01 M M 2.3 10 210 M M 1 13 30 260
7 91 66 79 3 0 14 T M M 1.9 8 20 M M 1 1 M M
8 77 67 72 -4 0 7 0.71 M M 2.8 20 360 M M 2 13 31 20
9 87 60 74 -2 0 9 0.00 M M 3.3 9 30 M M 0 1 M M
10 86 55 71 -5 0 6 0.00 M M 2.4 8 60 M M 0 M M
11 87 58 73 -2 0 8 0.00 M M 0.9 6 360 M M 0 M M
12 79 69 74 -1 0 9 0.02 M M 4.1 12 20 M M 8 M M
13 81 67 74 0 0 9 T M M 3.4 7 99 M M 9 M M
14 77 59 68 -6 0 3 T M M 3.0 6 30 M M 7 M M
15 86 55 71 -3 0 6 0.00 M M 2.3 9 20 M M 1 1 M M
16 88 53 71 -2 0 6 0.00 M M 2.5 10 250 M M 1 M M
17 90 57 74 1 0 9 0.00 M M 2.4 9 320 M M 2 1 M M
18 88 53 71 -2 0 6 0.00 M M 1.2 5 180 M M 0 1 M M
19 89 54 72 0 0 7 0.00 M M 2.0 8 180 M M 0 1 M M
20 M M M M M M 0.00 M M M M M M M M M M
21 M M M M M M 0.00 M M M M M M M M M M
22 76 63 70 -1 0 5 T M M 3.0 6 99 M M 3 1 M M
23 94 63 79 8 0 14 0.00 M M 1.4 6 190 M M 2 1 M M
24 88 69 79 9 0 14 0.58 M M 3.3 12 280 M M 6 12 24 280
25 92 69 81 11 0 16 0.00 M M 2.4 6 99 M M 5 1 M M
26 93 64 79 9 0 14 0.00 M M 1.0 6 30 M M 1 1 M M
27 94 60 77 8 0 12 0.00 M M 0.9 5 190 M M 0 1 M M
28 93 63 78 9 0 13 0.00 M M 0.9 6 160 M M 0 1 M M
29 93 60 77 9 0 12 0.00 M M 1.1 6 180 M M 0 1 M M
30 94 58 76 8 0 11 0.00 M M 1.3 6 220 M M 0 1 M M
================================================================================
SM 2487 1744 0 303 1.78 M 64.2 M 52
================================================================================
AV 88.8 62.3 2.3 FASTST M M 2 MAX(MPH)
MISC ----> 20 360 39 170
================================================================================
NOTES:
# LAST OF SEVERAL OCCURRENCES
COLUMN 17 PEAK WIND IN M.P.H.
PRELIMINARY LOCAL CLIMATOLOGICAL DATA (WS FORM: F-6) , PAGE 2
STATION: ARKADELPHIA AIRPORT
MONTH: SEPTEMBER
YEAR: 2023
LATITUDE: 34 9 N
LONGITUDE: 93 4 W
[TEMPERATURE DATA] [PRECIPITATION DATA] SYMBOLS USED IN COLUMN 16
AVERAGE MONTHLY: 75.6 TOTAL FOR MONTH: 1.78 1 = FOG OR MIST
DPTR FM NORMAL: 2.2 DPTR FM NORMAL: -1.76 2 = FOG REDUCING VISIBILITY
HIGHEST: 98 ON 6 GRTST 24HR 0.71 ON 8- 8 TO 1/4 MILE OR LESS
LOWEST: 53 ON 18,16 3 = THUNDER
SNOW, ICE PELLETS, HAIL 4 = ICE PELLETS
TOTAL MONTH: M 5 = HAIL
GRTST 24HR M ON M 6 = FREEZING RAIN OR DRIZZLE
GRTST DEPTH: M ON M 7 = DUSTSTORM OR SANDSTORM:
VSBY 1/2 MILE OR LESS
8 = SMOKE OR HAZE
[NO. OF DAYS WITH] [WEATHER - DAYS WITH] 9 = BLOWING SNOW
X = TORNADO
MAX 32 OR BELOW: 0 0.01 INCH OR MORE: 6
MAX 90 OR ABOVE: 14 0.10 INCH OR MORE: 3
MIN 32 OR BELOW: 0 0.50 INCH OR MORE: 2
MIN 0 OR BELOW: 0 1.00 INCH OR MORE: 0
[HDD (BASE 65) ]
TOTAL THIS MO. 0 CLEAR (SCALE 0-3) 23
DPTR FM NORMAL -16 PTCLDY (SCALE 4-7) 3
TOTAL FM JUL 1 0 CLOUDY (SCALE 8-10) 4
DPTR FM NORMAL -15
[CDD (BASE 65) ]
TOTAL THIS MO. 303
DPTR FM NORMAL 34 [PRESSURE DATA]
TOTAL FM JAN 1 2028 HIGHEST SLP M ON M
DPTR FM NORMAL 180 LOWEST SLP M ON M
[REMARKS]
#FINAL-09-23#