000
CXAK58 PADQ 011021
CLMADQ
CLIMATE REPORT
NATIONAL WEATHER SERVICE ANCHORAGE, AK
221 AM AKDT SAT JUL 01 2023
...................................
...THE KODIAK CLIMATE SUMMARY FOR THE MONTH OF JUNE 2023...
CLIMATE NORMAL PERIOD: 1991 TO 2020
CLIMATE RECORD PERIOD: 1913 TO 2023
WEATHER OBSERVED NORMAL DEPART LAST YEAR`S
VALUE DATE(S) VALUE FROM VALUE
NORMAL
..............................................................
TEMPERATURE (F)
RECORD
HIGH 86 MM
LOW 35 06/13/2023
HIGHEST 75 MM MM 77
LOWEST 35R MM MM 42
AVG. MAXIMUM 54.4 57.0 -2.6 63.1
AVG. MINIMUM 45.3 45.7 -0.4 48.5
MEAN 49.8 51.4 -1.6 55.8
DAYS MAX >= 90 0 0.0 0.0 6
DAYS MAX <= 32 0 0.0 0.0 0
DAYS MIN <= 32 0 0.0 0.0 0
DAYS MIN <= 0 0 0.0 0.0 0
PRECIPITATION (INCHES)
RECORD
MAXIMUM 6.52 2021
MINIMUM 1.61 2022
TOTALS 7.19 5.17 2.02 1.61
DAILY AVG. 0.24 0.17 0.07 0.05
DAYS >= .01 19 16.1 2.9 10
DAYS >= .10 11 10.0 1.0 3
DAYS >= .50 5 3.2 1.8 1
DAYS >= 1.00 2 1.1 0.9 0
GREATEST
24 HR. TOTAL 1.40 06/14 TO 06/15 0.90
STORM TOTAL 1.31 0.86
(MM/DD(HH))
DEGREE DAYS
HEATING TOTAL 448 410 38 268
SINCE 7/1 8218 8316 -98 MM
COOLING TOTAL 0 1 -1 0
SINCE 1/1 0 1 -1 MM
FREEZE DATES
RECORD
EARLIEST MM
LATEST MM
EARLIEST 10/27 10/27
LATEST 05/17 04/26
..............................................................
WIND (MPH)
AVERAGE WIND SPEED 9.5
RESULTANT WIND SPEED/DIRECTION 5/080
HIGHEST WIND SPEED/DIRECTION 37/070 DATE 06/10
HIGHEST GUST SPEED/DIRECTION 45/060 DATE 06/10
SKY COVER
POSSIBLE SUNSHINE (PERCENT) MM
AVERAGE SKY COVER 0.79
NUMBER OF DAYS FAIR 4
NUMBER OF DAYS PC 3
NUMBER OF DAYS CLOUDY 23
AVERAGE RH (PERCENT) 83
WEATHER CONDITIONS. NUMBER OF DAYS WITH
THUNDERSTORM 0 MIXED PRECIP 0
HEAVY RAIN 2 RAIN 8
LIGHT RAIN 20 FREEZING RAIN 0
LT FREEZING RAIN 0 HAIL 0
HEAVY SNOW 0 SNOW 0
LIGHT SNOW 0 SLEET 0
FOG 20 FOG W/VIS <= 1/4 MILE 3
HAZE 2
- INDICATES NEGATIVE NUMBERS.
R INDICATES RECORD WAS SET OR TIED.
MM INDICATES DATA IS MISSING.
T INDICATES TRACE AMOUNT.
$$