000
CXUS54 KLCH 010830
CF6AEX
PRELIMINARY LOCAL CLIMATOLOGICAL DATA (WS FORM: F-6)
STATION: ALEXANDRIA
MONTH: SEPTEMBER
YEAR: 2021
LATITUDE: 31 19 N
LONGITUDE: 92 33 W
TEMPERATURE IN F: :PCPN: SNOW: WIND :SUNSHINE: SKY :PK WND
================================================================================
1 2 3 4 5 6A 6B 7 8 9 10 11 12 13 14 15 16 17 18
12Z AVG MX 2MIN
DY MAX MIN AVG DEP HDD CDD WTR SNW DPTH SPD SPD DIR MIN PSBL S-S WX SPD DR
================================================================================
1 98 73 86 5 0 21 0.00 0.0 M 4.2 15 230 M M 2 3 21 220
2 96 73 85 4 0 20 0.65 0.0 M 2.6 25 180 M M 1 138 39 170
3 96 72 84 3 0 19 T 0.0 M 2.8 14 220 M M 2 12 18 210
4 95 74 85 4 0 20 0.00 0.0 M 2.5 12 150 M M 3 18 14 150
5 96 76 86 6 0 21 0.87 0.0 M 4.7 21 110 M M 3 138 26 330
6 87 69 78 -2 0 13 0.22 0.0 M 5.0 13 330 M M 4 13 16 330
7 90 64 77 -3 0 12 0.00 0.0 M 3.0 9 20 M M 1 1 14 350
8 94 67 81 1 0 16 0.00 0.0 M 2.1 12 310 M M 0 1 18 320
9 91 65 78 -2 0 13 0.00 0.0 M 4.8 15 40 M M 2 18 19 30
10 88 58 73 -6 0 8 0.00 0.0 M 3.9 14 100 M M 0 21 80
11 88 58 73 -6 0 8 0.00 0.0 M 2.3 14 120 M M 0 1 17 110
12 92 61 77 -2 0 12 0.15 0.0 M 7.2 23 90 M M 2 13 32 80
13 90 72 81 2 0 16 T 0.0 M 6.9 13 150 M M 5 16 110
14 77 72 75 -3 0 10 1.87 0.0 M 12.6 21 100 M M 7 1 30 100
15 80 72 76 -2 0 11 0.69 0.0 M 10.0 20 90 M M 10 1 30 120
16 81 73 77 -1 0 12 0.05 0.0 M 7.5 13 20 M M 10 18 20 50
17 85 75 80 2 0 15 0.70 0.0 M 4.6 13 360 M M 8 18 16 170
18 92 74 83 6 0 18 0.02 0.0 M 2.7 10 140 M M 5 128 14 130
19 89 73 81 4 0 16 0.03 0.0 M 3.1 15 50 M M 3 1 21 30
20 92 73 83 6 0 18 T 0.0 M 3.8 9 150 M M 4 12 13 180
21 94 72 83 7 0 18 0.65 0.0 M 5.2 30 10 M M 4 1238 41 350
22 81 58 70 -6 0 5 0.01 0.0 M 8.0 22 350 M M 2 31 10
23 82 54 68 -8 0 3 0.00 0.0 M 2.5 9 360 M M 0 1 16 360
24 82 54 68 -8 0 3 0.00 0.0 M 1.8 10 60 M M 0 1 14 350
25 85 54 70 -5 0 5 0.00 0.0 M 1.7 9 60 M M 1 12 14 350
26 86 57 72 -3 0 7 0.00 0.0 M 1.6 10 70 M M 0 1 15 120
27 88 63 76 1 0 11 0.00 0.0 M 5.6 15 130 M M 2 1 20 130
28 77 69 73 -1 0 8 0.44 0.0 M 5.4 21 170 M M 5 13 29 180
29 84 66 75 1 0 10 0.01 0.0 M 5.8 13 160 M M 6 128 20 160
30 84 73 79 5 0 14 T 0.0 M 7.0 14 150 M M 7 1 17 160
================================================================================
SM 2640 2014 0 383 6.36 0.0 140.9 M 99
================================================================================
AV 88.0 67.1 4.7 FASTST M M 3 MAX(MPH)
MISC ----> 30 10 41 350
================================================================================
NOTES:
# LAST OF SEVERAL OCCURRENCES
COLUMN 17 PEAK WIND IN M.P.H.
PRELIMINARY LOCAL CLIMATOLOGICAL DATA (WS FORM: F-6) , PAGE 2
STATION: ALEXANDRIA
MONTH: SEPTEMBER
YEAR: 2021
LATITUDE: 31 19 N
LONGITUDE: 92 33 W
[TEMPERATURE DATA] [PRECIPITATION DATA] SYMBOLS USED IN COLUMN 16
AVERAGE MONTHLY: 77.6 TOTAL FOR MONTH: 6.36 1 = FOG OR MIST
DPTR FM NORMAL: -0.2 DPTR FM NORMAL: 2.97 2 = FOG REDUCING VISIBILITY
HIGHEST: 98 ON 1 GRTST 24HR 2.25 ON 14-15 TO 1/4 MILE OR LESS
LOWEST: 54 ON 25,24 3 = THUNDER
SNOW, ICE PELLETS, HAIL 4 = ICE PELLETS
TOTAL MONTH: 0.0 INCH 5 = HAIL
GRTST 24HR 0.0 6 = FREEZING RAIN OR DRIZZLE
GRTST DEPTH: M ON M 7 = DUSTSTORM OR SANDSTORM:
VSBY 1/2 MILE OR LESS
8 = SMOKE OR HAZE
[NO. OF DAYS WITH] [WEATHER - DAYS WITH] 9 = BLOWING SNOW
X = TORNADO
MAX 32 OR BELOW: 0 0.01 INCH OR MORE: 14
MAX 90 OR ABOVE: 13 0.10 INCH OR MORE: 9
MIN 32 OR BELOW: 0 0.50 INCH OR MORE: 6
MIN 0 OR BELOW: 0 1.00 INCH OR MORE: 1
[HDD (BASE 65) ]
TOTAL THIS MO. 0 CLEAR (SCALE 0-3) 18
DPTR FM NORMAL -2 PTCLDY (SCALE 4-7) 10
TOTAL FM JUL 1 0 CLOUDY (SCALE 8-10) 2
DPTR FM NORMAL 0
[CDD (BASE 65) ]
TOTAL THIS MO. 383
DPTR FM NORMAL -3 [PRESSURE DATA]
TOTAL FM JAN 1 2542 HIGHEST SLP 30.20 ON 22
DPTR FM NORMAL 112 LOWEST SLP 29.72 ON 15
[REMARKS]
#FINAL-09-21#