000
CXUS54 KLCH 010930
CF6AEX
PRELIMINARY LOCAL CLIMATOLOGICAL DATA (WS FORM: F-6)
STATION: ALEXANDRIA
MONTH: DECEMBER
YEAR: 2023
LATITUDE: 31 19 N
LONGITUDE: 92 33 W
TEMPERATURE IN F: :PCPN: SNOW: WIND :SUNSHINE: SKY :PK WND
================================================================================
1 2 3 4 5 6A 6B 7 8 9 10 11 12 13 14 15 16 17 18
12Z AVG MX 2MIN
DY MAX MIN AVG DEP HDD CDD WTR SNW DPTH SPD SPD DIR MIN PSBL S-S WX SPD DR
================================================================================
1 76 59 68 15 0 3 0.10 0.0 M 3.1 9 320 M M 7 12 12 150
2 66 54 60 7 5 0 0.02 0.0 M 3.5 13 10 M M 8 12 17 20
3 71 45 58 5 7 0 0.00 0.0 M 4.0 10 270 M M 3 128 14 280
4 67 40 54 1 11 0 0.00 0.0 M 6.9 17 310 M M 0 23 310
5 68 36 52 0 13 0 0.00 0.0 M 2.3 10 320 M M 0 14 300
6 61 39 50 -2 15 0 0.00 0.0 M 4.0 13 80 M M 0 8 17 80
7 64 35 50 -2 15 0 0.00 0.0 M 5.8 14 170 M M 0 18 21 140
8 68 50 59 7 6 0 0.05 M M 9.8 20 160 M M 9 1 27 160
9 81 57 69 17 0 4 1.63 0.0 M 9.5 37 310 M M 7 138 47 300
10 58 34 46 -6 19 0 0.00 0.0 M 9.9 18 320 M M 2 28 330
11 60 29 45 -6 20 0 0.00 0.0 M 1.3 9 130 M M 0 12 120
12 64 31 48 -3 17 0 0.00 0.0 M 2.2 9 120 M M 0 13 120
13 63 32 48 -3 17 0 0.00 0.0 M 5.0 13 80 M M 0 18 21 70
14 69 49 59 8 6 0 0.00 0.0 M 6.2 13 100 M M 0 20 90
15 70 47 59 8 6 0 0.00 0.0 M 9.6 17 130 M M 4 23 130
16 61 44 53 2 12 0 0.44 M M 7.4 16 330 M M 8 1 22 340
17 60 36 48 -3 17 0 0.00 0.0 M 5.0 13 320 M M 0 1 17 330
18 67 33 50 0 15 0 0.00 0.0 M 4.2 14 360 M M 0 1 17 320
19 55 34 45 -5 20 0 0.00 0.0 M 3.9 15 110 M M 0 19 120
20 63 34 49 -1 16 0 0.00 0.0 M 3.2 9 130 M M 0 1 14 150
21 65 41 53 3 12 0 0.00 0.0 M 4.8 12 130 M M 0 1 15 120
22 72 52 62 12 3 0 0.00 0.0 M 5.0 13 160 M M 7 18 170
23 72 52 62 12 3 0 0.03 0.0 M 9.2 16 130 M M 8 1 24 150
24 63 56 60 10 5 0 0.72 0.0 M 10.6 21 110 M M 10 1 27 100
25 58 40 49 -1 16 0 0.00 0.0 M 8.5 21 310 M M 6 1 26 310
26 57 33 45 -5 20 0 0.00 0.0 M 3.1 10 120 M M 2 12 13 160
27 63 37 50 0 15 0 0.00 0.0 M 7.1 21 280 M M 1 28 290
28 51 29 40 -10 25 0 0.00 0.0 M 6.7 22 320 M M 1 32 330
29 54 29 42 -7 23 0 0.00 0.0 M 8.0 18 260 M M 0 24 280
30 62 27 45 -4 20 0 0.00 0.0 M 1.5 8 300 M M 0 10 290
31 68 30 49 0 16 0 0.00 0.0 0 2.8 13 220 M M 0 18 16 230
================================================================================
SM 1997 1244 395 7 2.99 0.0 174.1 M 83
================================================================================
AV 64.4 40.1 5.6 FASTST M M 3 MAX(MPH)
MISC ----> 37 310 47 300
================================================================================
NOTES:
# LAST OF SEVERAL OCCURRENCES
COLUMN 17 PEAK WIND IN M.P.H.
PRELIMINARY LOCAL CLIMATOLOGICAL DATA (WS FORM: F-6) , PAGE 2
STATION: ALEXANDRIA
MONTH: DECEMBER
YEAR: 2023
LATITUDE: 31 19 N
LONGITUDE: 92 33 W
[TEMPERATURE DATA] [PRECIPITATION DATA] SYMBOLS USED IN COLUMN 16
AVERAGE MONTHLY: 52.3 TOTAL FOR MONTH: 2.99 1 = FOG OR MIST
DPTR FM NORMAL: 1.4 DPTR FM NORMAL: -2.29 2 = FOG REDUCING VISIBILITY
HIGHEST: 81 ON 9 GRTST 24HR 1.63 ON 9- 9 TO 1/4 MILE OR LESS
LOWEST: 27 ON 30 3 = THUNDER
SNOW, ICE PELLETS, HAIL 4 = ICE PELLETS
TOTAL MONTH: 0.0 INCH 5 = HAIL
GRTST 24HR 0.0 6 = FREEZING RAIN OR DRIZZLE
GRTST DEPTH: 0 7 = DUSTSTORM OR SANDSTORM:
VSBY 1/2 MILE OR LESS
8 = SMOKE OR HAZE
[NO. OF DAYS WITH] [WEATHER - DAYS WITH] 9 = BLOWING SNOW
X = TORNADO
MAX 32 OR BELOW: 0 0.01 INCH OR MORE: 7
MAX 90 OR ABOVE: 0 0.10 INCH OR MORE: 4
MIN 32 OR BELOW: 7 0.50 INCH OR MORE: 2
MIN 0 OR BELOW: 0 1.00 INCH OR MORE: 1
[HDD (BASE 65) ]
TOTAL THIS MO. 395 CLEAR (SCALE 0-3) 21
DPTR FM NORMAL -54 PTCLDY (SCALE 4-7) 6
TOTAL FM JUL 1 689 CLOUDY (SCALE 8-10) 4
DPTR FM NORMAL -84
[CDD (BASE 65) ]
TOTAL THIS MO. 7
DPTR FM NORMAL -5 [PRESSURE DATA]
TOTAL FM JAN 1 3498 HIGHEST SLP 30.57 ON 13
DPTR FM NORMAL 879 LOWEST SLP 29.77 ON 24
[REMARKS]
#FINAL-12-23#