000
CXUS54 KLCH 010952
CLMAEX
CLIMATE REPORT
NATIONAL WEATHER SERVICE LAKE CHARLES, LA
452 AM CDT TUE AUG 01 2023
...................................
...THE ALEXANDRIA CLIMATE SUMMARY FOR THE MONTH OF JULY 2023...
CLIMATE NORMAL PERIOD: 1991 TO 2020
CLIMATE RECORD PERIOD: 1892 TO 2023
WEATHER OBSERVED NORMAL DEPART LAST YEAR`S
VALUE DATE(S) VALUE FROM VALUE DATE(S)
NORMAL
................................................................
TEMPERATURE (F)
RECORD
HIGH 109 07/13/1901
LOW 57 07/15/1967
HIGHEST 104 07/30 MM MM 104 07/10
LOWEST 67 07/24 MM MM 73 07/15
07/23
AVG. MAXIMUM 97.3 92.6 4.7 97.0
AVG. MINIMUM 75.4 73.0 2.4 76.6
MEAN 86.3 82.8 3.5 86.8
DAYS MAX >= 90 31 25.4 5.6 30
DAYS MAX <= 32 0 0.0 0.0 0
DAYS MIN <= 32 0 0.0 0.0 0
DAYS MIN <= 0 0 0.0 0.0 0
PRECIPITATION (INCHES)
RECORD
MAXIMUM 22.58 1933
MINIMUM 0.42 1962
TOTALS 4.03 4.60 -0.57 2.97
DAILY AVG. 0.13 0.15 -0.02 0.10
DAYS >= .01 6 11.5 -5.5 12
DAYS >= .10 6 6.9 -0.9 7
DAYS >= .50 4 3.2 0.8 2
DAYS >= 1.00 2 1.3 0.7 1
GREATEST
24 HR. TOTAL 1.41 07/09 TO 07/10
SNOWFALL (INCHES)
RECORDS
TOTAL 0.0 5
TOTALS 0.0 MM MM 0.0
SINCE 7/1 0.0 MM MM MM
SNOWDEPTH AVG. 0 0
DAYS >= 1.0 0 MM MM 0
GREATEST
SNOW DEPTH 0 0 MM
24 HR TOTAL MM
DEGREE DAYS
HEATING TOTAL 0 0 0 0
SINCE 7/1 0 0 0 MM
COOLING TOTAL 670 552 118 685
SINCE 1/1 1844 1495 349 MM
................................................................
WIND (MPH)
AVERAGE WIND SPEED 4.5
HIGHEST WIND SPEED/DIRECTION 35/360 DATE 07/16
HIGHEST GUST SPEED/DIRECTION 48/010 DATE 07/16
SKY COVER
POSSIBLE SUNSHINE (PERCENT) MM
AVERAGE SKY COVER 0.14
NUMBER OF DAYS FAIR 29
NUMBER OF DAYS PC 2
NUMBER OF DAYS CLOUDY 0
AVERAGE RH (PERCENT) 67
WEATHER CONDITIONS. NUMBER OF DAYS WITH
THUNDERSTORM 11 MIXED PRECIP 0
HEAVY RAIN 6 RAIN 2
LIGHT RAIN 9 FREEZING RAIN 0
LT FREEZING RAIN 0 HAIL 0
HEAVY SNOW 0 SNOW 0
LIGHT SNOW 0 SLEET 0
FOG 20 FOG W/VIS <= 1/4 MILE 2
HAZE 17
- INDICATES NEGATIVE NUMBERS.
R INDICATES RECORD WAS SET OR TIED.
MM INDICATES DATA IS MISSING.
T INDICATES TRACE AMOUNT.
$$