000
CXUS54 KFWD 010830
CF6AFW
PRELIMINARY LOCAL CLIMATOLOGICAL DATA (WS FORM: F-6)
STATION: FORT WORTH ALLIANCE
MONTH: DECEMBER
YEAR: 2022
LATITUDE: 32 58 N
LONGITUDE: 97 19 W
TEMPERATURE IN F: :PCPN: SNOW: WIND :SUNSHINE: SKY :PK WND
================================================================================
1 2 3 4 5 6A 6B 7 8 9 10 11 12 13 14 15 16 17 18
12Z AVG MX 2MIN
DY MAX MIN AVG DEP HDD CDD WTR SNW DPTH SPD SPD DIR MIN PSBL S-S WX SPD DR
================================================================================
1 52 32 42 -10 23 0 T M M 8.8 21 130 M M 7 26 130
2 68 49 59 8 6 0 0.00 M M 12.5 23 180 M M 9 1 29 190
3 63 43 53 2 12 0 T M M 14.2 33 360 M M 7 44 340
4 57 46 52 1 13 0 T M M 7.9 17 170 M M 9 1 22 150
5 80 52 66 15 0 1 T M M 13.2 22 190 M M 7 1 27 180
6 74 58 66 16 0 1 0.02 M M 7.8 15 330 M M 7 22 330
7 62 56 59 9 6 0 0.08 M M 5.8 12 10 M M 10 12 18 40
8 74 56 65 15 0 0 0.48 M M 2.9 9 350 M M 9 12 12 290
9 64 55 60 10 5 0 0.13 M M 6.9 14 10 M M 9 128 24 60
10 67 54 61 12 4 0 0.86 M M 8.6 20 320 M M 10 123 23 350
11 57 51 54 5 11 0 T M M 6.3 17 360 M M 10 1 24 280
12 64 55 60 11 5 0 0.01 M M 12.1 23 150 M M 10 1 34 110
13 69 53 61 13 4 0 0.43 M M 12.0 36 200 M M 8 13 49 200
14 59 41 50 2 15 0 T M M 9.7 22 220 M M 5 32 240
15 55 34 45 -3 20 0 0.00 M M 6.6 16 320 M M 0 26 280
16 49 33 41 -7 24 0 0.00 M M 7.6 20 360 M M 5 25 10
17 52 31 42 -6 23 0 0.00 M M 6.1 14 340 M M 1 23 280
18 55 28 42 -6 23 0 0.00 M M 6.9 18 160 M M 5 23 160
19 49 44 47 0 18 0 T M M 11.0 20 140 M M 10 1 27 120
20 55 35 45 -2 20 0 T M M 9.3 18 10 M M 7 1 25 50
21 50 28 39 -8 26 0 0.00 M M 7.3 16 170 M M 7 18 21 170
22 43 10 27 -20 38 0 T M M 21.8 35 330 M M 7 18 46 330
23 24 10 17 -30 48 0 0.00 M M 13.6 22 320 M M 6 29 310
24 37 20 29 -18 36 0 0.00 M M 4.0 10 290 M M 5 12 290
25 51 23 37 -9 28 0 0.00 M M 7.3 15 190 M M 3 20 180
26 60 28 44 -2 21 0 0.00 M M 10.3 24 360 M M 4 33 340
27 53 20 37 -9 28 0 0.00 M M 10.2 20 170 M M 3 27 160
28 74 41 58 12 7 0 0.00 M M 18.3 30 190 M M 6 40 190
29 70 53 62 16 3 0 0.00 M M 10.3 25 190 M M 9 1 37 200
30 62 42 52 6 13 0 0.00 M M 4.7 10 340 M M 8 14 30
31 72 45 59 13 6 0 0.00 M M 10.6 21 200 M M 5 28 200
================================================================================
SM 1821 1226 486 2 2.01 M 294.6 M 208
================================================================================
AV 58.7 39.5 9.5 FASTST M M 7 MAX(MPH)
MISC ----> 36 200 49 200
================================================================================
NOTES:
# LAST OF SEVERAL OCCURRENCES
COLUMN 17 PEAK WIND IN M.P.H.
PRELIMINARY LOCAL CLIMATOLOGICAL DATA (WS FORM: F-6) , PAGE 2
STATION: FORT WORTH ALLIANCE
MONTH: DECEMBER
YEAR: 2022
LATITUDE: 32 58 N
LONGITUDE: 97 19 W
[TEMPERATURE DATA] [PRECIPITATION DATA] SYMBOLS USED IN COLUMN 16
AVERAGE MONTHLY: 49.1 TOTAL FOR MONTH: 2.01 1 = FOG OR MIST
DPTR FM NORMAL: 0.9 DPTR FM NORMAL: -0.47 2 = FOG REDUCING VISIBILITY
HIGHEST: 80 ON 5 GRTST 24HR 0.86 ON 10-10 TO 1/4 MILE OR LESS
LOWEST: 10 ON 23,22 3 = THUNDER
SNOW, ICE PELLETS, HAIL 4 = ICE PELLETS
TOTAL MONTH: M 5 = HAIL
GRTST 24HR M ON M 6 = FREEZING RAIN OR DRIZZLE
GRTST DEPTH: M ON M 7 = DUSTSTORM OR SANDSTORM:
VSBY 1/2 MILE OR LESS
8 = SMOKE OR HAZE
[NO. OF DAYS WITH] [WEATHER - DAYS WITH] 9 = BLOWING SNOW
X = TORNADO
MAX 32 OR BELOW: 1 0.01 INCH OR MORE: 7
MAX 90 OR ABOVE: 0 0.10 INCH OR MORE: 4
MIN 32 OR BELOW: 10 0.50 INCH OR MORE: 1
MIN 0 OR BELOW: 0 1.00 INCH OR MORE: 0
[HDD (BASE 65) ]
TOTAL THIS MO. 486 CLEAR (SCALE 0-3) 3
DPTR FM NORMAL -39 PTCLDY (SCALE 4-7) 17
TOTAL FM JUL 1 898 CLOUDY (SCALE 8-10) 11
DPTR FM NORMAL 15
[CDD (BASE 65) ]
TOTAL THIS MO. 2
DPTR FM NORMAL -4 [PRESSURE DATA]
TOTAL FM JAN 1 3409 HIGHEST SLP 30.85 ON 23
DPTR FM NORMAL 481 LOWEST SLP 29.58 ON 13
[REMARKS]
#FINAL-12-22#