000
CXUS55 KCYS 151233
CF6AIA
PRELIMINARY LOCAL CLIMATOLOGICAL DATA (WS FORM: F-6)...CORRECTED
STATION: ALLIANCE NEBRASKA AIRPORT
MONTH: JULY
YEAR: 2021
LATITUDE: 42 2 N
LONGITUDE: 102 48 W
TEMPERATURE IN F: :PCPN: SNOW: WIND :SUNSHINE: SKY :PK WND
================================================================================
1 2 3 4 5 6A 6B 7 8 9 10 11 12 13 14 15 16 17 18
12Z AVG MX 2MIN
DY MAX MIN AVG DEP HDD CDD WTR SNW DPTH SPD SPD DIR MIN PSBL S-S WX SPD DR
================================================================================
1 83 58 71 1 0 6 0.00 M M 12.0 22 110 M M 1 1 28 100
2 88 61 75 5 0 10 0.00 M M 16.3 28 150 M M 1 37 140
3 97 63 80 10 0 15 0.06 M M 12.5 24 170 M M 1 13 33 160
4 97 54 76 6 0 11 0.00 M M 5.9 20 80 M M 0 28 60
5 95 55 75 4 0 10 0.07 M M 10.6 24 280 M M 1 13 37 280
6 87 58 73 2 0 8 0.02 M M 10.3 21 50 M M 4 12 27 40
7 94 54 74 3 0 9 0.00 M M 10.3 18 170 M M 1 12 29 130
8 102 64 83 12 0 18 0.00 M M 7.9 16 140 M M 0 38 22 150
9 93 59 76 4 0 11 0.56 M M 12.4 68 340 M M 2 1238 86 340
10 80 56 68 -4 0 3 T M M 10.9 22 350 M M 1 3 29 340
11 85 49 67 -5 0 2 0.00 M M 5.7 13 150 M M 0 1 17 170
12 89 53 71 -1 0 6 0.00 M M 6.5 14 160 M M 0 20 160
13 86 60 73 1 0 8 0.02 M M 14.1 28 270 M M 1 3 37 120
14 78 60 69 -3 0 4 0.00 M M 10.0 24 20 M M 5 8 32 30
15 85 56 71 -2 0 6 0.00 M M 9.1 17 130 M M 2 12 26 140
16 96 61 79 6 0 14 0.51 M M 14.0 26 50 M M 1 13 34 50
17 90 56 73 0 0 8 0.01 M M 8.1 28 340 M M 1 3 35 340
18 92 57 75 2 0 10 0.00 M M 7.4 M M M M 0 M M
19 94 62 78 5 0 13 0.00 M M 11.2 20 110 M M 0 18 26 120
20 92 62 77 4 0 12 0.00 M M 16.1 24 140 M M 0 32 160
21 97 65 81 8 0 16 T M M 10.5 17 170 M M 1 3 23 180
22 100 61 81 8 0 16 0.02 M M 8.5 20 280 M M 1 3 35 280
23 94 60 77 4 0 12 0.00 M M 6.9 22 350 M M 1 1 29 350
24 94 56 75 2 0 10 0.00 M M 6.9 16 120 M M 0 1 23 100
25 93 61 77 4 0 12 0.00 M M 12.3 25 150 M M 0 1 34 150
26 99 53 76 3 0 11 0.00 M M 9.8 21 150 M M 0 1 27 160
27 100 58 79 6 0 14 0.00 M M 10.6 23 170 M M 0 34 180
28 103 61 82 9 0 17 0.00 M M 8.7 18 30 M M 0 26 20
29 87 67 77 4 0 12 T M M 13.4 21 90 M M 5 18 27 70
30 92 68 80 7 0 15 0.00 M M 10.8 23 40 M M 4 18 29 20
31 86 57 72 -1 0 7 T M M 6.9 21 20 M M 4 18 29 50
================================================================================
SM 2848 1825 0 326 1.27 M 316.6 M 38
================================================================================
AV 91.9 58.9 10.2 FASTST M M 1 MAX(MPH)
MISC ----> 68 340 86 340
================================================================================
NOTES:
# LAST OF SEVERAL OCCURRENCES
COLUMN 17 PEAK WIND IN M.P.H.
PRELIMINARY LOCAL CLIMATOLOGICAL DATA (WS FORM: F-6) , PAGE 2
STATION: ALLIANCE NEBRASKA AIRPORT
MONTH: JULY
YEAR: 2021
LATITUDE: 42 2 N
LONGITUDE: 102 48 W
[TEMPERATURE DATA] [PRECIPITATION DATA] SYMBOLS USED IN COLUMN 16
AVERAGE MONTHLY: 75.4 TOTAL FOR MONTH: 1.27 1 = FOG OR MIST
DPTR FM NORMAL: 3.2 DPTR FM NORMAL: -1.13 2 = FOG REDUCING VISIBILITY
HIGHEST: 103 ON 28 GRTST 24HR 0.56 ON 9- 9 TO 1/4 MILE OR LESS
LOWEST: 49 ON 11 3 = THUNDER
SNOW, ICE PELLETS, HAIL 4 = ICE PELLETS
TOTAL MONTH: M 5 = HAIL
GRTST 24HR M ON M 6 = FREEZING RAIN OR DRIZZLE
GRTST DEPTH: M ON M 7 = DUSTSTORM OR SANDSTORM:
VSBY 1/2 MILE OR LESS
8 = SMOKE OR HAZE
[NO. OF DAYS WITH] [WEATHER - DAYS WITH] 9 = BLOWING SNOW
X = TORNADO
MAX 32 OR BELOW: 0 0.01 INCH OR MORE: 8
MAX 90 OR ABOVE: 20 0.10 INCH OR MORE: 2
MIN 32 OR BELOW: 0 0.50 INCH OR MORE: 2
MIN 0 OR BELOW: 0 1.00 INCH OR MORE: 0
[HDD (BASE 65) ]
TOTAL THIS MO. 0 CLEAR (SCALE 0-3) 26
DPTR FM NORMAL -11 PTCLDY (SCALE 4-7) 5
TOTAL FM JUL 1 0 CLOUDY (SCALE 8-10) 0
DPTR FM NORMAL -4
[CDD (BASE 65) ]
TOTAL THIS MO. 326
DPTR FM NORMAL 92 [PRESSURE DATA]
TOTAL FM JAN 1 505 HIGHEST SLP 30.23 ON 31
DPTR FM NORMAL 172 LOWEST SLP 29.65 ON 8
[REMARKS]
JULY 18...MISSING PEAK AND 2MIN WIND DATA.
#FINAL-07-21#