000
CXAK57 PAJK 021652
CLMAJK
NATIONAL WEATHER SERVICE JUNEAU AK
835 AM AKDT SUN APR 02 2023
...................................
...THE JUNEAU CLIMATE SUMMARY FOR THE MONTH OF MARCH 2023...
CLIMATE NORMAL PERIOD: 1991 TO 2020
CLIMATE RECORD PERIOD: 1936 TO 2023
WEATHER OBSERVED NORMAL DEPART LAST YEAR`S
VALUE DATE(S) VALUE FROM VALUE DATE(S)
NORMAL
................................................................
TEMPERATURE (F)
RECORD
HIGH 61 03/21/1998
LOW -15 03/07/1972
HIGHEST 48 03/18 49 -1
LOWEST 5 03/06 13 -8
AVG. MAXIMUM 37.5 39.2 -1.7
AVG. MINIMUM 23.8 26.6 -2.8
MEAN 30.7 32.9 -2.2
DAYS MAX >= 90 0 0.0 0.0
DAYS MAX <= 32 9 4.5 4.5
DAYS MIN <= 32 24 22.1 1.9
DAYS MIN <= 0 0 0.1 -0.1
PRECIPITATION (INCHES)
RECORD
MAXIMUM 6.50 1994
MINIMUM 0.45 2020
TOTALS 3.38 3.67 -0.29
DAILY AVG. 0.11 0.12 -0.01
DAYS >= .01 14 17.8 -3.8
DAYS >= .10 6 10.9 -4.9
DAYS >= .50 3 1.7 1.3
DAYS >= 1.00 0 0.2 -0.2
GREATEST
24 HR. TOTAL 0.90 03/01 TO 03/01
SNOWFALL (INCHES)
RECORDS
TOTAL 62.7 2007
SNOW DEPTH 40 03/10/1972
TOTALS 13.6 12.4 1.2 5.2
SINCE 7/1 80.8 86.4 -5.6 113.4
DAYS >= TRACE 6 7.5 -1.5 11
DAYS >= 1.0 2 3.5 -1.5 2
GREATEST
SNOW DEPTH 12 03/01 3 03/15
03/02
DEGREE DAYS
HEATING TOTAL 1058 995 63
SINCE 7/1 6556 6800 -244
COOLING TOTAL 0 0 0
SINCE 1/1 0 0 0
FREEZE DATES
EARLIEST 10/23
LATEST 05/09
................................................................
WIND (MPH)
AVERAGE WIND SPEED 8.9
HIGHEST WIND SPEED/DIRECTION 45/110 DATE 03/01
HIGHEST GUST SPEED/DIRECTION 57/110 DATE 03/01
WEATHER CONDITIONS. NUMBER OF DAYS WITH
THUNDERSTORM 0 MIXED PRECIP 0
HEAVY RAIN 0 RAIN 2
LIGHT RAIN 13 FREEZING RAIN 0
LT FREEZING RAIN 0 HAIL 0
HEAVY SNOW 1 SNOW 1
LIGHT SNOW 6 SLEET 0
FOG 11 FOG W/VIS <= 1/4 MILE 3
HAZE 0
- INDICATES NEGATIVE NUMBERS.
R INDICATES RECORD WAS SET OR TIED.
MM INDICATES DATA IS MISSING.
T INDICATES TRACE AMOUNT.
$$
...BELOW NORMAL TEMPERATURES AND PRECIPITATION ACROSS SOUTHEAST
ALASKA IN MARCH...
March and the climatological started out with a bang and a major
snow event at the beginning of the month. More than 10 inches of
snow fell at the Juneau Airport on March 1st. In Petersburg, 9
inches fell on the first and another 4 inches fell on the second. In
Haines, over 8 inches fell on the first of the month and a whopping
20.6 inches fell on the second day of the month. In Gustavus, 6.3
inches fell on the first and 8.6 inches fell on the second. More
snow fell on the 15th and 16th, with Haines receiving another 15.5
inches and lesser amounts elsewhere. Very little snow fell across
Southeast Alaska after the middle of the month with monthly snow
totals at or slightly above normal. The exception, of course, was
Haines, which recorded over 21 inches above normal for the month.
While snowfall was at or above normal for the month, precipitation
turned out to be below normal across the Panhandle and Northeast
Gulf Coast. Average temperatures were also below normal across the
region, ranging from 1 to 3.5 degrees below normal, and this
accounted for above normal snowfall in spite of below normal precip.
Daily highs and lows were not dramatically below normal on any given
day, but one record low temperature was set when the temperature
fell to +7 degrees on the 13th of the month in Juneau. Yet, this was
not the coldest night of the month; the temperature fell to +5
degrees at the Juneau airport and -1 at the forecast office in the
Mendenhall Valley on March 6th. Yakutat recorded a very cold +1
degree overnight low on the 5th of March. Other notable lows
included Haines at -2 on the night of the 6th, Gustavus at -4 on the
1st, and Haines Customs at -16 on the 13th. No record highs were set
during the month.
Fritsch
$$