000
CXAK56 PAFC 011338
CF6AKN
PRELIMINARY LOCAL CLIMATOLOGICAL DATA (WS FORM: F-6)
STATION: KING SALMON
MONTH: FEBRUARY
YEAR: 2024
LATITUDE: 58 41 N
LONGITUDE: 156 39 W
TEMPERATURE IN F: :PCPN: SNOW: WIND :SUNSHINE: SKY :PK WND
================================================================================
1 2 3 4 5 6A 6B 7 8 9 10 11 12 13 14 15 16 17 18
12Z AVG MX 2MIN
DY MAX MIN AVG DEP HDD CDD WTR SNW DPTH SPD SPD DIR MIN PSBL S-S WX SPD DR
================================================================================
1 18 -8 5 -15 60 0 0.04 M M 8.5 16 10 M M 5 18 20 360
2 5 -7 -1 -21 66 0 0.00 M M 12.0 21 10 M M 6 28 360
3 37 3 20 -1 45 0 0.26 M M 10.9 23 170 M M 9 1 30 80
4 37 29 33 12 32 0 0.03 M M 9.6 17 100 M M 8 1 24 90
5 38 28 33 12 32 0 0.11 M M 10.2 18 90 M M 7 1 26 100
6 45 30 38 17 27 0 0.22 M M 13.6 36 150 M M 5 1 47 150
7 39 29 34 12 31 0 T M M 14.4 38 160 M M 2 18 47 160
8 40 25 33 11 32 0 0.01 M M 17.6 40 90 M M 4 58 80
9 43 34 39 17 26 0 0.12 M M 18.7 40 90 M M 10 1 65 90
10 35 29 32 10 33 0 0.14 M M 16.4 32 220 M M 9 1 47 210
11 30 24 27 5 38 0 0.00 M M 5.3 10 80 M M 1 M M
12 42 25 34 12 31 0 0.00 M M 18.2 32 130 M M 2 48 130
13 43 30 37 15 28 0 0.01 M M 13.8 23 130 M M 8 1 32 130
14 40 28 34 11 31 0 0.00 M M 1.0 15 90 M M 6 22 80
15 42 37 40 17 25 0 T M M 16.5 32 90 M M 10 50 100
16 44 41 43 20 22 0 0.00 M M 27.3 37 100 M M 5 57 110
17 44 37 41 18 24 0 0.01 M M 12.3 31 90 M M 9 45 90
18 39 34 37 14 28 0 0.13 M M 2.3 9 120 M M 10 1 12 130
19 40 34 37 14 28 0 0.72 M M 12.9 33 170 M M 10 18 43 170
20 35 23 29 6 36 0 M M M 8.5 18 280 M M 7 12 25 300
21 39 26 33 10 32 0 T M M 11.3 41 150 M M 7 18 55 160
22 36 25 31 8 34 0 0.02 M M 13.4 23 200 M M 8 18 36 170
23 37 23 30 7 35 0 0.05 M M 8.2 15 200 M M 8 1 23 200
24 32 16 24 1 41 0 0.00 M M 11.3 26 270 M M 3 34 270
25 30 6 18 -5 47 0 T M M 5.2 14 90 M M 5 19 90
26 37 27 32 9 33 0 0.57 M M 14.1 29 170 M M 10 128 38 190
27 32 8 20 -3 45 0 0.16 M M 18.3 32 350 M M 6 189 41 350
28 16 3 10 -12 55 0 0.00 M M 15.0 25 330 M M 0 35 330
29 8 -1 4 -18 61 0 0.00 M M 17.1 25 330 M M 0 38 330
================================================================================
SM 1003 638 1058 0 2.60 M 363.9 M 180
================================================================================
AV 34.6 22.0 12.5 FASTST M M 6 MAX(MPH)
MISC ----> 41 150 65 90
================================================================================
NOTES:
# LAST OF SEVERAL OCCURRENCES
COLUMN 17 PEAK WIND IN M.P.H.
PRELIMINARY LOCAL CLIMATOLOGICAL DATA (WS FORM: F-6) , PAGE 2
STATION: KING SALMON
MONTH: FEBRUARY
YEAR: 2024
LATITUDE: 58 41 N
LONGITUDE: 156 39 W
[TEMPERATURE DATA] [PRECIPITATION DATA] SYMBOLS USED IN COLUMN 16
AVERAGE MONTHLY: 28.3 TOTAL FOR MONTH: 2.60 1 = FOG OR MIST
DPTR FM NORMAL: 6.2 DPTR FM NORMAL: 1.69 2 = FOG REDUCING VISIBILITY
HIGHEST: 45 ON 6 GRTST 24HR 0.72 ON 19-19 TO 1/4 MILE OR LESS
LOWEST: -8 ON 1 3 = THUNDER
SNOW, ICE PELLETS, HAIL 4 = ICE PELLETS
TOTAL MONTH: M 5 = HAIL
GRTST 24HR M ON M 6 = FREEZING RAIN OR DRIZZLE
GRTST DEPTH: M ON M 7 = DUSTSTORM OR SANDSTORM:
VSBY 1/2 MILE OR LESS
8 = SMOKE OR HAZE
[NO. OF DAYS WITH] [WEATHER - DAYS WITH] 9 = BLOWING SNOW
X = TORNADO
MAX 32 OR BELOW: 8 0.01 INCH OR MORE: 16
MAX 90 OR ABOVE: 0 0.10 INCH OR MORE: 9
MIN 32 OR BELOW: 23 0.50 INCH OR MORE: 2
MIN 0 OR BELOW: 3 1.00 INCH OR MORE: 0
[HDD (BASE 65) ]
TOTAL THIS MO. 1058 CLEAR (SCALE 0-3) 6
DPTR FM NORMAL -143 PTCLDY (SCALE 4-7) 15
TOTAL FM JUL 1 7050 CLOUDY (SCALE 8-10) 8
DPTR FM NORMAL -294
[CDD (BASE 65) ]
TOTAL THIS MO. 0
DPTR FM NORMAL 0 [PRESSURE DATA]
TOTAL FM JAN 1 0 HIGHEST SLP 30.31 ON 25
DPTR FM NORMAL 0 LOWEST SLP 28.86 ON 20
[REMARKS]
#FINAL-02-24#