000
CXUS54 KCRP 011310
CF6ALI
PRELIMINARY LOCAL CLIMATOLOGICAL DATA (WS FORM: F-6)
STATION: ALICE
MONTH: JANUARY
YEAR: 2022
LATITUDE: 27 44 N
LONGITUDE: 98 1 W
TEMPERATURE IN F: :PCPN: SNOW: WIND :SUNSHINE: SKY :PK WND
================================================================================
1 2 3 4 5 6A 6B 7 8 9 10 11 12 13 14 15 16 17 18
12Z AVG MX 2MIN
DY MAX MIN AVG DEP HDD CDD WTR SNW DPTH SPD SPD DIR MIN PSBL S-S WX SPD DR
================================================================================
1 95 64 80 23 0 15 0.00 0.0 M 11.0 18 180 M M 3 8 28 180
2 68 33 51 -6 14 0 0.00 0.0 0 17.1 32 340 M M 1 1 41 340
3 59 24 42 -15 23 0 0.00 0.0 M 4.3 9 120 M M 0 12 140
4 75 33 54 -2 11 0 0.00 0.0 0 6.4 17 190 M M 0 23 170
5 84 40 62 6 3 0 0.00 0.0 M 3.9 10 180 M M 2 12 13 220
6 86 48 67 11 0 2 0.00 0.0 M 8.7 23 30 M M 4 12 29 20
7 50 42 46 -10 19 0 T M M 10.3 20 30 M M 10 1 25 40
8 69 47 58 2 7 0 0.00 0.0 0 4.6 16 200 M M 9 1 21 190
9 82 54 68 12 0 3 T 0.0 0 10.0 29 10 M M 9 18 34 10
10 66 46 56 0 9 0 0.00 0.0 0 13.0 22 360 M M 4 28 360
11 65 39 52 -4 13 0 0.00 0.0 M 6.5 12 20 M M 5 15 30
12 64 47 56 0 9 0 0.00 0.0 M 4.4 13 20 M M 9 1 14 20
13 79 46 63 7 2 0 0.00 0.0 M 4.4 12 320 M M 1 15 310
14 82 43 63 6 2 0 0.00 0.0 0 8.1 17 130 M M 4 12 21 180
15 66 44 55 -2 10 0 0.00 0.0 0 16.8 33 330 M M 2 12 41 350
16 68 36 52 -5 13 0 0.00 0.0 0 8.2 17 340 M M 0 22 360
17 77 27 52 -5 13 0 0.00 0.0 0 7.4 18 130 M M 0 23 140
18 82 37 60 3 5 0 0.00 0.0 0 8.6 22 160 M M 1 12 28 180
19 88 59 74 17 0 9 0.00 0.0 0 9.1 24 210 M M 4 12 32 220
20 64 35 50 -7 15 0 0.01 0.0 0 18.4 29 10 M M 9 36 10
21 54 30 42 -15 23 0 T 0.0 M 9.2 17 360 M M 7 21 350
22 55 34 45 -12 20 0 0.00 0.0 M 9.0 22 30 M M 10 28 30
23 60 50 55 -2 10 0 0.00 0.0 0 6.2 10 30 M M 10 14 40
24 54 46 50 -8 15 0 0.27 0.0 0 9.7 13 20 M M 10 18 M M
25 59 49 54 -4 11 0 0.00 0.0 0 8.4 12 50 M M 9 1 M M
26 65 49 57 -1 8 0 0.00 0.0 0 8.7 17 60 M M 9 21 80
27 65 50 58 0 7 0 0.01 0.0 0 7.8 12 70 M M 10 1 15 60
28 60 38 49 -9 16 0 0.25 0.0 M 10.4 24 30 M M 6 1 32 30
29 67 31 49 -9 16 0 0.00 0.0 M 4.2 12 210 M M 0 16 180
30 72 37 55 -3 10 0 T 0.0 M 8.1 18 160 M M 5 23 160
31 78 57 68 9 0 3 0.14 0.0 0 7.6 16 20 M M 7 1 19 20
================================================================================
SM 2158 1315 304 32 0.68 0.0 270.5 M 160
================================================================================
AV 69.6 42.4 8.7 FASTST M M 5 MAX(MPH)
MISC ----> 33 330 # 41 340
================================================================================
NOTES:
# LAST OF SEVERAL OCCURRENCES
COLUMN 17 PEAK WIND IN M.P.H.
PRELIMINARY LOCAL CLIMATOLOGICAL DATA (WS FORM: F-6) , PAGE 2
STATION: ALICE
MONTH: JANUARY
YEAR: 2022
LATITUDE: 27 44 N
LONGITUDE: 98 1 W
[TEMPERATURE DATA] [PRECIPITATION DATA] SYMBOLS USED IN COLUMN 16
AVERAGE MONTHLY: 56.0 TOTAL FOR MONTH: 0.68 1 = FOG OR MIST
DPTR FM NORMAL: -1.0 DPTR FM NORMAL: -0.51 2 = FOG REDUCING VISIBILITY
HIGHEST: 95 ON 1 GRTST 24HR 0.27 ON 24-24 TO 1/4 MILE OR LESS
LOWEST: 24 ON 3 3 = THUNDER
SNOW, ICE PELLETS, HAIL 4 = ICE PELLETS
TOTAL MONTH: 0.0 INCH 5 = HAIL
GRTST 24HR 0.0 6 = FREEZING RAIN OR DRIZZLE
GRTST DEPTH: 0 7 = DUSTSTORM OR SANDSTORM:
VSBY 1/2 MILE OR LESS
8 = SMOKE OR HAZE
[NO. OF DAYS WITH] [WEATHER - DAYS WITH] 9 = BLOWING SNOW
X = TORNADO
MAX 32 OR BELOW: 0 0.01 INCH OR MORE: 5
MAX 90 OR ABOVE: 1 0.10 INCH OR MORE: 3
MIN 32 OR BELOW: 4 0.50 INCH OR MORE: 0
MIN 0 OR BELOW: 0 1.00 INCH OR MORE: 0
[HDD (BASE 65) ]
TOTAL THIS MO. 304 CLEAR (SCALE 0-3) 10
DPTR FM NORMAL 25 PTCLDY (SCALE 4-7) 10
TOTAL FM JUL 1 423 CLOUDY (SCALE 8-10) 11
DPTR FM NORMAL -209
[CDD (BASE 65) ]
TOTAL THIS MO. 32
DPTR FM NORMAL -1 [PRESSURE DATA]
TOTAL FM JAN 1 32 HIGHEST SLP M ON M
DPTR FM NORMAL -1 LOWEST SLP 29.72 ON 2
[REMARKS]
#FINAL-01-22#