000
CXUS54 KEPZ 011130
CF6ALM
PRELIMINARY LOCAL CLIMATOLOGICAL DATA (WS FORM: F-6)
STATION: ALAMOGORDO
MONTH: JANUARY
YEAR: 2021
LATITUDE: 32 49 N
LONGITUDE: 106 0 W
TEMPERATURE IN F: :PCPN: SNOW: WIND :SUNSHINE: SKY :PK WND
================================================================================
1 2 3 4 5 6A 6B 7 8 9 10 11 12 13 14 15 16 17 18
12Z AVG MX 2MIN
DY MAX MIN AVG DEP HDD CDD WTR SNW DPTH SPD SPD DIR MIN PSBL S-S WX SPD DR
================================================================================
1 46 18 32 M 33 0 0.00 M M 3.4 8 60 M M 0 M M
2 50 16 33 M 32 0 0.00 M M 3.6 10 350 M M 0 M M
3 55 18 37 M 28 0 0.00 M M 4.9 9 20 M M 0 M M
4 59 25 42 M 23 0 0.00 M M 6.4 16 360 M M 0 17 360
5 63 27 45 M 20 0 0.00 M M 6.9 15 10 M M 0 M M
6 55 28 42 M 23 0 0.00 M M 9.6 14 350 M M 0 21 20
7 57 19 38 M 27 0 0.00 M M 4.2 8 40 M M 0 M M
8 59 25 42 M 23 0 0.00 M M 4.6 9 180 M M 0 M M
9 57 30 44 M 21 0 0.00 M M 8.9 23 160 M M 0 31 180
10 45 23 34 M 31 0 0.00 M M 5.8 12 150 M M 7 M M
11 41 16 29 M 36 0 0.00 M M 4.4 7 340 M M 0 M M
12 50 14 32 M 33 0 0.00 M M 5.3 9 310 M M 0 M M
13 59 19 39 M 26 0 0.00 M M 5.1 14 320 M M 0 23 320
14 63 36 50 M 15 0 0.00 M M 10.9 17 360 M M 0 23 360
15 63 34 49 M 16 0 0.00 M M 13.7 21 30 M M 0 26 20
16 63 27 45 M 20 0 0.00 M M 7.7 20 10 M M 0 27 10
17 63 25 44 M 21 0 0.00 M M 4.4 9 280 M M 0 M M
18 68 27 48 M 17 0 0.00 M M 6.5 15 170 M M 2 M M
19 54 41 48 M 17 0 0.00 M M 8.2 15 360 M M 1 20 360
20 50 37 44 M 21 0 0.00 M M 4.2 9 330 M M 8 M M
21 54 36 45 M 20 0 0.00 M M 5.0 12 150 M M 5 M M
22 59 36 48 M 17 0 0.00 M M 5.6 10 160 M M 4 12 M M
23 63 39 51 M 14 0 0.00 M M 9.7 16 220 M M 1 21 210
24 64 32 48 M 17 0 0.00 M M 9.7 18 230 M M 3 35 230
25 48 32 40 M 25 0 0.00 M M 8.4 15 260 M M 4 24 180
26 45 27 36 M 29 0 0.01 M M 13.3 24 270 M M 5 31 270
27 50 19 35 M 30 0 0.00 M M 5.3 10 40 M M 0 M M
28 57 27 42 M 23 0 0.00 M M 3.4 7 40 M M 0 M M
29 59 32 46 M 19 0 0.00 M M 7.0 16 170 M M 4 21 170
30 57 34 46 M 19 0 0.00 M M 13.3 28 320 M M 1 37 320
31 59 23 41 M 24 0 0.00 M M 6.3 13 340 M M 0 M M
================================================================================
SM 1735 842 720 0 0.01 M 215.7 M 45
================================================================================
AV 56.0 27.2 7.0 FASTST M M 1 MAX(MPH)
MISC ----> 28 320 37 320
================================================================================
NOTES:
# LAST OF SEVERAL OCCURRENCES
COLUMN 17 PEAK WIND IN M.P.H.
PRELIMINARY LOCAL CLIMATOLOGICAL DATA (WS FORM: F-6) , PAGE 2
STATION: ALAMOGORDO
MONTH: JANUARY
YEAR: 2021
LATITUDE: 32 49 N
LONGITUDE: 106 0 W
[TEMPERATURE DATA] [PRECIPITATION DATA] SYMBOLS USED IN COLUMN 16
AVERAGE MONTHLY: 41.6 TOTAL FOR MONTH: 0.01 1 = FOG OR MIST
DPTR FM NORMAL: 0.0 DPTR FM NORMAL: M 2 = FOG REDUCING VISIBILITY
HIGHEST: 68 ON 18 GRTST 24HR 0.01 ON 24-24 TO 1/4 MILE OR LESS
LOWEST: 14 ON 12 3 = THUNDER
SNOW, ICE PELLETS, HAIL 4 = ICE PELLETS
TOTAL MONTH: M 5 = HAIL
GRTST 24HR M ON M 6 = FREEZING RAIN OR DRIZZLE
GRTST DEPTH: M ON M 7 = DUSTSTORM OR SANDSTORM:
VSBY 1/2 MILE OR LESS
8 = SMOKE OR HAZE
[NO. OF DAYS WITH] [WEATHER - DAYS WITH] 9 = BLOWING SNOW
X = TORNADO
MAX 32 OR BELOW: 0 0.01 INCH OR MORE: 1
MAX 90 OR ABOVE: 0 0.10 INCH OR MORE: 0
MIN 32 OR BELOW: 23 0.50 INCH OR MORE: 0
MIN 0 OR BELOW: 0 1.00 INCH OR MORE: 0
[HDD (BASE 65) ]
TOTAL THIS MO. 720 CLEAR (SCALE 0-3) 24
DPTR FM NORMAL M PTCLDY (SCALE 4-7) 7
TOTAL FM JUL 1 1966 CLOUDY (SCALE 8-10) 0
DPTR FM NORMAL M
[CDD (BASE 65) ]
TOTAL THIS MO. 0
DPTR FM NORMAL M [PRESSURE DATA]
TOTAL FM JAN 1 0 HIGHEST SLP M ON M
DPTR FM NORMAL M LOWEST SLP M ON M
[REMARKS]
#FINAL-01-21#