000
CXUS53 KDMX 021104
CF6ALO
PRELIMINARY LOCAL CLIMATOLOGICAL DATA (WS FORM: F-6)
STATION: WATERLOO IA
MONTH: MARCH
YEAR: 2023
LATITUDE: 42 32 N
LONGITUDE: 92 24 W
TEMPERATURE IN F: :PCPN: SNOW: WIND :SUNSHINE: SKY :PK WND
================================================================================
1 2 3 4 5 6A 6B 7 8 9 10 11 12 13 14 15 16 17 18
12Z AVG MX 2MIN
DY MAX MIN AVG DEP HDD CDD WTR SNW DPTH SPD SPD DIR MIN PSBL S-S WX SPD DR
================================================================================
1 50 32 41 11 24 0 0.00 0.0 0 13.8 32 260 M M 7 18 41 260
2 38 27 33 3 32 0 0.00 0.0 0 7.8 21 320 M M 7 27 320
3 48 27 38 7 27 0 0.00 0.0 0 6.9 14 40 M M 0 18 18 60
4 49 24 37 6 28 0 0.00 0.0 0 4.2 16 320 M M 4 128 21 310
5 46 22 34 2 31 0 0.10 0.0 0 11.6 32 320 M M 5 138 46 310
6 41 33 37 5 28 0 0.00 0.0 0 12.1 22 340 M M 9 12 30 330
7 46 29 38 5 27 0 0.00 0.0 0 12.7 22 100 M M 6 32 120
8 41 33 37 4 28 0 T T 0 13.6 22 140 M M 9 8 30 140
9 38 31 35 1 30 0 0.43 4.1 0 11.5 22 100 M M 10 12 28 100
10 34 19 27 -7 38 0 0.00 0.0 4 8.7 17 340 M M 8 21 350
11 34 31 33 -1 32 0 0.09 0.9 3 12.0 22 120 M M 10 16 30 120
12 34 26 30 -5 35 0 T T 3 13.9 24 300 M M 9 1 33 300
13 32 20 26 -9 39 0 0.00 0.0 3 14.3 23 330 M M 9 31 300
14 34 11 23 -13 42 0 0.00 0.0 2 7.4 17 140 M M 1 18 21 150
15 54 31 43 7 22 0 0.00 0.0 1 15.7 25 150 M M 1 37 160
16 47 24 36 -1 29 0 0.36 0.6 0 16.4 35 330 M M 10 1 46 320
17 26 9 18 -19 47 0 T T 1 23.0 33 310 M M 7 8 45 310
18 28 9 19 -19 46 0 T T T 18.8 26 300 M M 7 8 37 300
19 43 11 27 -11 38 0 0.00 0.0 0 13.1 22 210 M M 0 30 240
20 54 31 43 4 22 0 0.00 0.0 0 10.2 22 220 M M 1 30 210
21 60 30 45 6 20 0 0.00 0.0 0 11.4 23 160 M M 4 8 32 160
22 52 33 43 3 22 0 0.00 0.0 0 10.4 18 350 M M 7 128 23 330
23 42 24 33 -7 32 0 0.08 0.4 T 9.3 20 320 M M 6 13 26 310
24 52 24 38 -2 27 0 0.00 0.0 0 7.5 16 90 M M 0 23 110
25 53 30 42 1 23 0 0.00 0.0 0 9.5 18 320 M M 3 30 310
26 41 25 33 -8 32 0 0.30 2.7 0 5.4 14 350 M M 6 128 17 350
27 51 18 35 -7 30 0 0.00 0.0 1 7.7 14 320 M M 0 19 250
28 45 25 35 -7 30 0 0.00 0.0 0 9.1 20 270 M M 0 26 250
29 40 23 32 -10 33 0 0.00 0.0 0 9.6 21 340 M M 4 27 320
30 62 24 43 0 22 0 0.02 0.0 0 13.5 25 110 M M 7 3 36 100
31 77 35 56 13 9 0 0.32 0.0 0 17.8 40 250 M M 8 138 52 230
================================================================================
SM 1392 771 925 0 1.70 8.7 358.9 M 165
================================================================================
AV 44.9 24.9 11.6 FASTST M M 5 MAX(MPH)
MISC ----> 40 250 52 230
================================================================================
NOTES:
# LAST OF SEVERAL OCCURRENCES
COLUMN 17 PEAK WIND IN M.P.H.
PRELIMINARY LOCAL CLIMATOLOGICAL DATA (WS FORM: F-6) , PAGE 2
STATION: WATERLOO IA
MONTH: MARCH
YEAR: 2023
LATITUDE: 42 32 N
LONGITUDE: 92 24 W
[TEMPERATURE DATA] [PRECIPITATION DATA] SYMBOLS USED IN COLUMN 16
AVERAGE MONTHLY: 34.9 TOTAL FOR MONTH: 1.70 1 = FOG OR MIST
DPTR FM NORMAL: -1.8 DPTR FM NORMAL: -0.28 2 = FOG REDUCING VISIBILITY
HIGHEST: 77 ON 31 GRTST 24HR 0.43 ON 9- 9 TO 1/4 MILE OR LESS
LOWEST: 9 ON 18,17 3 = THUNDER
SNOW, ICE PELLETS, HAIL 4 = ICE PELLETS
TOTAL MONTH: 8.7 INCHES 5 = HAIL
GRTST 24HR 4.1 ON 9- 9 6 = FREEZING RAIN OR DRIZZLE
GRTST DEPTH: 4 ON 10 7 = DUSTSTORM OR SANDSTORM:
VSBY 1/2 MILE OR LESS
8 = SMOKE OR HAZE
[NO. OF DAYS WITH] [WEATHER - DAYS WITH] 9 = BLOWING SNOW
X = TORNADO
MAX 32 OR BELOW: 3 0.01 INCH OR MORE: 8
MAX 90 OR ABOVE: 0 0.10 INCH OR MORE: 5
MIN 32 OR BELOW: 27 0.50 INCH OR MORE: 0
MIN 0 OR BELOW: 0 1.00 INCH OR MORE: 0
[HDD (BASE 65) ]
TOTAL THIS MO. 925 CLEAR (SCALE 0-3) 9
DPTR FM NORMAL 46 PTCLDY (SCALE 4-7) 15
TOTAL FM JUL 1 5976 CLOUDY (SCALE 8-10) 7
DPTR FM NORMAL -72
[CDD (BASE 65) ]
TOTAL THIS MO. 0
DPTR FM NORMAL -1 [PRESSURE DATA]
TOTAL FM JAN 1 0 HIGHEST SLP 30.47 ON 7
DPTR FM NORMAL -1 LOWEST SLP 29.07 ON 31
[REMARKS]
#FINAL-03-23#