000
CXUS53 KDMX 010910
CF6ALO
PRELIMINARY LOCAL CLIMATOLOGICAL DATA (WS FORM: F-6)
STATION: WATERLOO IA
MONTH: NOVEMBER
YEAR: 2022
LATITUDE: 42 32 N
LONGITUDE: 92 24 W
TEMPERATURE IN F: :PCPN: SNOW: WIND :SUNSHINE: SKY :PK WND
================================================================================
1 2 3 4 5 6A 6B 7 8 9 10 11 12 13 14 15 16 17 18
12Z AVG MX 2MIN
DY MAX MIN AVG DEP HDD CDD WTR SNW DPTH SPD SPD DIR MIN PSBL S-S WX SPD DR
================================================================================
1 76 32 54 10 11 0 0.00 0.0 0 9.2 20 170 M M 0 27 170
2 76 47 62 18 3 0 0.00 0.0 0 12.4 26 170 M M 0 35 170
3 73 53 63 20 2 0 0.00 0.0 0 14.6 24 190 M M 4 35 170
4 67 43 55 12 10 0 1.16 0.0 0 10.7 25 280 M M 10 1 33 270
5 47 41 44 2 21 0 1.09 0.0 0 12.3 28 320 M M 7 1 35 320
6 57 36 47 5 18 0 0.00 0.0 0 12.5 30 300 M M 1 40 290
7 49 28 39 -2 26 0 0.00 0.0 0 7.3 13 40 M M 0 18 310
8 57 30 44 3 21 0 0.00 0.0 0 15.1 25 130 M M 5 34 140
9 72 53 63 23 2 0 0.00 0.0 0 13.7 26 190 M M 8 37 190
10 70 30 50 10 15 0 0.03 0.0 0 16.5 29 260 M M 7 1 38 260
11 31 22 27 -12 38 0 0.00 0.0 0 17.5 25 300 M M 8 34 310
12 31 22 27 -12 38 0 0.03 1.0 0 12.6 20 320 M M 10 1 25 330
13 33 20 27 -11 38 0 0.00 0.0 0 5.1 10 320 M M 5 13 220
14 40 22 31 -7 34 0 0.00 0.0 0 9.8 22 160 M M 10 27 160
15 34 29 32 -6 33 0 0.24 3.5 1 5.4 13 300 M M 10 1 18 310
16 30 24 27 -10 38 0 0.02 0.1 1 11.5 17 290 M M 10 18 24 300
17 33 21 27 -10 38 0 T T 1 14.2 25 300 M M 9 18 33 320
18 23 16 20 -16 45 0 T T 1 15.0 25 320 M M 8 33 310
19 25 9 17 -19 48 0 T T 1 16.3 32 310 M M 5 44 310
20 41 11 26 -9 39 0 0.00 0.0 1 11.4 23 210 M M 0 31 200
21 41 19 30 -5 35 0 0.00 0.0 T 8.3 17 300 M M 0 23 230
22 52 16 34 0 31 0 0.00 0.0 0 3.1 14 210 M M 0 8 19 210
23 57 19 38 4 27 0 0.00 0.0 0 5.8 17 160 M M 0 22 160
24 53 27 40 6 25 0 0.00 0.0 0 6.7 20 310 M M 5 1 25 330
25 52 22 37 4 28 0 0.00 0.0 0 6.5 14 230 M M 0 1 18 220
26 56 30 43 10 22 0 0.00 0.0 0 9.4 24 220 M M 0 31 220
27 47 21 34 2 31 0 T 0.0 0 11.3 21 330 M M 3 29 360
28 49 14 32 0 33 0 0.00 0.0 0 6.8 21 160 M M 0 33 170
29 42 21 32 1 33 0 0.02 0.1 0 14.5 32 320 M M 7 16 45 320
30 24 13 19 -12 46 0 0.00 0.0 0 16.6 28 270 M M 3 39 280
================================================================================
SM 1438 791 829 0 2.59 4.7 332.1 M 135
================================================================================
AV 47.9 26.4 11.1 FASTST M M 5 MAX(MPH)
MISC ----> # 32 310 45 320
================================================================================
NOTES:
# LAST OF SEVERAL OCCURRENCES
COLUMN 17 PEAK WIND IN M.P.H.
PRELIMINARY LOCAL CLIMATOLOGICAL DATA (WS FORM: F-6) , PAGE 2
STATION: WATERLOO IA
MONTH: NOVEMBER
YEAR: 2022
LATITUDE: 42 32 N
LONGITUDE: 92 24 W
[TEMPERATURE DATA] [PRECIPITATION DATA] SYMBOLS USED IN COLUMN 16
AVERAGE MONTHLY: 37.2 TOTAL FOR MONTH: 2.59 1 = FOG OR MIST
DPTR FM NORMAL: -0.2 DPTR FM NORMAL: 0.74 2 = FOG REDUCING VISIBILITY
HIGHEST: 76 ON 2, 1 GRTST 24HR 1.87 ON 4- 5 TO 1/4 MILE OR LESS
LOWEST: 9 ON 19 3 = THUNDER
SNOW, ICE PELLETS, HAIL 4 = ICE PELLETS
TOTAL MONTH: 4.7 INCHES 5 = HAIL
GRTST 24HR 3.5 ON 15-15 6 = FREEZING RAIN OR DRIZZLE
GRTST DEPTH: 1 ON 20,19 7 = DUSTSTORM OR SANDSTORM:
VSBY 1/2 MILE OR LESS
8 = SMOKE OR HAZE
[NO. OF DAYS WITH] [WEATHER - DAYS WITH] 9 = BLOWING SNOW
X = TORNADO
MAX 32 OR BELOW: 6 0.01 INCH OR MORE: 7
MAX 90 OR ABOVE: 0 0.10 INCH OR MORE: 3
MIN 32 OR BELOW: 24 0.50 INCH OR MORE: 2
MIN 0 OR BELOW: 0 1.00 INCH OR MORE: 2
[HDD (BASE 65) ]
TOTAL THIS MO. 829 CLEAR (SCALE 0-3) 13
DPTR FM NORMAL 1 PTCLDY (SCALE 4-7) 10
TOTAL FM JUL 1 1371 CLOUDY (SCALE 8-10) 7
DPTR FM NORMAL -7
[CDD (BASE 65) ]
TOTAL THIS MO. 0
DPTR FM NORMAL 0 [PRESSURE DATA]
TOTAL FM JAN 1 1023 HIGHEST SLP 30.60 ON 7
DPTR FM NORMAL 107 LOWEST SLP 29.25 ON 5
[REMARKS]
#FINAL-11-22#